CRAN Package Check Results for Package PottsUtils

Last updated on 2014-09-03 05:47:49.

Flavor Version Tinstall Tcheck Ttotal Status Flags
r-devel-linux-x86_64-debian-clang 0.3-2 1.02 13.78 14.80 NOTE
r-devel-linux-x86_64-debian-gcc 0.3-2 1.10 13.54 14.64 NOTE
r-devel-linux-x86_64-fedora-clang 0.3-2 34.59 NOTE
r-devel-linux-x86_64-fedora-gcc 0.3-2 34.23 NOTE
r-devel-osx-x86_64-clang 0.3-2 37.43 NOTE
r-devel-windows-ix86+x86_64 0.3-2 5.00 29.00 34.00 NOTE
r-patched-linux-x86_64 0.3-2 1.20 14.08 15.28 OK
r-patched-solaris-sparc 0.3-2 169.30 OK
r-patched-solaris-x86 0.3-2 52.10 OK
r-release-linux-ix86 0.3-2 1.70 22.59 24.29 OK
r-release-linux-x86_64 0.3-2 1.18 14.63 15.81 OK
r-release-osx-x86_64-mavericks 0.3-2 NOTE
r-release-osx-x86_64-snowleopard 0.3-2 OK
r-release-windows-ix86+x86_64 0.3-2 5.00 30.00 35.00 OK
r-oldrel-windows-ix86+x86_64 0.3-2 5.00 32.00 37.00 OK

Check Details

Version: 0.3-2
Check: compiled code
Result: NOTE
    File ‘/home/hornik/tmp/R.check/r-devel-clang/Work/build/Packages/PottsUtils/libs/PottsUtils.so’:
     Found ‘rand’, possibly from ‘rand’ (C)
     Object: ‘sw.o’
    
    Compiled code should not call entry points which might terminate R nor
    write to stdout/stderr instead of to the console, nor the C RNG.
    
    See ‘Writing portable packages’ in the ‘Writing R Extensions’ manual.
Flavor: r-devel-linux-x86_64-debian-clang

Version: 0.3-2
Check: compiled code
Result: NOTE
    File ‘/home/hornik/tmp/R.check/r-devel-gcc/Work/build/Packages/PottsUtils/libs/PottsUtils.so’:
     Found ‘rand’, possibly from ‘rand’ (C)
     Object: ‘sw.o’
    
    Compiled code should not call entry points which might terminate R nor
    write to stdout/stderr instead of to the console, nor the C RNG.
    
    See ‘Writing portable packages’ in the ‘Writing R Extensions’ manual.
Flavor: r-devel-linux-x86_64-debian-gcc

Version: 0.3-2
Check: compiled code
Result: NOTE
    File ‘/data/gannet/ripley/R/packages/tests-clang/PottsUtils.Rcheck/PottsUtils/libs/PottsUtils.so’:
     Found ‘rand’, possibly from ‘rand’ (C)
     Object: ‘sw.o’
    
    Compiled code should not call entry points which might terminate R nor
    write to stdout/stderr instead of to the console, nor the C RNG.
    
    See ‘Writing portable packages’ in the ‘Writing R Extensions’ manual.
Flavor: r-devel-linux-x86_64-fedora-clang

Version: 0.3-2
Check: compiled code
Result: NOTE
    File ‘/data/gannet/ripley/R/packages/tests-devel/PottsUtils.Rcheck/PottsUtils/libs/PottsUtils.so’:
     Found ‘rand’, possibly from ‘rand’ (C)
     Object: ‘sw.o’
    
    Compiled code should not call entry points which might terminate R nor
    write to stdout/stderr instead of to the console, nor the C RNG.
    
    See ‘Writing portable packages’ in the ‘Writing R Extensions’ manual.
Flavor: r-devel-linux-x86_64-fedora-gcc

Version: 0.3-2
Check: compiled code
Result: NOTE
    File ‘/Users/ripley/R/packages/tests-devel/PottsUtils.Rcheck/PottsUtils/libs/PottsUtils.so’:
     Found ‘_rand’, possibly from ‘rand’ (C)
     Object: ‘sw.o’
    
    Compiled code should not call entry points which might terminate R nor
    write to stdout/stderr instead of to the console, nor the C RNG.
    
    See ‘Writing portable packages’ in the ‘Writing R Extensions’ manual.
Flavor: r-devel-osx-x86_64-clang

Version: 0.3-2
Check: compiled code
Result: NOTE
    File 'd:/Rcompile/CRANpkg/lib/3.2/PottsUtils/libs/i386/PottsUtils.dll':
     Found 'rand', possibly from 'rand' (C)
     Object: 'sw.o'
    File 'd:/Rcompile/CRANpkg/lib/3.2/PottsUtils/libs/x64/PottsUtils.dll':
     Found 'rand', possibly from 'rand' (C)
     Object: 'sw.o'
    
    Compiled code should not call entry points which might terminate R nor
    write to stdout/stderr instead of to the console, nor the C RNG.
    
    See 'Writing portable packages' in the 'Writing R Extensions' manual.
Flavor: r-devel-windows-ix86+x86_64

Version: 0.3-2
Check: re-building of vignette outputs
Result: NOTE
    Error in re-building vignettes:
     ...
    Error in texi2dvi(file = file, pdf = TRUE, clean = clean, quiet = quiet, :
     Running 'texi2dvi' on 'Intro.tex' failed.
    LaTeX errors:
    ! LaTeX Error: File `fullpage.sty' not found.
    
    Type X to quit or <RETURN> to proceed,
    or enter new name. (Default extension: sty)
    
    ign_test/PottsUtils/vignettes/Intro.tex:3: ==> Fatal error occurred, no output
     PDF file produced!
    Calls: buildVignettes -> texi2pdf -> texi2dvi
    Execution halted
Flavor: r-release-osx-x86_64-mavericks