CRAN Package Check Results for Package PottsUtils

Last updated on 2015-08-31 07:47:39.

Flavor Version Tinstall Tcheck Ttotal Status Flags
r-devel-linux-x86_64-debian-clang 0.3-2 0.90 14.70 15.60 NOTE
r-devel-linux-x86_64-debian-gcc 0.3-2 0.88 14.19 15.07 NOTE
r-devel-linux-x86_64-fedora-clang 0.3-2 30.07 NOTE
r-devel-linux-x86_64-fedora-gcc 0.3-2 28.29 NOTE
r-devel-osx-x86_64-clang 0.3-2 31.14 NOTE
r-devel-windows-ix86+x86_64 0.3-2 8.00 33.00 41.00 NOTE
r-patched-linux-x86_64 0.3-2 1.00 14.66 15.66 NOTE
r-patched-solaris-sparc 0.3-2 174.70 NOTE
r-patched-solaris-x86 0.3-2 45.00 NOTE
r-release-linux-x86_64 0.3-2 0.98 14.68 15.65 NOTE
r-release-osx-x86_64-mavericks 0.3-2 NOTE
r-release-windows-ix86+x86_64 0.3-2 7.00 48.00 55.00 NOTE
r-oldrel-windows-ix86+x86_64 0.3-2 9.00 35.00 44.00 NOTE

Check Details

Version: 0.3-2
Check: R code for possible problems
Result: NOTE
    findBonds: no visible global function definition for ‘runif’
    rPotts1ParDecoup: no visible global function definition for ‘runif’
    Undefined global functions or variables:
     runif
    Consider adding
     importFrom("stats", "runif")
    to your NAMESPACE.
Flavors: r-devel-linux-x86_64-debian-clang, r-devel-linux-x86_64-debian-gcc, r-devel-linux-x86_64-fedora-clang, r-devel-linux-x86_64-fedora-gcc, r-devel-windows-ix86+x86_64

Version: 0.3-2
Check: compiled code
Result: NOTE
    File ‘PottsUtils/libs/PottsUtils.so’:
     Found ‘rand’, possibly from ‘rand’ (C)
     Object: ‘sw.o’
    
    Compiled code should not call entry points which might terminate R nor
    write to stdout/stderr instead of to the console, nor the system RNG.
    
    See ‘Writing portable packages’ in the ‘Writing R Extensions’ manual.
Flavors: r-devel-linux-x86_64-debian-clang, r-devel-linux-x86_64-debian-gcc, r-devel-linux-x86_64-fedora-clang, r-devel-linux-x86_64-fedora-gcc, r-patched-linux-x86_64, r-patched-solaris-sparc, r-patched-solaris-x86, r-release-linux-x86_64

Version: 0.3-2
Check: compiled code
Result: NOTE
    File ‘PottsUtils/libs/PottsUtils.so’:
     Found ‘_rand’, possibly from ‘rand’ (C)
     Object: ‘sw.o’
    
    Compiled code should not call entry points which might terminate R nor
    write to stdout/stderr instead of to the console, nor the system RNG.
    
    See ‘Writing portable packages’ in the ‘Writing R Extensions’ manual.
Flavors: r-devel-osx-x86_64-clang, r-release-osx-x86_64-mavericks

Version: 0.3-2
Check: compiled code
Result: NOTE
    File 'PottsUtils/libs/i386/PottsUtils.dll':
     Found 'rand', possibly from 'rand' (C)
     Object: 'sw.o'
    File 'PottsUtils/libs/x64/PottsUtils.dll':
     Found 'rand', possibly from 'rand' (C)
     Object: 'sw.o'
    
    Compiled code should not call entry points which might terminate R nor
    write to stdout/stderr instead of to the console, nor the system RNG.
    
    See 'Writing portable packages' in the 'Writing R Extensions' manual.
Flavors: r-devel-windows-ix86+x86_64, r-release-windows-ix86+x86_64, r-oldrel-windows-ix86+x86_64