CRAN Package Check Results for Package PottsUtils

Last updated on 2016-12-10 08:47:44.

Flavor Version Tinstall Tcheck Ttotal Status Flags
r-devel-linux-x86_64-debian-clang 0.3-2 3.62 42.55 46.17 NOTE
r-devel-linux-x86_64-debian-gcc 0.3-2 3.58 42.51 46.10 NOTE
r-devel-linux-x86_64-fedora-clang 0.3-2 110.12 NOTE --no-stop-on-test-error
r-devel-linux-x86_64-fedora-gcc 0.3-2 101.57 NOTE --no-stop-on-test-error
r-devel-windows-ix86+x86_64 0.3-2 12.00 93.00 105.00 NOTE
r-patched-linux-x86_64 0.3-2 3.26 38.20 41.46 NOTE
r-release-linux-x86_64 0.3-2 5.46 38.88 44.33 NOTE
r-release-osx-x86_64-mavericks 0.3-2 NOTE
r-release-windows-ix86+x86_64 0.3-2 11.00 128.00 139.00 NOTE
r-oldrel-windows-ix86+x86_64 0.3-2 17.00 92.00 109.00 NOTE

Check Details

Version: 0.3-2
Check: R code for possible problems
Result: NOTE
    findBonds: no visible global function definition for ‘runif’
    rPotts1ParDecoup: no visible global function definition for ‘runif’
    Undefined global functions or variables:
     runif
    Consider adding
     importFrom("stats", "runif")
    to your NAMESPACE file.
Flavors: r-devel-linux-x86_64-debian-clang, r-devel-linux-x86_64-debian-gcc, r-devel-windows-ix86+x86_64, r-patched-linux-x86_64, r-release-linux-x86_64, r-release-osx-x86_64-mavericks, r-release-windows-ix86+x86_64

Version: 0.3-2
Check: compiled code
Result: NOTE
    File ‘PottsUtils/libs/PottsUtils.so’:
     Found ‘rand’, possibly from ‘rand’ (C)
     Object: ‘sw.o’
    
    Compiled code should not call entry points which might terminate R nor
    write to stdout/stderr instead of to the console, nor the system RNG.
    
    See ‘Writing portable packages’ in the ‘Writing R Extensions’ manual.
Flavors: r-devel-linux-x86_64-debian-clang, r-devel-linux-x86_64-debian-gcc, r-patched-linux-x86_64, r-release-linux-x86_64

Version: 0.3-2
Flags: --no-stop-on-test-error
Check: R code for possible problems
Result: NOTE
    findBonds: no visible global function definition for ‘runif’
    rPotts1ParDecoup: no visible global function definition for ‘runif’
    Undefined global functions or variables:
     runif
    Consider adding
     importFrom("stats", "runif")
    to your NAMESPACE file.
Flavors: r-devel-linux-x86_64-fedora-clang, r-devel-linux-x86_64-fedora-gcc

Version: 0.3-2
Flags: --no-stop-on-test-error
Check: compiled code
Result: NOTE
    File ‘PottsUtils/libs/PottsUtils.so’:
     Found ‘rand’, possibly from ‘rand’ (C)
     Object: ‘sw.o’
    
    Compiled code should not call entry points which might terminate R nor
    write to stdout/stderr instead of to the console, nor the system RNG.
    
    See ‘Writing portable packages’ in the ‘Writing R Extensions’ manual.
Flavors: r-devel-linux-x86_64-fedora-clang, r-devel-linux-x86_64-fedora-gcc

Version: 0.3-2
Check: compiled code
Result: NOTE
    File ‘PottsUtils/libs/PottsUtils.so’:
     Found ‘_rand’, possibly from ‘rand’ (C)
     Object: ‘sw.o’
    
    Compiled code should not call entry points which might terminate R nor
    write to stdout/stderr instead of to the console, nor the system RNG.
    
    See ‘Writing portable packages’ in the ‘Writing R Extensions’ manual.
Flavor: r-release-osx-x86_64-mavericks

Version: 0.3-2
Check: compiled code
Result: NOTE
    File 'PottsUtils/libs/i386/PottsUtils.dll':
     Found 'rand', possibly from 'rand' (C)
     Object: 'sw.o'
    File 'PottsUtils/libs/x64/PottsUtils.dll':
     Found 'rand', possibly from 'rand' (C)
     Object: 'sw.o'
    
    Compiled code should not call entry points which might terminate R nor
    write to stdout/stderr instead of to the console, nor the system RNG.
    
    See 'Writing portable packages' in the 'Writing R Extensions' manual.
Flavor: r-oldrel-windows-ix86+x86_64