CRAN Package Check Results for Package PottsUtils

Last updated on 2014-04-24 03:47:51.

Flavor Version Tinstall Tcheck Ttotal Status Flags
r-devel-linux-x86_64-debian-clang 0.2-3 1.12 14.52 15.64 OK
r-devel-linux-x86_64-debian-gcc 0.2-3 1.11 14.49 15.60 OK
r-devel-linux-x86_64-fedora-clang 0.2-3 35.63 OK
r-devel-linux-x86_64-fedora-gcc 0.2-3 34.12 OK
r-devel-osx-x86_64-clang 0.2-3 38.52 OK
r-devel-osx-x86_64-gcc 0.2-3 OK
r-devel-windows-ix86+x86_64 0.2-3 5.00 29.00 34.00 OK
r-patched-linux-x86_64 0.2-3 1.14 14.72 15.86 OK
r-patched-solaris-sparc 0.2-3 190.20 OK
r-patched-solaris-x86 0.2-3 46.40 OK
r-release-linux-ix86 0.2-3 2.00 32.00 34.00 OK
r-release-linux-x86_64 0.2-3 1.12 14.59 15.71 OK
r-release-osx-x86_64-mavericks 0.2-3 NOTE
r-release-osx-x86_64-snowleopard 0.2-3 OK
r-release-windows-ix86+x86_64 0.2-3 5.00 32.00 37.00 OK
r-oldrel-windows-ix86+x86_64 0.2-3 5.00 33.00 38.00 OK

Check Details

Version: 0.2-3
Check: re-building of vignette outputs
Result: NOTE
    Error in re-building vignettes:
     ...
    Error in texi2dvi(file = file, pdf = TRUE, clean = clean, quiet = quiet, :
     Running 'texi2dvi' on 'Intro.tex' failed.
    LaTeX errors:
    ! LaTeX Error: File `fullpage.sty' not found.
    
    Type X to quit or <RETURN> to proceed,
    or enter new name. (Default extension: sty)
    
    ign_test/PottsUtils/vignettes/Intro.tex:3: ==> Fatal error occurred, no output
     PDF file produced!
    Calls: buildVignettes -> texi2pdf -> texi2dvi
    Execution halted
Flavor: r-release-osx-x86_64-mavericks