CRAN Package Check Results for Package PottsUtils

Last updated on 2017-10-21 22:46:52.

Flavor Version Tinstall Tcheck Ttotal Status Flags
r-devel-linux-x86_64-debian-clang 0.3-2 3.57 43.51 47.08 NOTE
r-devel-linux-x86_64-debian-gcc 0.3-2 3.75 48.61 52.36 NOTE
r-devel-linux-x86_64-fedora-clang 0.3-2 108.44 NOTE
r-devel-linux-x86_64-fedora-gcc 0.3-2 104.91 NOTE
r-devel-windows-ix86+x86_64 0.3-2 11.00 137.00 148.00 NOTE
r-patched-linux-x86_64 0.3-2 3.76 44.42 48.19 NOTE
r-release-linux-x86_64 0.3-2 3.47 44.54 48.01 NOTE
r-release-windows-ix86+x86_64 0.3-2 17.00 136.00 153.00 NOTE
r-release-osx-x86_64 0.3-2 ERROR
r-oldrel-windows-ix86+x86_64 0.3-2 11.00 127.00 138.00 NOTE
r-oldrel-osx-x86_64 0.3-2 NOTE

Check Details

Version: 0.3-2
Check: R code for possible problems
Result: NOTE
    findBonds: no visible global function definition for ‘runif’
    rPotts1ParDecoup: no visible global function definition for ‘runif’
    Undefined global functions or variables:
     runif
    Consider adding
     importFrom("stats", "runif")
    to your NAMESPACE file.
Flavors: r-devel-linux-x86_64-debian-clang, r-devel-linux-x86_64-debian-gcc, r-devel-linux-x86_64-fedora-clang, r-devel-linux-x86_64-fedora-gcc, r-devel-windows-ix86+x86_64, r-patched-linux-x86_64, r-release-linux-x86_64, r-release-windows-ix86+x86_64, r-oldrel-windows-ix86+x86_64, r-oldrel-osx-x86_64

Version: 0.3-2
Check: compiled code
Result: NOTE
    File ‘PottsUtils/libs/PottsUtils.so’:
     Found ‘rand’, possibly from ‘rand’ (C)
     Object: ‘sw.o’
    File ‘PottsUtils/libs/PottsUtils.so’:
     Found no calls to: ‘R_registerRoutines’, ‘R_useDynamicSymbols’
    
    Compiled code should not call entry points which might terminate R nor
    write to stdout/stderr instead of to the console, nor the system RNG.
    It is good practice to register native routines and to disable symbol
    search.
    
    See ‘Writing portable packages’ in the ‘Writing R Extensions’ manual.
Flavors: r-devel-linux-x86_64-debian-clang, r-devel-linux-x86_64-debian-gcc, r-devel-linux-x86_64-fedora-clang, r-devel-linux-x86_64-fedora-gcc, r-patched-linux-x86_64, r-release-linux-x86_64

Version: 0.3-2
Check: compiled code
Result: NOTE
    File 'PottsUtils/libs/i386/PottsUtils.dll':
     Found 'rand', possibly from 'rand' (C)
     Object: 'sw.o'
    File 'PottsUtils/libs/x64/PottsUtils.dll':
     Found 'rand', possibly from 'rand' (C)
     Object: 'sw.o'
    
    Compiled code should not call entry points which might terminate R nor
    write to stdout/stderr instead of to the console, nor the system RNG.
    
    See 'Writing portable packages' in the 'Writing R Extensions' manual.
Flavors: r-devel-windows-ix86+x86_64, r-release-windows-ix86+x86_64, r-oldrel-windows-ix86+x86_64

Version: 0.3-2
Check: package dependencies
Result: ERROR
    Package required but not available: ‘miscF’
    
    See section ‘The DESCRIPTION file’ in the ‘Writing R Extensions’
    manual.
Flavor: r-release-osx-x86_64

Version: 0.3-2
Check: compiled code
Result: NOTE
    File ‘PottsUtils/libs/PottsUtils.so’:
     Found ‘_rand’, possibly from ‘rand’ (C)
     Object: ‘sw.o’
    
    Compiled code should not call entry points which might terminate R nor
    write to stdout/stderr instead of to the console, nor the system RNG.
    
    See ‘Writing portable packages’ in the ‘Writing R Extensions’ manual.
Flavor: r-oldrel-osx-x86_64