CRAN Package Check Results for Package PowerTOST

Last updated on 2015-07-03 23:47:46.

Flavor Version Tinstall Tcheck Ttotal Status Flags
r-devel-linux-x86_64-debian-clang 1.2-07 3.31 24.22 27.54 NOTE
r-devel-linux-x86_64-debian-gcc 1.2-07 3.21 23.27 26.48 NOTE
r-devel-linux-x86_64-fedora-clang 1.2-07 53.00 NOTE
r-devel-linux-x86_64-fedora-gcc 1.2-07 51.45 NOTE
r-devel-osx-x86_64-clang 1.2-07 46.81 OK
r-devel-windows-ix86+x86_64 1.2-07 13.00 37.00 50.00 OK
r-patched-linux-x86_64 1.2-07 3.49 24.23 27.72 OK
r-patched-solaris-sparc 1.2-07 289.40 OK
r-patched-solaris-x86 1.2-07 62.40 OK
r-release-linux-x86_64 1.2-07 4.06 24.06 28.12 OK
r-release-osx-x86_64-mavericks 1.2-07 OK
r-release-windows-ix86+x86_64 1.2-07 8.00 36.00 44.00 OK
r-oldrel-windows-ix86+x86_64 1.2-07 9.00 51.00 60.00 OK

Check Details

Version: 1.2-07
Check: R code for possible problems
Result: NOTE
    .Q.integrand: no visible global function definition for ‘pnorm’
    .approx.power.TOST: no visible global function definition for ‘qt’
    .approx.power.TOST: no visible global function definition for ‘pt’
    .approx2.power.TOST: no visible global function definition for ‘qt’
    .approx2.power.TOST: no visible global function definition for ‘pt’
    .exppower.TOST: no visible global function definition for ‘qt’
    .exppower.TOST: no visible global function definition for ‘pt’
    .exppower.noninf: no visible global function definition for ‘qt’
    .exppower.noninf: no visible global function definition for ‘pt’
    .expsampleN0: no visible global function definition for ‘qnorm’
    .expsampleN0: no visible global function definition for ‘qt’
    .expsampleN0.noninf: no visible global function definition for ‘qnorm’
    .expsampleN0.noninf: no visible global function definition for ‘qt’
    .power.NTID: no visible global function definition for ‘qt’
    .power.NTID: no visible global function definition for ‘qchisq’
    .power.NTID: no visible global function definition for ‘qf’
    .power.NTID: no visible global function definition for ‘rnorm’
    .power.NTID: no visible global function definition for ‘rchisq’
    .power.NTID: no visible global function definition for ‘head’
    .power.RSABE: no visible global function definition for ‘qt’
    .power.RSABE: no visible global function definition for ‘qchisq’
    .power.RSABE: no visible global function definition for ‘rnorm’
    .power.RSABE: no visible global function definition for ‘rchisq’
    .power.RatioF: no visible global function definition for ‘qt’
    .power.TOST: no visible global function definition for ‘qt’
    .power.TOST: no visible global function definition for ‘qnorm’
    .power.TOST: no visible global function definition for ‘pnorm’
    .power.TOST.Q0: no visible global function definition for ‘qt’
    .power.TOST.Q0: no visible global function definition for ‘pnorm’
    .power.noninf: no visible global function definition for ‘qt’
    .power.noninf: no visible global function definition for ‘pt’
    .power.scABEL: no visible global function definition for ‘qt’
    .power.scABEL: no visible global function definition for ‘rnorm’
    .power.scABEL: no visible global function definition for ‘rchisq’
    .sampleN0: no visible global function definition for ‘qnorm’
    .sampleN0.2: no visible global function definition for ‘qnorm’
    .sampleN0.RatioF: no visible global function definition for ‘qnorm’
    .sampleN0.noninf: no visible global function definition for ‘qnorm’
    .sampleN0_2: no visible global function definition for ‘qnorm’
    .sampleN0_3: no visible global function definition for ‘qnorm’
    CI.BE: no visible global function definition for ‘qt’
    CI.RatioF: no visible global function definition for ‘qt’
    CVCL: no visible global function definition for ‘qchisq’
    CVfromCI: no visible global function definition for ‘qt’
    CVpooled: no visible global function definition for ‘qchisq’
    OwensQ: no visible global function definition for ‘integrate’
    OwensQ: no visible global function definition for ‘pt’
    OwensQOwen: no visible global function definition for ‘dnorm’
    OwensQOwen: no visible global function definition for ‘pnorm’
    OwensT: no visible global function definition for ‘integrate’
    known.designs: no visible global function definition for ‘read.table’
    pa.ABE: no visible global function definition for ‘uniroot’
    pa.NTIDFDA: no visible global function definition for ‘uniroot’
    pa.scABE: no visible global function definition for ‘uniroot’
    pa.scABE: no visible global function definition for ‘head’
    pa.scABE: no visible global function definition for ‘tail’
    plot.pwrA : mkColors: no visible global function definition for
     ‘colorRampPalette’
    plot.pwrA : mklegend: no visible global function definition for
     ‘legend’
    plot.pwrA: no visible global function definition for ‘par’
    plot.pwrA: no visible global function definition for ‘split.screen’
    plot.pwrA: no visible global function definition for ‘screen’
    plot.pwrA: no visible global function definition for ‘plot’
    plot.pwrA: no visible global function definition for ‘abline’
    plot.pwrA: no visible global function definition for ‘segments’
    plot.pwrA: no visible global function definition for ‘points’
    plot.pwrA: no visible global function definition for ‘text’
    plot.pwrA: no visible global function definition for ‘legend’
    plot.pwrA: no visible global function definition for ‘close.screen’
    power.dp: no visible global function definition for ‘qt’
    power.dp: no visible global function definition for ‘pt’
    power.dpLS: no visible global function definition for ‘qnorm’
    power.dpLS: no visible global function definition for ‘pnorm’
    print.pwrA: no visible global function definition for ‘plot’
    pvalue.TOST: no visible global function definition for ‘pt’
    sampleN0.dp: no visible global function definition for ‘qnorm’
    Undefined global functions or variables:
     abline close.screen colorRampPalette dnorm head integrate legend par
     plot pnorm points pt qchisq qf qnorm qt rchisq read.table rnorm
     screen segments split.screen tail text uniroot
Flavors: r-devel-linux-x86_64-debian-clang, r-devel-linux-x86_64-debian-gcc, r-devel-linux-x86_64-fedora-clang, r-devel-linux-x86_64-fedora-gcc