Last updated on 2021-03-02 18:47:47 CET.
Flavor | Version | Tinstall | Tcheck | Ttotal | Status | Flags |
---|---|---|---|---|---|---|
r-devel-linux-x86_64-debian-clang | 1.0.4 | OK | ||||
r-devel-linux-x86_64-debian-gcc | 1.0.4 | 5.94 | 36.11 | 42.05 | OK | |
r-devel-linux-x86_64-fedora-clang | 1.0.4 | 76.68 | NOTE | |||
r-devel-linux-x86_64-fedora-gcc | 1.0.4 | 64.96 | OK | |||
r-devel-windows-ix86+x86_64 | 1.0.4 | 14.00 | 60.00 | 74.00 | OK | |
r-patched-linux-x86_64 | 1.0.4 | 7.23 | 44.19 | 51.42 | OK | |
r-patched-solaris-x86 | 1.0.4 | 83.40 | OK | |||
r-release-linux-x86_64 | 1.0.4 | 6.92 | 43.36 | 50.28 | OK | |
r-release-macos-x86_64 | 1.0.4 | OK | ||||
r-release-windows-ix86+x86_64 | 1.0.4 | 14.00 | 42.00 | 56.00 | OK | |
r-oldrel-macos-x86_64 | 1.0.4 | OK | ||||
r-oldrel-windows-ix86+x86_64 | 1.0.4 | 35.00 | 55.00 | 90.00 | OK |
Version: 1.0.4
Check: Rd cross-references
Result: NOTE
Undeclared package ‘cosa’ in Rd xrefs
Flavor: r-devel-linux-x86_64-fedora-clang