CRAN Package Check Results for Package PracTools

Last updated on 2017-07-25 19:48:26.

Flavor Version Tinstall Tcheck Ttotal Status Flags
r-devel-linux-x86_64-debian-clang 0.5 1.27 45.74 47.01 WARN
r-devel-linux-x86_64-debian-gcc 0.5 1.13 45.19 46.33 WARN
r-devel-linux-x86_64-fedora-clang 0.5 74.77 WARN
r-devel-linux-x86_64-fedora-gcc 0.5 71.83 WARN
r-devel-windows-ix86+x86_64 0.5 7.00 70.00 77.00 WARN
r-patched-linux-x86_64 0.5 1.07 44.77 45.84 WARN
r-patched-solaris-x86 0.5 87.10 WARN
r-release-linux-x86_64 0.5 1.16 44.82 45.98 OK
r-release-windows-ix86+x86_64 0.5 4.00 83.00 87.00 OK
r-release-osx-x86_64 0.5 WARN
r-oldrel-windows-ix86+x86_64 0.5 4.00 61.00 65.00 OK
r-oldrel-osx-x86_64 0.5 OK

Check Details

Version: 0.5
Check: line endings in shell scripts
Result: WARN
    Found the following shell script(s) with CR or CRLF line endings:
     cleanup
    Non-Windows OSes require LF line endings.
Flavors: r-devel-linux-x86_64-debian-clang, r-devel-linux-x86_64-debian-gcc, r-devel-linux-x86_64-fedora-clang, r-devel-linux-x86_64-fedora-gcc, r-devel-windows-ix86+x86_64, r-patched-linux-x86_64, r-patched-solaris-x86, r-release-osx-x86_64