CRAN Package Check Results for Package PracTools

Last updated on 2014-04-24 19:54:05.

Flavor Version Tinstall Tcheck Ttotal Status Flags
r-devel-linux-x86_64-debian-clang 0.0-1 1.01 26.20 27.22 OK
r-devel-linux-x86_64-debian-gcc 0.0-1 0.99 26.21 27.20 OK
r-devel-linux-x86_64-fedora-clang 0.0-1 56.31 OK
r-devel-linux-x86_64-fedora-gcc 0.0-1 55.37 OK
r-devel-osx-x86_64-clang 0.0-1 52.00 OK
r-devel-osx-x86_64-gcc 0.0-1 NOTE
r-devel-windows-ix86+x86_64 0.0-1 3.00 39.00 42.00 OK
r-patched-linux-x86_64 0.0-1 1.25 26.71 27.96 OK
r-patched-solaris-sparc 0.0-1 333.20 OK
r-patched-solaris-x86 0.0-1 71.60 OK
r-release-linux-ix86 0.0-1 2.00 49.00 51.00 OK
r-release-linux-x86_64 0.0-1 0.99 26.44 27.43 OK
r-release-osx-x86_64-mavericks 0.0-1 WARN
r-release-windows-ix86+x86_64 0.0-1 3.00 38.00 41.00 OK
r-oldrel-windows-ix86+x86_64 0.0-1 4.00 49.00 53.00 OK

Check Details

Version: 0.0-1
Check: package dependencies
Result: NOTE
    Packages suggested but not available for checking:
     ‘doBy’ ‘samplingbook’ ‘survey’
Flavor: r-devel-osx-x86_64-gcc

Version: 0.0-1
Check: package dependencies
Result: NOTE
    Package suggested but not available for checking: ‘doBy’
Flavor: r-release-osx-x86_64-mavericks

Version: 0.0-1
Check: PDF version of manual
Result: WARNING
    LaTeX errors when creating PDF version.
    This typically indicates Rd problems.
    LaTeX errors found:
    ! LaTeX Error: File `upquote.sty' not found.
    
    Type X to quit or <RETURN> to proceed,
    or enter new name. (Default extension: sty)
    
    a6c270d/Rd2.tex:8: ==> Fatal error occurred, no output PDF file produced!
Flavor: r-release-osx-x86_64-mavericks