CRAN Package Check Results for Package PracTools

Last updated on 2015-07-07 17:47:47.

Flavor Version Tinstall Tcheck Ttotal Status Flags
r-devel-linux-x86_64-debian-clang 0.2 1.02 24.37 25.39 NOTE
r-devel-linux-x86_64-debian-gcc 0.2 1.03 23.04 24.08 NOTE
r-devel-linux-x86_64-fedora-clang 0.2 47.81 NOTE
r-devel-linux-x86_64-fedora-gcc 0.2 47.62 NOTE
r-devel-osx-x86_64-clang 0.2 44.33 OK
r-devel-windows-ix86+x86_64 0.2 7.00 40.00 47.00 NOTE
r-patched-linux-x86_64 0.2 1.06 24.44 25.50 OK
r-patched-solaris-sparc 0.2 284.80 OK
r-patched-solaris-x86 0.2 65.60 OK
r-release-linux-x86_64 0.2 1.02 23.89 24.91 OK
r-release-osx-x86_64-mavericks 0.2 OK
r-release-windows-ix86+x86_64 0.2 7.00 42.00 49.00 OK
r-oldrel-windows-ix86+x86_64 0.2 4.00 40.00 44.00 OK

Check Details

Version: 0.2
Check: R code for possible problems
Result: NOTE
    BW2stagePPS: no visible binding for global variable ‘var’
    BW2stagePPS: no visible global function definition for ‘var’
    BW2stagePPSe: no visible binding for global variable ‘var’
    BW2stagePPSe: no visible global function definition for ‘var’
    BW2stageSRS: no visible binding for global variable ‘var’
    BW2stageSRS: no visible global function definition for ‘var’
    BW3stagePPS: no visible binding for global variable ‘head’
    BW3stagePPS: no visible binding for global variable ‘var’
    BW3stagePPS: no visible global function definition for ‘var’
    BW3stagePPSe: no visible binding for global variable ‘head’
    BW3stagePPSe: no visible binding for global variable ‘var’
    HMT: no visible global function definition for ‘rgamma’
    NRadjClass : <anonymous>: no visible global function definition for
     ‘weighted.mean’
    NRadjClass: no visible binding for global variable ‘median’
    deffH: no visible global function definition for ‘weighted.mean’
    deffH: no visible global function definition for ‘glm’
    deffS: no visible global function definition for ‘weighted.mean’
    deffS: no visible global function definition for ‘glm’
    gamEst: no visible global function definition for ‘lsfit’
    nContMoe: no visible global function definition for ‘qnorm’
    nDep2sam: no visible global function definition for ‘qnorm’
    nLogOdds: no visible global function definition for ‘qnorm’
    nProp2sam: no visible global function definition for ‘qnorm’
    nPropMoe: no visible global function definition for ‘qnorm’
    nWilson: no visible global function definition for ‘qnorm’
    pclass: no visible global function definition for ‘glm’
    pclass: Error while checking: invalid ‘envir’ argument
    Undefined global functions or variables:
     glm head lsfit median qnorm rgamma var weighted.mean
Flavors: r-devel-linux-x86_64-debian-clang, r-devel-linux-x86_64-debian-gcc, r-devel-linux-x86_64-fedora-clang, r-devel-linux-x86_64-fedora-gcc

Version: 0.2
Check: R code for possible problems
Result: NOTE
    BW2stagePPS: no visible binding for global variable 'var'
    BW2stagePPS: no visible global function definition for 'var'
    BW2stagePPSe: no visible binding for global variable 'var'
    BW2stagePPSe: no visible global function definition for 'var'
    BW2stageSRS: no visible binding for global variable 'var'
    BW2stageSRS: no visible global function definition for 'var'
    BW3stagePPS: no visible binding for global variable 'head'
    BW3stagePPS: no visible binding for global variable 'var'
    BW3stagePPS: no visible global function definition for 'var'
    BW3stagePPSe: no visible binding for global variable 'head'
    BW3stagePPSe: no visible binding for global variable 'var'
    HMT: no visible global function definition for 'rgamma'
    NRadjClass : <anonymous>: no visible global function definition for
     'weighted.mean'
    NRadjClass: no visible binding for global variable 'median'
    deffH: no visible global function definition for 'weighted.mean'
    deffH: no visible global function definition for 'glm'
    deffS: no visible global function definition for 'weighted.mean'
    deffS: no visible global function definition for 'glm'
    gamEst: no visible global function definition for 'lsfit'
    nContMoe: no visible global function definition for 'qnorm'
    nDep2sam: no visible global function definition for 'qnorm'
    nLogOdds: no visible global function definition for 'qnorm'
    nProp2sam: no visible global function definition for 'qnorm'
    nPropMoe: no visible global function definition for 'qnorm'
    nWilson: no visible global function definition for 'qnorm'
    pclass: no visible global function definition for 'glm'
    pclass: no visible global function definition for 'binomial'
    pclass: no visible global function definition for 'quasibinomial'
    pclass: no visible global function definition for 'pnorm'
    pclass: no visible global function definition for 'quantile'
    Undefined global functions or variables:
     binomial glm head lsfit median pnorm qnorm quantile quasibinomial
     rgamma var weighted.mean
Flavor: r-devel-windows-ix86+x86_64