CRAN Package Check Results for Package PredictABEL

Last updated on 2014-04-24 15:50:44.

Flavor Version Tinstall Tcheck Ttotal Status Flags
r-devel-linux-x86_64-debian-clang 1.2-1 2.01 39.21 41.22 NOTE
r-devel-linux-x86_64-debian-gcc 1.2-1 2.08 40.15 42.22 NOTE
r-devel-linux-x86_64-fedora-clang 1.2-1 81.05 NOTE
r-devel-linux-x86_64-fedora-gcc 1.2-1 77.76 NOTE
r-devel-osx-x86_64-clang 1.2-1 81.74 NOTE
r-devel-osx-x86_64-gcc 1.2-1 ERROR
r-devel-windows-ix86+x86_64 1.2-1 7.00 59.00 66.00 NOTE
r-patched-linux-x86_64 1.2-1 1.97 40.11 42.08 NOTE
r-patched-solaris-sparc 1.2-1 494.60 NOTE
r-patched-solaris-x86 1.2-1 123.10 NOTE
r-release-linux-ix86 1.2-1 4.00 71.00 75.00 NOTE
r-release-linux-x86_64 1.2-1 2.10 39.18 41.27 NOTE
r-release-osx-x86_64-mavericks 1.2-1 WARN
r-release-osx-x86_64-snowleopard 1.2-1 NOTE
r-release-windows-ix86+x86_64 1.2-1 9.00 62.00 71.00 NOTE
r-oldrel-windows-ix86+x86_64 1.2-1 8.00 64.00 72.00 NOTE

Check Details

Version: 1.2-1
Check: R code for possible problems
Result: NOTE
    ExampleModels: no visible binding for global variable ‘ExampleData’
    
    Found the following calls to data() loading into the global environment:
    File ‘PredictABEL/R/PredictABEL.R’:
     data(ExampleData)
    See section ‘Good practice’ in ‘?data’.
Flavors: r-devel-linux-x86_64-debian-clang, r-devel-linux-x86_64-debian-gcc, r-devel-linux-x86_64-fedora-clang, r-devel-osx-x86_64-clang, r-patched-linux-x86_64, r-release-linux-ix86, r-release-linux-x86_64

Version: 1.2-1
Check: R code for possible problems
Result: NOTE
    ExampleModels: no visible binding for global variable ‘ExampleData’
Flavors: r-devel-linux-x86_64-fedora-gcc, r-devel-windows-ix86+x86_64, r-patched-solaris-sparc, r-patched-solaris-x86, r-release-osx-x86_64-mavericks, r-release-osx-x86_64-snowleopard, r-release-windows-ix86+x86_64, r-oldrel-windows-ix86+x86_64

Version: 1.2-1
Check: package dependencies
Result: ERROR
    Packages required but not available: ‘Hmisc’ ‘PBSmodelling’
    
    See the information on DESCRIPTION files in the chapter ‘Creating R
    packages’ of the ‘Writing R Extensions’ manual.
Flavor: r-devel-osx-x86_64-gcc

Version: 1.2-1
Check: PDF version of manual
Result: WARNING
    LaTeX errors when creating PDF version.
    This typically indicates Rd problems.
    LaTeX errors found:
    ! LaTeX Error: File `upquote.sty' not found.
    
    Type X to quit or <RETURN> to proceed,
    or enter new name. (Default extension: sty)
    
    11bb6d4/Rd2.tex:8: ==> Fatal error occurred, no output PDF file produced!
Flavor: r-release-osx-x86_64-mavericks