CRAN Package Check Results for Package PredictABEL

Last updated on 2015-01-26 03:52:32.

Flavor Version Tinstall Tcheck Ttotal Status Flags
r-devel-linux-x86_64-debian-clang 1.2-2 2.00 35.92 37.92 NOTE
r-devel-linux-x86_64-debian-gcc 1.2-2 2.00 34.98 36.98 NOTE
r-devel-linux-x86_64-fedora-clang 1.2-2 83.80 NOTE
r-devel-linux-x86_64-fedora-gcc 1.2-2 79.27 NOTE
r-devel-osx-x86_64-clang 1.2-2 87.59 NOTE
r-devel-windows-ix86+x86_64 1.2-2 9.00 52.00 61.00 NOTE
r-patched-linux-x86_64 1.2-2 2.41 45.41 47.82 NOTE
r-patched-solaris-sparc 1.2-2 517.80 NOTE
r-patched-solaris-x86 1.2-2 114.70 NOTE
r-release-linux-ix86 1.2-2 2.70 51.68 54.38 NOTE
r-release-linux-x86_64 1.2-2 1.94 38.38 40.32 NOTE
r-release-osx-x86_64-mavericks 1.2-2 NOTE
r-release-osx-x86_64-snowleopard 1.2-2 NOTE
r-release-windows-ix86+x86_64 1.2-2 13.00 75.00 88.00 NOTE
r-oldrel-windows-ix86+x86_64 1.2-2 12.00 78.00 90.00 NOTE

Check Details

Version: 1.2-2
Check: R code for possible problems
Result: NOTE
    ExampleModels: no visible binding for global variable ‘ExampleData’
Flavors: r-devel-linux-x86_64-debian-clang, r-devel-linux-x86_64-debian-gcc, r-devel-linux-x86_64-fedora-clang, r-devel-linux-x86_64-fedora-gcc, r-devel-osx-x86_64-clang, r-devel-windows-ix86+x86_64, r-patched-linux-x86_64, r-patched-solaris-sparc, r-patched-solaris-x86, r-release-linux-ix86, r-release-linux-x86_64, r-release-osx-x86_64-mavericks, r-release-osx-x86_64-snowleopard, r-release-windows-ix86+x86_64, r-oldrel-windows-ix86+x86_64