CRAN Package Check Results for Package PredictABEL

Last updated on 2015-03-03 18:46:55.

Flavor Version Tinstall Tcheck Ttotal Status Flags
r-devel-linux-x86_64-debian-clang 1.2-2 2.36 37.55 39.92 NOTE
r-devel-linux-x86_64-debian-gcc 1.2-2 2.41 37.60 40.01 NOTE
r-devel-linux-x86_64-fedora-clang 1.2-2 78.02 NOTE
r-devel-linux-x86_64-fedora-gcc 1.2-2 76.91 NOTE
r-devel-osx-x86_64-clang 1.2-2 77.29 NOTE
r-devel-windows-ix86+x86_64 1.2-2 15.00 82.00 97.00 NOTE
r-patched-linux-x86_64 1.2-2 5.65 55.95 61.60 NOTE
r-patched-solaris-sparc 1.2-2 708.40 NOTE
r-patched-solaris-x86 1.2-2 158.10 NOTE
r-release-linux-ix86 1.2-2 3.98 68.16 72.15 NOTE
r-release-linux-x86_64 1.2-2 5.51 57.38 62.89 NOTE
r-release-osx-x86_64-mavericks 1.2-2 NOTE
r-release-osx-x86_64-snowleopard 1.2-2 NOTE
r-release-windows-ix86+x86_64 1.2-2 26.00 131.00 157.00 NOTE
r-oldrel-windows-ix86+x86_64 1.2-2 14.00 110.00 124.00 NOTE

Check Details

Version: 1.2-2
Check: R code for possible problems
Result: NOTE
    ExampleModels: no visible binding for global variable ‘ExampleData’
Flavors: r-devel-linux-x86_64-debian-clang, r-devel-linux-x86_64-debian-gcc, r-devel-linux-x86_64-fedora-clang, r-devel-linux-x86_64-fedora-gcc, r-devel-osx-x86_64-clang, r-devel-windows-ix86+x86_64, r-patched-linux-x86_64, r-patched-solaris-sparc, r-patched-solaris-x86, r-release-linux-ix86, r-release-linux-x86_64, r-release-osx-x86_64-mavericks, r-release-osx-x86_64-snowleopard, r-release-windows-ix86+x86_64, r-oldrel-windows-ix86+x86_64