CRAN Package Check Results for Package PredictABEL

Last updated on 2020-06-07 05:47:46 CEST.

Flavor Version Tinstall Tcheck Ttotal Status Flags
r-devel-linux-x86_64-debian-clang 1.2-4 13.45 109.91 123.36 OK
r-devel-linux-x86_64-debian-gcc 1.2-4 11.37 83.25 94.62 OK
r-devel-linux-x86_64-fedora-clang 1.2-4 155.66 NOTE
r-devel-linux-x86_64-fedora-gcc 1.2-4 144.55 NOTE
r-devel-windows-ix86+x86_64 1.2-4 46.00 173.00 219.00 OK
r-patched-linux-x86_64 1.2-4 10.47 109.18 119.65 OK
r-patched-solaris-x86 1.2-4 232.40 NOTE
r-release-linux-x86_64 1.2-4 12.20 108.50 120.70 OK
r-release-osx-x86_64 1.2-4 NOTE
r-release-windows-ix86+x86_64 1.2-4 40.00 163.00 203.00 OK
r-oldrel-osx-x86_64 1.2-4 WARN
r-oldrel-windows-ix86+x86_64 1.2-4 44.00 113.00 157.00 OK

Check Details

Version: 1.2-4
Check: dependencies in R code
Result: NOTE
    Namespace in Imports field not imported from: ‘lazyeval’
     All declared Imports should be used.
Flavors: r-devel-linux-x86_64-fedora-clang, r-devel-linux-x86_64-fedora-gcc, r-patched-solaris-x86, r-release-osx-x86_64

Version: 1.2-4
Check: dependencies in R code
Result: NOTE
    No protocol specified
    No protocol specified
    Namespace in Imports field not imported from: ‘lazyeval’
     All declared Imports should be used.
Flavor: r-oldrel-osx-x86_64

Version: 1.2-4
Check: S3 generic/method consistency
Result: WARN
    No protocol specified
    No protocol specified
    See section ‘Generic functions and methods’ in the ‘Writing R
    Extensions’ manual.
Flavor: r-oldrel-osx-x86_64

Version: 1.2-4
Check: replacement functions
Result: WARN
    No protocol specified
    No protocol specified
    The argument of a replacement function which corresponds to the right
    hand side must be named ‘value’.
Flavor: r-oldrel-osx-x86_64

Version: 1.2-4
Check: foreign function calls
Result: NOTE
    No protocol specified
    No protocol specified
    See chapter ‘System and foreign language interfaces’ in the ‘Writing R
    Extensions’ manual.
Flavor: r-oldrel-osx-x86_64

Version: 1.2-4
Check: R code for possible problems
Result: NOTE
    No protocol specified
    No protocol specified
Flavor: r-oldrel-osx-x86_64

Version: 1.2-4
Check: for missing documentation entries
Result: WARN
    No protocol specified
    No protocol specified
    All user-level objects in a package should have documentation entries.
    See chapter ‘Writing R documentation files’ in the ‘Writing R
    Extensions’ manual.
Flavor: r-oldrel-osx-x86_64

Version: 1.2-4
Check: for code/documentation mismatches
Result: WARN
    No protocol specified
    No protocol specified
    No protocol specified
    No protocol specified
    No protocol specified
    No protocol specified
Flavor: r-oldrel-osx-x86_64

Version: 1.2-4
Check: Rd \usage sections
Result: NOTE
    No protocol specified
    No protocol specified
    The \usage entries for S3 methods should use the \method markup and not
    their full name.
    See chapter ‘Writing R documentation files’ in the ‘Writing R
    Extensions’ manual.
Flavor: r-oldrel-osx-x86_64