CRAN Package Check Results for Package PredictABEL

Last updated on 2014-09-19 21:53:22.

Flavor Version Tinstall Tcheck Ttotal Status Flags
r-devel-linux-x86_64-debian-clang 1.2-1 1.86 37.91 39.77 NOTE
r-devel-linux-x86_64-debian-gcc 1.2-1 1.77 37.56 39.33 NOTE
r-devel-linux-x86_64-fedora-clang 1.2-1 79.54 NOTE
r-devel-linux-x86_64-fedora-gcc 1.2-1 78.28 NOTE
r-devel-osx-x86_64-clang 1.2-1 79.97 NOTE
r-devel-windows-ix86+x86_64 1.2-1 12.00 60.00 72.00 NOTE
r-patched-linux-x86_64 1.2-1 2.00 40.82 42.82 NOTE
r-patched-solaris-sparc 1.2-1 495.30 NOTE
r-patched-solaris-x86 1.2-1 113.90 NOTE
r-release-linux-ix86 1.2-1 2.64 55.52 58.16 NOTE
r-release-linux-x86_64 1.2-1 1.95 40.92 42.87 NOTE
r-release-osx-x86_64-mavericks 1.2-1 NOTE
r-release-osx-x86_64-snowleopard 1.2-1 NOTE
r-release-windows-ix86+x86_64 1.2-1 12.00 69.00 81.00 NOTE
r-oldrel-windows-ix86+x86_64 1.2-1 9.00 69.00 78.00 NOTE

Check Details

Version: 1.2-1
Check: R code for possible problems
Result: NOTE
    ExampleModels: no visible binding for global variable ‘ExampleData’
    
    Found the following calls to data() loading into the global environment:
    File ‘PredictABEL/R/PredictABEL.R’:
     data(ExampleData)
    See section ‘Good practice’ in ‘?data’.
Flavors: r-devel-linux-x86_64-debian-clang, r-devel-linux-x86_64-debian-gcc, r-devel-linux-x86_64-fedora-clang, r-devel-osx-x86_64-clang, r-patched-linux-x86_64, r-release-linux-ix86, r-release-linux-x86_64

Version: 1.2-1
Check: R code for possible problems
Result: NOTE
    ExampleModels: no visible binding for global variable ‘ExampleData’
Flavors: r-devel-linux-x86_64-fedora-gcc, r-devel-windows-ix86+x86_64, r-patched-solaris-sparc, r-patched-solaris-x86, r-release-osx-x86_64-mavericks, r-release-osx-x86_64-snowleopard, r-release-windows-ix86+x86_64, r-oldrel-windows-ix86+x86_64