CRAN Package Check Results for Package PredictABEL

Last updated on 2014-12-22 09:54:23.

Flavor Version Tinstall Tcheck Ttotal Status Flags
r-devel-linux-x86_64-debian-clang 1.2-1 1.85 40.30 42.16 NOTE
r-devel-linux-x86_64-debian-gcc 1.2-2 1.83 38.35 40.18 NOTE
r-devel-linux-x86_64-fedora-clang 1.2-2 82.71 NOTE
r-devel-linux-x86_64-fedora-gcc 1.2-2 72.45 NOTE
r-devel-osx-x86_64-clang 1.2-2 75.86 NOTE
r-devel-windows-ix86+x86_64 1.2-1 11.00 68.00 79.00 NOTE
r-patched-linux-x86_64 1.2-1 1.92 40.03 41.96 NOTE
r-patched-solaris-sparc 1.2-2 520.20 NOTE
r-patched-solaris-x86 1.2-2 94.90 NOTE
r-release-linux-ix86 1.2-1 2.49 51.73 54.22 NOTE
r-release-linux-x86_64 1.2-1 1.90 39.78 41.68 NOTE
r-release-osx-x86_64-mavericks 1.2-2 NOTE
r-release-osx-x86_64-snowleopard 1.2-1 NOTE
r-release-windows-ix86+x86_64 1.2-2 13.00 71.00 84.00 NOTE
r-oldrel-windows-ix86+x86_64 1.2-2 15.00 74.00 89.00 NOTE

Check Details

Version: 1.2-1
Check: R code for possible problems
Result: NOTE
    ExampleModels: no visible binding for global variable ‘ExampleData’
    
    Found the following calls to data() loading into the global environment:
    File ‘PredictABEL/R/PredictABEL.R’:
     data(ExampleData)
    See section ‘Good practice’ in ‘?data’.
Flavors: r-devel-linux-x86_64-debian-clang, r-patched-linux-x86_64, r-release-linux-ix86, r-release-linux-x86_64

Version: 1.2-2
Check: R code for possible problems
Result: NOTE
    ExampleModels: no visible binding for global variable ‘ExampleData’
Flavors: r-devel-linux-x86_64-debian-gcc, r-devel-linux-x86_64-fedora-clang, r-devel-linux-x86_64-fedora-gcc, r-devel-osx-x86_64-clang, r-patched-solaris-sparc, r-patched-solaris-x86, r-release-osx-x86_64-mavericks, r-release-windows-ix86+x86_64, r-oldrel-windows-ix86+x86_64

Version: 1.2-1
Check: R code for possible problems
Result: NOTE
    ExampleModels: no visible binding for global variable 'ExampleData'
Flavors: r-devel-windows-ix86+x86_64, r-release-osx-x86_64-snowleopard