CRAN Package Check Results for Package PredictABEL

Last updated on 2014-10-01 15:50:05.

Flavor Version Tinstall Tcheck Ttotal Status Flags
r-devel-linux-x86_64-debian-clang 1.2-1 1.95 38.85 40.80 NOTE
r-devel-linux-x86_64-debian-gcc 1.2-1 2.22 38.44 40.66 NOTE
r-devel-linux-x86_64-fedora-clang 1.2-1 80.47 NOTE
r-devel-linux-x86_64-fedora-gcc 1.2-1 83.27 NOTE
r-devel-osx-x86_64-clang 1.2-1 73.80 NOTE
r-devel-windows-ix86+x86_64 1.2-1 10.00 63.00 73.00 NOTE
r-patched-linux-x86_64 1.2-1 1.88 39.96 41.84 NOTE
r-patched-solaris-sparc 1.2-1 495.30 NOTE
r-patched-solaris-x86 1.2-1 117.00 NOTE
r-release-linux-ix86 1.2-1 2.58 55.96 58.54 NOTE
r-release-linux-x86_64 1.2-1 2.13 41.53 43.66 NOTE
r-release-osx-x86_64-mavericks 1.2-1 NOTE
r-release-osx-x86_64-snowleopard 1.2-1 NOTE
r-release-windows-ix86+x86_64 1.2-1 9.00 70.00 79.00 NOTE
r-oldrel-windows-ix86+x86_64 1.2-1 10.00 72.00 82.00 NOTE

Check Details

Version: 1.2-1
Check: R code for possible problems
Result: NOTE
    ExampleModels: no visible binding for global variable ‘ExampleData’
    
    Found the following calls to data() loading into the global environment:
    File ‘PredictABEL/R/PredictABEL.R’:
     data(ExampleData)
    See section ‘Good practice’ in ‘?data’.
Flavors: r-devel-linux-x86_64-debian-clang, r-devel-linux-x86_64-debian-gcc, r-devel-linux-x86_64-fedora-clang, r-devel-osx-x86_64-clang, r-patched-linux-x86_64, r-release-linux-ix86, r-release-linux-x86_64

Version: 1.2-1
Check: R code for possible problems
Result: NOTE
    ExampleModels: no visible binding for global variable ‘ExampleData’
Flavors: r-devel-linux-x86_64-fedora-gcc, r-devel-windows-ix86+x86_64, r-patched-solaris-sparc, r-patched-solaris-x86, r-release-osx-x86_64-mavericks, r-release-osx-x86_64-snowleopard, r-release-windows-ix86+x86_64, r-oldrel-windows-ix86+x86_64