CRAN Package Check Results for Package PredictABEL

Last updated on 2014-11-24 12:47:52.

Flavor Version Tinstall Tcheck Ttotal Status Flags
r-devel-linux-x86_64-debian-clang 1.2-1 1.96 38.80 40.76 NOTE
r-devel-linux-x86_64-debian-gcc 1.2-1 2.21 38.70 40.92 NOTE
r-devel-linux-x86_64-fedora-clang 1.2-1 85.26 NOTE
r-devel-linux-x86_64-fedora-gcc 1.2-1 78.35 NOTE
r-devel-osx-x86_64-clang 1.2-1 77.45 NOTE
r-devel-windows-ix86+x86_64 1.2-1 9.00 65.00 74.00 NOTE
r-patched-linux-x86_64 1.2-1 1.87 39.98 41.84 NOTE
r-patched-solaris-sparc 1.2-1 515.70 NOTE
r-patched-solaris-x86 1.2-1 112.10 NOTE
r-release-linux-ix86 1.2-1 2.58 52.32 54.90 NOTE
r-release-linux-x86_64 1.2-1 2.06 39.98 42.04 NOTE
r-release-osx-x86_64-mavericks 1.2-1 NOTE
r-release-osx-x86_64-snowleopard 1.2-1 NOTE
r-release-windows-ix86+x86_64 1.2-1 11.00 68.00 79.00 NOTE
r-oldrel-windows-ix86+x86_64 1.2-1 10.00 75.00 85.00 NOTE

Check Details

Version: 1.2-1
Check: R code for possible problems
Result: NOTE
    ExampleModels: no visible binding for global variable ‘ExampleData’
    
    Found the following calls to data() loading into the global environment:
    File ‘PredictABEL/R/PredictABEL.R’:
     data(ExampleData)
    See section ‘Good practice’ in ‘?data’.
Flavors: r-devel-linux-x86_64-debian-clang, r-devel-linux-x86_64-debian-gcc, r-devel-linux-x86_64-fedora-clang, r-devel-osx-x86_64-clang, r-patched-linux-x86_64, r-release-linux-ix86, r-release-linux-x86_64

Version: 1.2-1
Check: R code for possible problems
Result: NOTE
    ExampleModels: no visible binding for global variable ‘ExampleData’
Flavors: r-devel-linux-x86_64-fedora-gcc, r-devel-windows-ix86+x86_64, r-patched-solaris-sparc, r-patched-solaris-x86, r-release-osx-x86_64-mavericks, r-release-osx-x86_64-snowleopard, r-release-windows-ix86+x86_64, r-oldrel-windows-ix86+x86_64