CRAN Package Check Results for Package PredictABEL

Last updated on 2014-07-24 22:48:41.

Flavor Version Tinstall Tcheck Ttotal Status Flags
r-devel-linux-x86_64-debian-clang 1.2-1 1.88 37.86 39.74 NOTE
r-devel-linux-x86_64-debian-gcc 1.2-1 1.74 38.00 39.74 NOTE
r-devel-linux-x86_64-fedora-clang 1.2-1 81.19 NOTE
r-devel-linux-x86_64-fedora-gcc 1.2-1 78.33 NOTE
r-devel-osx-x86_64-clang 1.2-1 73.30 NOTE
r-devel-windows-ix86+x86_64 1.2-1 7.00 61.00 68.00 NOTE
r-patched-linux-x86_64 1.2-1 1.77 37.49 39.26 NOTE
r-patched-solaris-sparc 1.2-1 494.60 NOTE
r-patched-solaris-x86 1.2-1 111.50 NOTE
r-release-linux-ix86 1.2-1 2.51 53.43 55.94 NOTE
r-release-linux-x86_64 1.2-1 1.87 38.16 40.03 NOTE
r-release-osx-x86_64-mavericks 1.2-1 NOTE
r-release-osx-x86_64-snowleopard 1.2-1 NOTE
r-release-windows-ix86+x86_64 1.2-1 8.00 68.00 76.00 NOTE
r-oldrel-windows-ix86+x86_64 1.2-1 9.00 67.00 76.00 NOTE

Check Details

Version: 1.2-1
Check: R code for possible problems
Result: NOTE
    ExampleModels: no visible binding for global variable ‘ExampleData’
    
    Found the following calls to data() loading into the global environment:
    File ‘PredictABEL/R/PredictABEL.R’:
     data(ExampleData)
    See section ‘Good practice’ in ‘?data’.
Flavors: r-devel-linux-x86_64-debian-clang, r-devel-linux-x86_64-debian-gcc, r-devel-linux-x86_64-fedora-clang, r-devel-osx-x86_64-clang, r-patched-linux-x86_64, r-release-linux-ix86, r-release-linux-x86_64

Version: 1.2-1
Check: R code for possible problems
Result: NOTE
    ExampleModels: no visible binding for global variable ‘ExampleData’
Flavors: r-devel-linux-x86_64-fedora-gcc, r-devel-windows-ix86+x86_64, r-patched-solaris-sparc, r-patched-solaris-x86, r-release-osx-x86_64-mavericks, r-release-osx-x86_64-snowleopard, r-release-windows-ix86+x86_64, r-oldrel-windows-ix86+x86_64