CRAN Package Check Results for Package PredictABEL

Last updated on 2015-04-26 19:47:27.

Flavor Version Tinstall Tcheck Ttotal Status Flags
r-devel-linux-x86_64-debian-clang 1.2-2 2.30 38.12 40.42 NOTE
r-devel-linux-x86_64-debian-gcc 1.2-2 2.25 37.10 39.35 NOTE
r-devel-linux-x86_64-fedora-clang 1.2-2 79.36 NOTE
r-devel-linux-x86_64-fedora-gcc 1.2-2 76.12 NOTE
r-devel-osx-x86_64-clang 1.2-2 72.56 NOTE
r-devel-windows-ix86+x86_64 1.2-2 10.00 57.00 67.00 NOTE
r-patched-linux-x86_64 1.2-2 2.23 36.93 39.16 NOTE
r-patched-solaris-sparc 1.2-2 532.70 NOTE
r-patched-solaris-x86 1.2-2 116.90 NOTE
r-release-linux-x86_64 1.2-2 2.24 36.90 39.14 NOTE
r-release-osx-x86_64-mavericks 1.2-2 NOTE
r-release-osx-x86_64-snowleopard 1.2-2 ERROR
r-release-windows-ix86+x86_64 1.2-2 9.00 71.00 80.00 NOTE
r-oldrel-windows-ix86+x86_64 1.2-2 16.00 92.00 108.00 NOTE

Check Details

Version: 1.2-2
Check: R code for possible problems
Result: NOTE
    ExampleModels: no visible binding for global variable ‘ExampleData’
Flavors: r-devel-linux-x86_64-debian-clang, r-devel-linux-x86_64-fedora-clang, r-devel-linux-x86_64-fedora-gcc, r-devel-osx-x86_64-clang, r-devel-windows-ix86+x86_64, r-patched-solaris-sparc, r-patched-solaris-x86, r-release-osx-x86_64-mavericks, r-release-windows-ix86+x86_64, r-oldrel-windows-ix86+x86_64

Version: 1.2-2
Check: package dependencies
Result: ERROR
    Packages required but not available: ‘Hmisc’ ‘PBSmodelling’
    
    See section ‘The DESCRIPTION file’ in the ‘Writing R Extensions’
    manual.
Flavor: r-release-osx-x86_64-snowleopard