CRAN Package Check Results for Package PredictABEL

Last updated on 2014-08-29 23:48:55.

Flavor Version Tinstall Tcheck Ttotal Status Flags
r-devel-linux-x86_64-debian-clang 1.2-1 1.96 37.36 39.32 NOTE
r-devel-linux-x86_64-debian-gcc 1.2-1 1.66 35.44 37.10 NOTE
r-devel-linux-x86_64-fedora-clang 1.2-1 79.02 NOTE
r-devel-linux-x86_64-fedora-gcc 1.2-1 74.09 NOTE
r-devel-osx-x86_64-clang 1.2-1 71.59 NOTE
r-devel-windows-ix86+x86_64 1.2-1 8.00 56.00 64.00 NOTE
r-patched-linux-x86_64 1.2-1 2.20 37.66 39.86 NOTE
r-patched-solaris-sparc 1.2-1 495.30 NOTE
r-patched-solaris-x86 1.2-1 111.10 NOTE
r-release-linux-ix86 1.2-1 2.79 53.42 56.21 NOTE
r-release-linux-x86_64 1.2-1 1.90 40.15 42.05 NOTE
r-release-osx-x86_64-mavericks 1.2-1 NOTE
r-release-osx-x86_64-snowleopard 1.2-1 NOTE
r-release-windows-ix86+x86_64 1.2-1 9.00 65.00 74.00 NOTE
r-oldrel-windows-ix86+x86_64 1.2-1 10.00 66.00 76.00 NOTE

Check Details

Version: 1.2-1
Check: R code for possible problems
Result: NOTE
    ExampleModels: no visible binding for global variable ‘ExampleData’
    
    Found the following calls to data() loading into the global environment:
    File ‘PredictABEL/R/PredictABEL.R’:
     data(ExampleData)
    See section ‘Good practice’ in ‘?data’.
Flavors: r-devel-linux-x86_64-debian-clang, r-devel-linux-x86_64-debian-gcc, r-devel-linux-x86_64-fedora-clang, r-devel-osx-x86_64-clang, r-patched-linux-x86_64, r-release-linux-ix86, r-release-linux-x86_64

Version: 1.2-1
Check: R code for possible problems
Result: NOTE
    ExampleModels: no visible binding for global variable ‘ExampleData’
Flavors: r-devel-linux-x86_64-fedora-gcc, r-devel-windows-ix86+x86_64, r-patched-solaris-sparc, r-patched-solaris-x86, r-release-osx-x86_64-mavericks, r-release-osx-x86_64-snowleopard, r-release-windows-ix86+x86_64, r-oldrel-windows-ix86+x86_64