CRAN Package Check Results for Package PrevMap

Last updated on 2020-09-29 15:47:42 CEST.

Flavor Version Tinstall Tcheck Ttotal Status Flags
r-devel-linux-x86_64-debian-clang 1.5.3 32.60 225.63 258.23 NOTE
r-devel-linux-x86_64-debian-gcc 1.5.3 27.78 166.58 194.36 NOTE
r-devel-linux-x86_64-fedora-clang 1.5.3 312.77 OK
r-devel-linux-x86_64-fedora-gcc 1.5.3 306.93 OK
r-devel-windows-ix86+x86_64 1.5.3 60.00 255.00 315.00 OK
r-patched-linux-x86_64 1.5.3 30.17 204.19 234.36 NOTE
r-patched-solaris-x86 1.5.3 398.20 NOTE
r-release-linux-x86_64 1.5.3 30.33 204.06 234.39 NOTE
r-release-macos-x86_64 1.5.3 NOTE
r-release-windows-ix86+x86_64 1.5.3 67.00 252.00 319.00 OK
r-oldrel-macos-x86_64 1.5.3 NOTE
r-oldrel-windows-ix86+x86_64 1.5.3 57.00 227.00 284.00 OK

Check Details

Version: 1.5.3
Check: package dependencies
Result: NOTE
    Package suggested but not available for checking: 'INLA'
Flavors: r-devel-linux-x86_64-debian-clang, r-devel-linux-x86_64-debian-gcc, r-patched-linux-x86_64, r-patched-solaris-x86, r-release-linux-x86_64, r-release-macos-x86_64, r-oldrel-macos-x86_64

Version: 1.5.3
Check: dependencies in R code
Result: NOTE
    No protocol specified
    No protocol specified
Flavor: r-oldrel-macos-x86_64