CRAN Package Check Results for Package ProDenICA

Last updated on 2014-04-24 15:50:44.

Flavor Version Tinstall Tcheck Ttotal Status Flags
r-devel-linux-x86_64-debian-clang 1.0 0.66 15.03 15.69 OK
r-devel-linux-x86_64-debian-gcc 1.0 0.64 14.68 15.32 OK
r-devel-linux-x86_64-fedora-clang 1.0 30.63 OK
r-devel-linux-x86_64-fedora-gcc 1.0 28.85 OK
r-devel-osx-x86_64-clang 1.0 30.22 OK
r-devel-osx-x86_64-gcc 1.0 OK
r-devel-windows-ix86+x86_64 1.0 2.00 26.00 28.00 OK
r-patched-linux-x86_64 1.0 0.64 14.92 15.56 OK
r-patched-solaris-sparc 1.0 181.30 OK
r-patched-solaris-x86 1.0 41.90 OK
r-release-linux-ix86 1.0 1.00 31.00 32.00 OK
r-release-linux-x86_64 1.0 0.65 14.66 15.30 OK
r-release-osx-x86_64-mavericks 1.0 WARN
r-release-osx-x86_64-snowleopard 1.0 OK
r-release-windows-ix86+x86_64 1.0 2.00 23.00 25.00 OK
r-oldrel-windows-ix86+x86_64 1.0 2.00 27.00 29.00 OK

Check Details

Version: 1.0
Check: PDF version of manual
Result: WARNING
    LaTeX errors when creating PDF version.
    This typically indicates Rd problems.
    LaTeX errors found:
    ! LaTeX Error: File `upquote.sty' not found.
    
    Type X to quit or <RETURN> to proceed,
    or enter new name. (Default extension: sty)
    
    2d58bc9/Rd2.tex:8: ==> Fatal error occurred, no output PDF file produced!
Flavor: r-release-osx-x86_64-mavericks