CRAN Package Check Results for Package ProDenICA

Last updated on 2015-03-28 16:47:18.

Flavor Version Tinstall Tcheck Ttotal Status Flags
r-devel-linux-x86_64-debian-clang 1.0 0.60 13.65 14.25 NOTE
r-devel-linux-x86_64-debian-gcc 1.0 0.64 13.58 14.22 NOTE
r-devel-linux-x86_64-fedora-clang 1.0 27.53 NOTE
r-devel-linux-x86_64-fedora-gcc 1.0 25.58 NOTE
r-devel-osx-x86_64-clang 1.0 30.79 NOTE
r-prerel-windows-ix86+x86_64 1.0 3.00 24.00 27.00 NOTE
r-prerel-linux-x86_64 1.0 0.60 13.50 14.10 NOTE
r-prerel-solaris-sparc 1.0 188.90 NOTE
r-prerel-solaris-x86 1.0 36.60 NOTE
r-release-linux-x86_64 1.0 0.66 14.78 15.45 OK
r-release-osx-x86_64-mavericks 1.0 OK
r-release-osx-x86_64-snowleopard 1.0 OK
r-release-windows-ix86+x86_64 1.0 3.00 31.00 34.00 OK
r-oldrel-windows-ix86+x86_64 1.0 2.00 34.00 36.00 OK

Check Details

Version: 1.0
Check: DESCRIPTION meta-information
Result: NOTE
    Malformed Description field: should contain one or more complete sentences.
Flavors: r-devel-linux-x86_64-debian-clang, r-devel-linux-x86_64-debian-gcc, r-devel-linux-x86_64-fedora-clang, r-devel-linux-x86_64-fedora-gcc, r-devel-osx-x86_64-clang, r-prerel-windows-ix86+x86_64, r-prerel-linux-x86_64, r-prerel-solaris-sparc, r-prerel-solaris-x86