CRAN Package Check Results for Package ProDenICA

Last updated on 2015-08-28 10:49:13.

Flavor Version Tinstall Tcheck Ttotal Status Flags
r-devel-linux-x86_64-debian-clang 1.0 0.58 13.88 14.46 NOTE
r-devel-linux-x86_64-debian-gcc 1.0 0.56 13.27 13.83 NOTE
r-devel-linux-x86_64-fedora-clang 1.0 27.21 NOTE
r-devel-linux-x86_64-fedora-gcc 1.0 25.35 NOTE
r-devel-osx-x86_64-clang 1.0 24.84 NOTE
r-devel-windows-ix86+x86_64 1.0 5.00 27.00 32.00 NOTE
r-patched-linux-x86_64 1.0 0.64 14.60 15.24 NOTE
r-patched-solaris-sparc 1.0 185.40 NOTE
r-patched-solaris-x86 1.0 39.00 NOTE
r-release-linux-x86_64 1.0 0.62 13.83 14.45 NOTE
r-release-osx-x86_64-mavericks 1.0 NOTE
r-release-windows-ix86+x86_64 1.0 3.00 27.00 30.00 NOTE
r-oldrel-windows-ix86+x86_64 1.0 6.00 30.00 36.00 OK

Check Details

Version: 1.0
Check: DESCRIPTION meta-information
Result: NOTE
    Malformed Description field: should contain one or more complete sentences.
Flavors: r-devel-linux-x86_64-debian-clang, r-devel-linux-x86_64-debian-gcc, r-devel-linux-x86_64-fedora-clang, r-devel-linux-x86_64-fedora-gcc, r-devel-osx-x86_64-clang, r-devel-windows-ix86+x86_64, r-patched-linux-x86_64, r-patched-solaris-sparc, r-patched-solaris-x86, r-release-linux-x86_64, r-release-osx-x86_64-mavericks, r-release-windows-ix86+x86_64

Version: 1.0
Check: R code for possible problems
Result: NOTE
    GPois: no visible global function definition for ‘dnorm’
    GPois: no visible binding for global variable ‘poisson’
    GPois: no visible global function definition for ‘predict’
    GPois: no visible global function definition for ‘fitted’
    GPois: no visible global function definition for ‘residuals’
    GPois: no visible global function definition for ‘smooth.spline’
    ProDenICA: no visible global function definition for ‘rnorm’
    d.gaussmix: no visible global function definition for ‘dnorm’
    djordan: no visible global function definition for ‘dt’
    djordan: no visible global function definition for ‘dunif’
    mixmat: no visible global function definition for ‘rnorm’
    mixmat: no visible global function definition for ‘runif’
    plot.ProDenICA: no visible global function definition for ‘plot’
    r.gaussmix: no visible global function definition for ‘rmultinom’
    r.gaussmix: no visible global function definition for ‘rnorm’
    rjordan: no visible global function definition for ‘rt’
    rjordan: no visible global function definition for ‘runif’
    rmix.dexp: no visible global function definition for ‘runif’
    Undefined global functions or variables:
     dnorm dt dunif fitted plot poisson predict residuals rmultinom rnorm
     rt runif smooth.spline
    Consider adding
     importFrom("graphics", "plot")
     importFrom("stats", "dnorm", "dt", "dunif", "fitted", "poisson",
     "predict", "residuals", "rmultinom", "rnorm", "rt", "runif",
     "smooth.spline")
    to your NAMESPACE.
Flavors: r-devel-linux-x86_64-debian-clang, r-devel-linux-x86_64-debian-gcc, r-devel-linux-x86_64-fedora-clang, r-devel-linux-x86_64-fedora-gcc, r-devel-windows-ix86+x86_64