CRAN Package Check Results for Package ProDenICA

Last updated on 2015-05-26 06:47:03.

Flavor Version Tinstall Tcheck Ttotal Status Flags
r-devel-linux-x86_64-debian-clang 1.0 0.62 14.05 14.67 NOTE
r-devel-linux-x86_64-debian-gcc 1.0 0.78 14.34 15.12 NOTE
r-devel-linux-x86_64-fedora-clang 1.0 28.00 NOTE
r-devel-linux-x86_64-fedora-gcc 1.0 27.13 NOTE
r-devel-osx-x86_64-clang 1.0 30.08 NOTE
r-devel-windows-ix86+x86_64 1.0 2.00 24.00 26.00 NOTE
r-patched-linux-x86_64 1.0 0.66 13.74 14.40 NOTE
r-patched-solaris-sparc 1.0 185.30 NOTE
r-patched-solaris-x86 1.0 38.20 NOTE
r-release-linux-x86_64 1.0 0.62 13.86 14.48 NOTE
r-release-osx-x86_64-mavericks 1.0 NOTE
r-release-osx-x86_64-snowleopard 1.0 NOTE
r-release-windows-ix86+x86_64 1.0 3.00 27.00 30.00 NOTE
r-oldrel-windows-ix86+x86_64 1.0 4.00 45.00 49.00 OK

Check Details

Version: 1.0
Check: DESCRIPTION meta-information
Result: NOTE
    Malformed Description field: should contain one or more complete sentences.
Flavors: r-devel-linux-x86_64-debian-clang, r-devel-linux-x86_64-debian-gcc, r-devel-linux-x86_64-fedora-clang, r-devel-linux-x86_64-fedora-gcc, r-devel-osx-x86_64-clang, r-devel-windows-ix86+x86_64, r-patched-linux-x86_64, r-patched-solaris-sparc, r-patched-solaris-x86, r-release-linux-x86_64, r-release-osx-x86_64-mavericks, r-release-osx-x86_64-snowleopard, r-release-windows-ix86+x86_64