CRAN Package Check Results for Package ProDenICA

Last updated on 2015-02-28 19:51:15.

Flavor Version Tinstall Tcheck Ttotal Status Flags
r-devel-linux-x86_64-debian-clang 1.0 0.65 13.66 14.31 NOTE
r-devel-linux-x86_64-debian-gcc 1.0 0.59 13.47 14.06 NOTE
r-devel-linux-x86_64-fedora-clang 1.0 27.40 NOTE
r-devel-linux-x86_64-fedora-gcc 1.0 26.42 NOTE
r-devel-osx-x86_64-clang 1.0 28.94 NOTE
r-devel-windows-ix86+x86_64 1.0 5.00 23.00 28.00 NOTE
r-patched-linux-x86_64 1.0 0.75 15.54 16.30 OK
r-patched-solaris-sparc 1.0 190.20 OK
r-patched-solaris-x86 1.0 42.00 OK
r-release-linux-ix86 1.0 0.94 21.68 22.62 OK
r-release-linux-x86_64 1.0 0.66 14.89 15.55 OK
r-release-osx-x86_64-mavericks 1.0 OK
r-release-osx-x86_64-snowleopard 1.0 OK
r-release-windows-ix86+x86_64 1.0 3.00 29.00 32.00 OK
r-oldrel-windows-ix86+x86_64 1.0 3.00 43.00 46.00 OK

Check Details

Version: 1.0
Check: DESCRIPTION meta-information
Result: NOTE
    Malformed Description field: should contain one or more complete sentences.
Flavors: r-devel-linux-x86_64-debian-clang, r-devel-linux-x86_64-debian-gcc, r-devel-linux-x86_64-fedora-clang, r-devel-linux-x86_64-fedora-gcc, r-devel-osx-x86_64-clang, r-devel-windows-ix86+x86_64