CRAN Package Check Results for Package ProDenICA

Last updated on 2015-07-06 23:47:57.

Flavor Version Tinstall Tcheck Ttotal Status Flags
r-devel-linux-x86_64-debian-clang 1.0 0.59 13.53 14.12 NOTE
r-devel-linux-x86_64-debian-gcc 1.0 0.59 13.75 14.34 NOTE
r-devel-linux-x86_64-fedora-clang 1.0 26.75 NOTE
r-devel-linux-x86_64-fedora-gcc 1.0 26.11 NOTE
r-devel-osx-x86_64-clang 1.0 26.52 NOTE
r-devel-windows-ix86+x86_64 1.0 5.00 41.00 46.00 NOTE
r-patched-linux-x86_64 1.0 0.62 13.99 14.62 NOTE
r-patched-solaris-sparc 1.0 185.30 NOTE
r-patched-solaris-x86 1.0 38.90 NOTE
r-release-linux-x86_64 1.0 0.64 13.90 14.54 NOTE
r-release-osx-x86_64-mavericks 1.0 NOTE
r-release-windows-ix86+x86_64 1.0 5.00 26.00 31.00 NOTE
r-oldrel-windows-ix86+x86_64 1.0 6.00 29.00 35.00 OK

Check Details

Version: 1.0
Check: DESCRIPTION meta-information
Result: NOTE
    Malformed Description field: should contain one or more complete sentences.
Flavors: r-devel-linux-x86_64-debian-clang, r-devel-linux-x86_64-debian-gcc, r-devel-linux-x86_64-fedora-clang, r-devel-linux-x86_64-fedora-gcc, r-devel-osx-x86_64-clang, r-devel-windows-ix86+x86_64, r-patched-linux-x86_64, r-patched-solaris-sparc, r-patched-solaris-x86, r-release-linux-x86_64, r-release-osx-x86_64-mavericks, r-release-windows-ix86+x86_64

Version: 1.0
Check: R code for possible problems
Result: NOTE
    GPois: no visible global function definition for ‘dnorm’
    GPois: no visible binding for global variable ‘poisson’
    GPois: no visible global function definition for ‘predict’
    GPois: no visible global function definition for ‘fitted’
    GPois: no visible global function definition for ‘residuals’
    GPois: no visible global function definition for ‘smooth.spline’
    ProDenICA: no visible global function definition for ‘rnorm’
    d.gaussmix: no visible global function definition for ‘dnorm’
    djordan: no visible global function definition for ‘dt’
    djordan: no visible global function definition for ‘dunif’
    mixmat: no visible global function definition for ‘rnorm’
    mixmat: no visible global function definition for ‘runif’
    plot.ProDenICA: no visible global function definition for ‘plot’
    r.gaussmix: no visible global function definition for ‘rmultinom’
    r.gaussmix: no visible global function definition for ‘rnorm’
    rjordan: no visible global function definition for ‘rt’
    rjordan: no visible global function definition for ‘runif’
    rmix.dexp: no visible global function definition for ‘runif’
    Undefined global functions or variables:
     dnorm dt dunif fitted plot poisson predict residuals rmultinom rnorm
     rt runif smooth.spline
Flavors: r-devel-linux-x86_64-debian-clang, r-devel-linux-x86_64-debian-gcc, r-devel-linux-x86_64-fedora-clang, r-devel-linux-x86_64-fedora-gcc, r-devel-windows-ix86+x86_64