CRAN Package Check Results for Package ProFound

Last updated on 2019-07-19 11:48:47 CEST.

Flavor Version Tinstall Tcheck Ttotal Status Flags
r-devel-linux-x86_64-debian-clang 1.3.4 31.38 79.90 111.28 OK
r-devel-linux-x86_64-debian-gcc 1.3.4 23.59 62.64 86.23 OK
r-devel-linux-x86_64-fedora-clang 1.3.4 142.89 OK
r-devel-linux-x86_64-fedora-gcc 1.3.4 137.24 OK
r-devel-windows-ix86+x86_64 1.3.4 83.00 167.00 250.00 OK
r-patched-linux-x86_64 1.3.4 28.41 78.87 107.28 OK
r-patched-solaris-x86 1.3.4 201.20 OK
r-release-linux-x86_64 1.3.4 28.63 80.86 109.49 OK
r-release-windows-ix86+x86_64 1.3.4 59.00 117.00 176.00 OK
r-release-osx-x86_64 1.3.4 NOTE
r-oldrel-windows-ix86+x86_64 1.3.4 51.00 137.00 188.00 OK
r-oldrel-osx-x86_64 1.3.4 OK

Check Details

Version: 1.3.4
Check: package dependencies
Result: NOTE
    Package suggested but not available for checking: ‘EBImage’
Flavor: r-release-osx-x86_64