CRAN Package Check Results for Package ProFound

Last updated on 2019-10-16 18:49:07 CEST.

Flavor Version Tinstall Tcheck Ttotal Status Flags
r-devel-linux-x86_64-debian-clang 1.3.4 36.12 79.10 115.22 OK
r-devel-linux-x86_64-debian-gcc 1.3.4 25.79 62.31 88.10 OK
r-devel-linux-x86_64-fedora-clang 1.3.4 148.96 OK
r-devel-linux-x86_64-fedora-gcc 1.3.4 139.54 OK
r-devel-windows-ix86+x86_64 1.3.4 88.00 166.00 254.00 OK
r-patched-linux-x86_64 1.3.4 26.59 77.96 104.55 OK
r-patched-solaris-x86 1.3.4 174.30 OK
r-release-linux-x86_64 1.3.4 26.91 77.92 104.83 OK
r-release-windows-ix86+x86_64 1.3.4 61.00 131.00 192.00 OK
r-release-osx-x86_64 1.3.4 NOTE
r-oldrel-windows-ix86+x86_64 1.3.4 55.00 97.00 152.00 OK
r-oldrel-osx-x86_64 1.3.4 OK

Check Details

Version: 1.3.4
Check: package dependencies
Result: NOTE
    Package suggested but not available for checking: ‘EBImage’
Flavor: r-release-osx-x86_64