CRAN Package Check Results for Package ProbForecastGOP

Last updated on 2014-04-20 09:48:20.

Flavor Version Tinstall Tcheck Ttotal Status Flags
r-devel-linux-x86_64-debian-clang 1.3.2 3.24 67.00 70.23 NOTE
r-devel-linux-x86_64-debian-gcc 1.3.2 3.46 67.34 70.80 NOTE
r-devel-linux-x86_64-fedora-clang 1.3.2 141.88 NOTE
r-devel-linux-x86_64-fedora-gcc 1.3.2 135.92 NOTE
r-devel-macosx-x86_64-clang 1.3.2 107.47 NOTE
r-devel-macosx-x86_64-gcc 1.3.2 ERROR
r-devel-windows-ix86+x86_64 1.3.2 11.00 97.00 108.00 NOTE
r-patched-linux-x86_64 1.3.2 3.23 66.88 70.11 NOTE
r-patched-solaris-sparc 1.3.2 851.50 NOTE
r-patched-solaris-x86 1.3.2 187.70 NOTE
r-release-linux-ix86 NOTE
r-release-linux-x86_64 1.3.2 3.17 66.79 69.96 NOTE
r-release-macosx-x86_64 1.3.2 NOTE
r-release-windows-ix86+x86_64 1.3.2 14.00 98.00 112.00 NOTE
r-oldrel-windows-ix86+x86_64 1.3.2 11.00 92.00 103.00 NOTE

Check Details

Version: 1.3.2
Check: Rd files
Result: NOTE
    prepare_Rd: ProbForecastGOP-package.Rd:42-43: Dropping empty section \seealso
Flavors: r-devel-linux-x86_64-debian-clang, r-devel-linux-x86_64-debian-gcc, r-devel-linux-x86_64-fedora-clang, r-devel-linux-x86_64-fedora-gcc, r-devel-macosx-x86_64-clang, r-devel-windows-ix86+x86_64, r-patched-linux-x86_64, r-patched-solaris-sparc, r-patched-solaris-x86, r-release-linux-ix86, r-release-linux-x86_64, r-release-macosx-x86_64, r-release-windows-ix86+x86_64, r-oldrel-windows-ix86+x86_64

Version: 1.3.2
Check: Rd line widths
Result: NOTE
    Rd file 'Emp.variog.Rd':
     \usage lines wider than 90 characters:
     Emp.variog(day, obs, forecast, id, coord1, coord2, cut.points=NULL, max.dist=NULL, nbins=300)
    
    Rd file 'EmpDir.variog.Rd':
     \usage lines wider than 90 characters:
     EmpDir.variog(day, obs, forecast, id, coord1, coord2, tol.angle1=45, tol.angle2=135, cut.points=NULL, max.dist=NULL, nbins=300, type)
     \examples lines wider than 100 characters:
     plot(dir.variog$bin.midpoints,dir.variog$dir.variog,xlab="Distance",ylab="Semi-variance",main="Empirical Directional variogram")
    
    Rd file 'Field.sim.Rd':
     \usage lines wider than 90 characters:
     Field.sim(obs, forecast, coord1.grid, coord2.grid, forecast.grid,variog.model="exponential", param.est, n.sim=99, n.displ=4,
    
    Rd file 'avg.variog.Rd':
     \examples lines wider than 100 characters:
     variogram <- avg.variog(day=day, coord1=coord1,coord2=coord2,id=id,variable=obs,cut.points=NULL,max.dist=NULL,nbins=NULL)
     plot(variogram$bin.midpoints,variogram$empir.variog,xlab="Distance", ylab="Semi-variance",main="Empirical variogram")
    
    Rd file 'avg.variog.dir.Rd':
     \examples lines wider than 100 characters:
     dir.variog <- avg.variog.dir(day,coord1,coord2,id,variable=obs, tol.angle1=NULL,tol.angle2=NULL,cut.points=NULL,max.dist=NULL, nbins=NU ... [TRUNCATED]
     plot(dir.variog$bin.midpoints,dir.variog$dir.variog,xlab="Distance", ylab="Semi-variance",main="Empirical Directional variogram")
    
    Rd file 'linesmodel.Rd':
     \examples lines wider than 100 characters:
     lines(variogram$bin.midpoints,linesmodel(distance=variogram$bin.midpoints,variog.model="exponential",param=c(param.variog$nugget,
    
    These lines will be truncated in the PDF manual.
Flavors: r-devel-linux-x86_64-fedora-clang, r-devel-linux-x86_64-fedora-gcc

Version: 1.3.2
Check: package dependencies
Result: ERROR
    Packages required but not available: ‘RandomFields’ ‘fields’
    
    See the information on DESCRIPTION files in the chapter ‘Creating R
    packages’ of the ‘Writing R Extensions’ manual.
Flavor: r-devel-macosx-x86_64-gcc

Version: 1.3.2
Check: installed package size
Result: NOTE
     installed size is 5.3Mb
     sub-directories of 1Mb or more:
     data 4.4Mb
Flavors: r-patched-solaris-sparc, r-patched-solaris-x86