CRAN Package Check Results for Package ProbForecastGOP

Last updated on 2015-07-30 15:48:23.

Flavor Version Tinstall Tcheck Ttotal Status Flags
r-devel-linux-x86_64-debian-clang 1.3.2 2.77 61.17 63.94 NOTE
r-devel-linux-x86_64-debian-gcc 1.3.2 2.69 59.78 62.47 NOTE
r-devel-linux-x86_64-fedora-clang 1.3.2 120.24 NOTE
r-devel-linux-x86_64-fedora-gcc 1.3.2 113.54 NOTE
r-devel-osx-x86_64-clang 1.3.2 100.28 NOTE
r-devel-windows-ix86+x86_64 1.3.2 14.00 105.00 119.00 NOTE
r-patched-linux-x86_64 1.3.2 2.94 60.22 63.16 NOTE
r-patched-solaris-sparc 1.3.2 826.00 NOTE
r-patched-solaris-x86 1.3.2 169.10 NOTE
r-release-linux-x86_64 1.3.2 2.65 59.84 62.50 NOTE
r-release-osx-x86_64-mavericks 1.3.2 NOTE
r-release-windows-ix86+x86_64 1.3.2 14.00 98.00 112.00 NOTE
r-oldrel-windows-ix86+x86_64 1.3.2 19.00 120.00 139.00 NOTE

Check Details

Version: 1.3.2
Check: R code for possible problems
Result: NOTE
    Emp.variog: no visible global function definition for ‘lm’
    Emp.variog: no visible global function definition for ‘var’
    Emp.variog: no visible binding for global variable ‘median’
    Emp.variog: no visible global function definition for ‘quantile’
    EmpDir.variog: no visible global function definition for ‘lm’
    EmpDir.variog: no visible global function definition for ‘var’
    EmpDir.variog: no visible binding for global variable ‘median’
    EmpDir.variog: no visible global function definition for ‘quantile’
    Field.sim: no visible global function definition for ‘lm’
    Field.sim: no visible global function definition for ‘qnorm’
    Field.sim: no visible global function definition for ‘par’
    ProbForecastGOP: no visible global function definition for ‘lm’
    ProbForecastGOP: no visible global function definition for ‘var’
    ProbForecastGOP: no visible binding for global variable ‘median’
    ProbForecastGOP: no visible global function definition for ‘quantile’
    ProbForecastGOP: no visible global function definition for ‘lines’
    ProbForecastGOP: no visible global function definition for ‘qnorm’
    ProbForecastGOP: no visible global function definition for ‘par’
    avg.variog: no visible global function definition for ‘var’
    avg.variog: no visible binding for global variable ‘median’
    avg.variog: no visible global function definition for ‘quantile’
    avg.variog.dir: no visible binding for global variable ‘median’
    avg.variog.dir: no visible global function definition for ‘quantile’
    ens.plot: no visible global function definition for ‘rainbow’
    model.fit: no visible global function definition for ‘lowess’
    model.fit: no visible global function definition for ‘optim’
    plotfields: no visible global function definition for ‘par’
    plotfields: no visible global function definition for ‘rainbow’
    Undefined global functions or variables:
     lines lm lowess median optim par qnorm quantile rainbow var
    Consider adding
     importFrom("grDevices", "rainbow")
     importFrom("graphics", "lines", "par")
     importFrom("stats", "lm", "lowess", "median", "optim", "qnorm",
     "quantile", "var")
    to your NAMESPACE.
Flavors: r-devel-linux-x86_64-debian-clang, r-devel-linux-x86_64-debian-gcc, r-devel-linux-x86_64-fedora-clang, r-devel-linux-x86_64-fedora-gcc, r-devel-windows-ix86+x86_64

Version: 1.3.2
Check: Rd files
Result: NOTE
    prepare_Rd: ProbForecastGOP-package.Rd:42-43: Dropping empty section \seealso
Flavors: r-devel-linux-x86_64-debian-clang, r-devel-linux-x86_64-debian-gcc, r-devel-linux-x86_64-fedora-clang, r-devel-linux-x86_64-fedora-gcc, r-devel-osx-x86_64-clang, r-devel-windows-ix86+x86_64, r-patched-linux-x86_64, r-patched-solaris-sparc, r-patched-solaris-x86, r-release-linux-x86_64, r-release-osx-x86_64-mavericks, r-release-windows-ix86+x86_64, r-oldrel-windows-ix86+x86_64

Version: 1.3.2
Check: Rd line widths
Result: NOTE
    Rd file 'Emp.variog.Rd':
     \usage lines wider than 90 characters:
     Emp.variog(day, obs, forecast, id, coord1, coord2, cut.points=NULL, max.dist=NULL, nbins=300)
    
    Rd file 'EmpDir.variog.Rd':
     \usage lines wider than 90 characters:
     EmpDir.variog(day, obs, forecast, id, coord1, coord2, tol.angle1=45, tol.angle2=135, cut.points=NULL, max.dist=NULL, nbins=300, type)
     \examples lines wider than 100 characters:
     plot(dir.variog$bin.midpoints,dir.variog$dir.variog,xlab="Distance",ylab="Semi-variance",main="Empirical Directional variogram")
    
    Rd file 'Field.sim.Rd':
     \usage lines wider than 90 characters:
     Field.sim(obs, forecast, coord1.grid, coord2.grid, forecast.grid,variog.model="exponential", param.est, n.sim=99, n.displ=4,
    
    Rd file 'avg.variog.Rd':
     \examples lines wider than 100 characters:
     variogram <- avg.variog(day=day, coord1=coord1,coord2=coord2,id=id,variable=obs,cut.points=NULL,max.dist=NULL,nbins=NULL)
     plot(variogram$bin.midpoints,variogram$empir.variog,xlab="Distance", ylab="Semi-variance",main="Empirical variogram")
    
    Rd file 'avg.variog.dir.Rd':
     \examples lines wider than 100 characters:
     dir.variog <- avg.variog.dir(day,coord1,coord2,id,variable=obs, tol.angle1=NULL,tol.angle2=NULL,cut.points=NULL,max.dist=NULL, nbins=NU ... [TRUNCATED]
     plot(dir.variog$bin.midpoints,dir.variog$dir.variog,xlab="Distance", ylab="Semi-variance",main="Empirical Directional variogram")
    
    Rd file 'linesmodel.Rd':
     \examples lines wider than 100 characters:
     lines(variogram$bin.midpoints,linesmodel(distance=variogram$bin.midpoints,variog.model="exponential",param=c(param.variog$nugget,
    
    These lines will be truncated in the PDF manual.
Flavors: r-devel-linux-x86_64-debian-clang, r-devel-linux-x86_64-debian-gcc, r-devel-linux-x86_64-fedora-clang, r-devel-linux-x86_64-fedora-gcc, r-patched-linux-x86_64, r-release-linux-x86_64

Version: 1.3.2
Check: installed package size
Result: NOTE
     installed size is 5.3Mb
     sub-directories of 1Mb or more:
     data 4.4Mb
Flavors: r-patched-solaris-sparc, r-patched-solaris-x86