CRAN Package Check Results for Package ProbForecastGOP

Last updated on 2014-10-01 15:50:05.

Flavor Version Tinstall Tcheck Ttotal Status Flags
r-devel-linux-x86_64-debian-clang 1.3.2 3.79 74.06 77.85 NOTE
r-devel-linux-x86_64-debian-gcc 1.3.2 3.65 73.97 77.62 NOTE
r-devel-linux-x86_64-fedora-clang 1.3.2 155.99 NOTE
r-devel-linux-x86_64-fedora-gcc 1.3.2 155.83 NOTE
r-devel-osx-x86_64-clang 1.3.2 124.17 NOTE
r-devel-windows-ix86+x86_64 1.3.2 19.00 123.00 142.00 NOTE
r-patched-linux-x86_64 1.3.2 3.97 76.34 80.31 NOTE
r-patched-solaris-sparc 1.3.2 861.50 NOTE
r-patched-solaris-x86 1.3.2 217.70 NOTE
r-release-linux-ix86 1.3.2 4.96 96.56 101.52 NOTE
r-release-linux-x86_64 1.3.2 3.99 76.68 80.67 NOTE
r-release-osx-x86_64-mavericks 1.3.2 NOTE
r-release-osx-x86_64-snowleopard 1.3.2 NOTE
r-release-windows-ix86+x86_64 1.3.2 21.00 138.00 159.00 NOTE
r-oldrel-windows-ix86+x86_64 1.3.2 22.00 121.00 143.00 NOTE

Check Details

Version: 1.3.2
Check: Rd files
Result: NOTE
    prepare_Rd: ProbForecastGOP-package.Rd:42-43: Dropping empty section \seealso
Flavors: r-devel-linux-x86_64-debian-clang, r-devel-linux-x86_64-debian-gcc, r-devel-linux-x86_64-fedora-clang, r-devel-linux-x86_64-fedora-gcc, r-devel-osx-x86_64-clang, r-devel-windows-ix86+x86_64, r-patched-linux-x86_64, r-patched-solaris-sparc, r-patched-solaris-x86, r-release-linux-ix86, r-release-linux-x86_64, r-release-osx-x86_64-mavericks, r-release-osx-x86_64-snowleopard, r-release-windows-ix86+x86_64, r-oldrel-windows-ix86+x86_64

Version: 1.3.2
Check: Rd line widths
Result: NOTE
    Rd file 'Emp.variog.Rd':
     \usage lines wider than 90 characters:
     Emp.variog(day, obs, forecast, id, coord1, coord2, cut.points=NULL, max.dist=NULL, nbins=300)
    
    Rd file 'EmpDir.variog.Rd':
     \usage lines wider than 90 characters:
     EmpDir.variog(day, obs, forecast, id, coord1, coord2, tol.angle1=45, tol.angle2=135, cut.points=NULL, max.dist=NULL, nbins=300, type)
     \examples lines wider than 100 characters:
     plot(dir.variog$bin.midpoints,dir.variog$dir.variog,xlab="Distance",ylab="Semi-variance",main="Empirical Directional variogram")
    
    Rd file 'Field.sim.Rd':
     \usage lines wider than 90 characters:
     Field.sim(obs, forecast, coord1.grid, coord2.grid, forecast.grid,variog.model="exponential", param.est, n.sim=99, n.displ=4,
    
    Rd file 'avg.variog.Rd':
     \examples lines wider than 100 characters:
     variogram <- avg.variog(day=day, coord1=coord1,coord2=coord2,id=id,variable=obs,cut.points=NULL,max.dist=NULL,nbins=NULL)
     plot(variogram$bin.midpoints,variogram$empir.variog,xlab="Distance", ylab="Semi-variance",main="Empirical variogram")
    
    Rd file 'avg.variog.dir.Rd':
     \examples lines wider than 100 characters:
     dir.variog <- avg.variog.dir(day,coord1,coord2,id,variable=obs, tol.angle1=NULL,tol.angle2=NULL,cut.points=NULL,max.dist=NULL, nbins=NU ... [TRUNCATED]
     plot(dir.variog$bin.midpoints,dir.variog$dir.variog,xlab="Distance", ylab="Semi-variance",main="Empirical Directional variogram")
    
    Rd file 'linesmodel.Rd':
     \examples lines wider than 100 characters:
     lines(variogram$bin.midpoints,linesmodel(distance=variogram$bin.midpoints,variog.model="exponential",param=c(param.variog$nugget,
    
    These lines will be truncated in the PDF manual.
Flavors: r-devel-linux-x86_64-debian-clang, r-devel-linux-x86_64-debian-gcc, r-devel-linux-x86_64-fedora-clang, r-devel-linux-x86_64-fedora-gcc, r-patched-linux-x86_64, r-release-linux-x86_64

Version: 1.3.2
Check: installed package size
Result: NOTE
     installed size is 5.3Mb
     sub-directories of 1Mb or more:
     data 4.4Mb
Flavors: r-patched-solaris-sparc, r-patched-solaris-x86