CRAN Package Check Results for Package ProfileLikelihood

Last updated on 2015-05-23 03:48:50.

Flavor Version Tinstall Tcheck Ttotal Status Flags
r-devel-linux-x86_64-debian-clang 1.1 0.75 39.90 40.65 NOTE
r-devel-linux-x86_64-debian-gcc 1.1 0.74 38.76 39.50 NOTE
r-devel-linux-x86_64-fedora-clang 1.1 82.69 NOTE
r-devel-linux-x86_64-fedora-gcc 1.1 75.93 NOTE
r-devel-osx-x86_64-clang 1.1 70.13 NOTE
r-devel-windows-ix86+x86_64 1.1 3.00 62.00 65.00 NOTE
r-patched-linux-x86_64 1.1 0.79 38.08 38.87 NOTE
r-patched-solaris-sparc 1.1 467.30 NOTE
r-patched-solaris-x86 1.1 91.80 NOTE
r-release-linux-x86_64 1.1 0.75 38.70 39.45 NOTE
r-release-osx-x86_64-mavericks 1.1 NOTE
r-release-osx-x86_64-snowleopard 1.1 NOTE
r-release-windows-ix86+x86_64 1.1 3.00 66.00 69.00 NOTE
r-oldrel-windows-ix86+x86_64 1.1 4.00 70.00 74.00 NOTE

Check Details

Version: 1.1
Check: dependencies in R code
Result: NOTE
    Packages in Depends field not imported from:
     ‘MASS’ ‘nlme’
     These packages need to be imported from (in the NAMESPACE file)
     for when this namespace is loaded but not attached.
Flavors: r-devel-linux-x86_64-debian-clang, r-devel-linux-x86_64-debian-gcc, r-devel-linux-x86_64-fedora-clang, r-devel-linux-x86_64-fedora-gcc, r-devel-osx-x86_64-clang, r-devel-windows-ix86+x86_64, r-patched-linux-x86_64, r-patched-solaris-sparc, r-patched-solaris-x86, r-release-linux-x86_64, r-release-osx-x86_64-mavericks, r-release-osx-x86_64-snowleopard, r-release-windows-ix86+x86_64, r-oldrel-windows-ix86+x86_64

Version: 1.1
Check: R code for possible problems
Result: NOTE
    LR.pvalue: warning in matrix(c(y1, y2, (n1 - y1), (n2 - y2)), nr = 2,
     dimnames = list(c("treat", "control"), c("Success", "No success"))):
     partial argument match of ‘nr’ to ‘nrow’
    profilelike.gls: no visible global function definition for ‘gls’
    profilelike.lme: no visible global function definition for ‘lme’
    profilelike.polr: no visible global function definition for ‘polr’
Flavors: r-devel-linux-x86_64-debian-clang, r-devel-linux-x86_64-debian-gcc, r-devel-linux-x86_64-fedora-clang, r-devel-linux-x86_64-fedora-gcc, r-devel-osx-x86_64-clang, r-devel-windows-ix86+x86_64, r-patched-linux-x86_64, r-patched-solaris-sparc, r-patched-solaris-x86, r-release-linux-x86_64, r-release-osx-x86_64-mavericks, r-release-osx-x86_64-snowleopard, r-release-windows-ix86+x86_64, r-oldrel-windows-ix86+x86_64