CRAN Package Check Results for Package ProfileLikelihood

Last updated on 2014-11-27 19:49:54.

Flavor Version Tinstall Tcheck Ttotal Status Flags
r-devel-linux-x86_64-debian-clang 1.1 0.88 45.98 46.86 NOTE
r-devel-linux-x86_64-debian-gcc 1.1 0.84 40.96 41.80 NOTE
r-devel-linux-x86_64-fedora-clang 1.1 91.60 NOTE
r-devel-linux-x86_64-fedora-gcc 1.1 87.79 NOTE
r-devel-osx-x86_64-clang 1.1 75.06 NOTE
r-devel-windows-ix86+x86_64 1.1 4.00 63.00 67.00 NOTE
r-patched-linux-x86_64 1.1 0.89 45.80 46.70 NOTE
r-patched-solaris-sparc 1.1 525.50 NOTE
r-patched-solaris-x86 1.1 103.60 NOTE
r-release-linux-ix86 1.1 1.18 55.91 57.10 NOTE
r-release-linux-x86_64 1.1 0.90 46.34 47.24 NOTE
r-release-osx-x86_64-mavericks 1.1 NOTE
r-release-osx-x86_64-snowleopard 1.1 NOTE
r-release-windows-ix86+x86_64 1.1 4.00 69.00 73.00 NOTE
r-oldrel-windows-ix86+x86_64 1.1 4.00 75.00 79.00 NOTE

Check Details

Version: 1.1
Check: dependencies in R code
Result: NOTE
    Packages in Depends field not imported from:
     ‘MASS’ ‘nlme’
     These packages need to be imported from (in the NAMESPACE file)
     for when this namespace is loaded but not attached.
    See the information on DESCRIPTION files in the chapter ‘Creating R
    packages’ of the ‘Writing R Extensions’ manual.
Flavors: r-devel-linux-x86_64-debian-clang, r-devel-linux-x86_64-debian-gcc, r-devel-linux-x86_64-fedora-clang, r-devel-linux-x86_64-fedora-gcc, r-devel-osx-x86_64-clang, r-devel-windows-ix86+x86_64, r-patched-linux-x86_64, r-patched-solaris-sparc, r-patched-solaris-x86, r-release-linux-ix86, r-release-linux-x86_64, r-release-osx-x86_64-mavericks, r-release-windows-ix86+x86_64, r-oldrel-windows-ix86+x86_64

Version: 1.1
Check: R code for possible problems
Result: NOTE
    LR.pvalue: warning in matrix(c(y1, y2, (n1 - y1), (n2 - y2)), nr = 2,
     dimnames = list(c("treat", "control"), c("Success", "No success"))):
     partial argument match of ‘nr’ to ‘nrow’
    profilelike.gls: no visible global function definition for ‘gls’
    profilelike.lme: no visible global function definition for ‘lme’
    profilelike.polr: no visible global function definition for ‘polr’
Flavors: r-devel-linux-x86_64-debian-clang, r-devel-linux-x86_64-debian-gcc, r-devel-linux-x86_64-fedora-clang, r-devel-linux-x86_64-fedora-gcc, r-devel-osx-x86_64-clang, r-devel-windows-ix86+x86_64, r-patched-linux-x86_64, r-patched-solaris-sparc, r-patched-solaris-x86, r-release-linux-ix86, r-release-linux-x86_64, r-release-windows-ix86+x86_64

Version: 1.1
Check: R code for possible problems
Result: NOTE
    LR.pvalue: warning in matrix(c(y1, y2, (n1 - y1), (n2 - y2)), nr = 2,
     dimnames = list(c("treat", "control"), c("Success", "No success"))):
     partial argument match of 'nr' to 'nrow'
Flavors: r-release-osx-x86_64-mavericks, r-release-osx-x86_64-snowleopard, r-oldrel-windows-ix86+x86_64