CRAN Package Check Results for Package ProfileLikelihood

Last updated on 2014-12-22 14:48:48.

Flavor Version Tinstall Tcheck Ttotal Status Flags
r-devel-linux-x86_64-debian-clang 1.1 0.92 42.74 43.66 NOTE
r-devel-linux-x86_64-debian-gcc 1.1 0.85 40.23 41.08 NOTE
r-devel-linux-x86_64-fedora-clang 1.1 88.50 NOTE
r-devel-linux-x86_64-fedora-gcc 1.1 85.14 NOTE
r-devel-osx-x86_64-clang 1.1 76.26 NOTE
r-devel-windows-ix86+x86_64 1.1 4.00 65.00 69.00 NOTE
r-patched-linux-x86_64 1.1 0.91 46.43 47.34 NOTE
r-patched-solaris-sparc 1.1 526.60 NOTE
r-patched-solaris-x86 1.1 104.40 NOTE
r-release-linux-ix86 1.1 1.18 56.19 57.37 NOTE
r-release-linux-x86_64 1.1 0.90 46.15 47.05 NOTE
r-release-osx-x86_64-mavericks 1.1 NOTE
r-release-osx-x86_64-snowleopard 1.1 NOTE
r-release-windows-ix86+x86_64 1.1 4.00 72.00 76.00 NOTE
r-oldrel-windows-ix86+x86_64 1.1 4.00 80.00 84.00 NOTE

Check Details

Version: 1.1
Check: dependencies in R code
Result: NOTE
    Packages in Depends field not imported from:
     ‘MASS’ ‘nlme’
     These packages need to be imported from (in the NAMESPACE file)
     for when this namespace is loaded but not attached.
    See the information on DESCRIPTION files in the chapter ‘Creating R
    packages’ of the ‘Writing R Extensions’ manual.
Flavors: r-devel-linux-x86_64-debian-clang, r-devel-linux-x86_64-debian-gcc, r-devel-linux-x86_64-fedora-clang, r-devel-linux-x86_64-fedora-gcc, r-devel-osx-x86_64-clang, r-devel-windows-ix86+x86_64, r-patched-linux-x86_64, r-patched-solaris-sparc, r-patched-solaris-x86, r-release-linux-ix86, r-release-linux-x86_64, r-release-osx-x86_64-mavericks, r-release-windows-ix86+x86_64, r-oldrel-windows-ix86+x86_64

Version: 1.1
Check: R code for possible problems
Result: NOTE
    LR.pvalue: warning in matrix(c(y1, y2, (n1 - y1), (n2 - y2)), nr = 2,
     dimnames = list(c("treat", "control"), c("Success", "No success"))):
     partial argument match of ‘nr’ to ‘nrow’
    profilelike.gls: no visible global function definition for ‘gls’
    profilelike.lme: no visible global function definition for ‘lme’
    profilelike.polr: no visible global function definition for ‘polr’
Flavors: r-devel-linux-x86_64-debian-clang, r-devel-linux-x86_64-debian-gcc, r-devel-linux-x86_64-fedora-clang, r-devel-linux-x86_64-fedora-gcc, r-devel-osx-x86_64-clang, r-devel-windows-ix86+x86_64, r-patched-linux-x86_64, r-patched-solaris-sparc, r-patched-solaris-x86, r-release-linux-ix86, r-release-linux-x86_64, r-release-windows-ix86+x86_64

Version: 1.1
Check: R code for possible problems
Result: NOTE
    LR.pvalue: warning in matrix(c(y1, y2, (n1 - y1), (n2 - y2)), nr = 2,
     dimnames = list(c("treat", "control"), c("Success", "No success"))):
     partial argument match of 'nr' to 'nrow'
Flavors: r-release-osx-x86_64-mavericks, r-release-osx-x86_64-snowleopard, r-oldrel-windows-ix86+x86_64