CRAN Package Check Results for Package ProfileLikelihood

Last updated on 2014-09-02 22:47:46.

Flavor Version Tinstall Tcheck Ttotal Status Flags
r-devel-linux-x86_64-debian-clang 1.1 0.82 42.06 42.89 NOTE
r-devel-linux-x86_64-debian-gcc 1.1 0.82 41.17 41.99 NOTE
r-devel-linux-x86_64-fedora-clang 1.1 89.92 NOTE
r-devel-linux-x86_64-fedora-gcc 1.1 86.90 NOTE
r-devel-osx-x86_64-clang 1.1 69.17 NOTE
r-devel-windows-ix86+x86_64 1.1 4.00 63.00 67.00 NOTE
r-patched-linux-x86_64 1.1 0.88 45.46 46.34 NOTE
r-patched-solaris-sparc 1.1 516.80 NOTE
r-patched-solaris-x86 1.1 101.50 NOTE
r-release-linux-ix86 1.1 1.20 56.75 57.95 NOTE
r-release-linux-x86_64 1.1 0.88 46.10 46.98 NOTE
r-release-osx-x86_64-mavericks 1.1 NOTE
r-release-osx-x86_64-snowleopard 1.1 NOTE
r-release-windows-ix86+x86_64 1.1 3.00 77.00 80.00 NOTE
r-oldrel-windows-ix86+x86_64 1.1 4.00 79.00 83.00 NOTE

Check Details

Version: 1.1
Check: dependencies in R code
Result: NOTE
    Packages in Depends field not imported from:
     ‘MASS’ ‘nlme’
     These packages need to be imported from (in the NAMESPACE file)
     for when this namespace is loaded but not attached.
    See the information on DESCRIPTION files in the chapter ‘Creating R
    packages’ of the ‘Writing R Extensions’ manual.
Flavors: r-devel-linux-x86_64-debian-clang, r-devel-linux-x86_64-debian-gcc, r-devel-linux-x86_64-fedora-clang, r-devel-linux-x86_64-fedora-gcc, r-devel-osx-x86_64-clang, r-devel-windows-ix86+x86_64, r-patched-linux-x86_64, r-patched-solaris-sparc, r-patched-solaris-x86, r-release-linux-ix86, r-release-linux-x86_64, r-release-osx-x86_64-mavericks, r-release-windows-ix86+x86_64, r-oldrel-windows-ix86+x86_64

Version: 1.1
Check: R code for possible problems
Result: NOTE
    LR.pvalue: warning in matrix(c(y1, y2, (n1 - y1), (n2 - y2)), nr = 2,
     dimnames = list(c("treat", "control"), c("Success", "No success"))):
     partial argument match of 'nr' to 'nrow'
    profilelike.gls: no visible global function definition for ‘gls’
    profilelike.lme: no visible global function definition for ‘lme’
    profilelike.polr: no visible global function definition for ‘polr’
Flavors: r-devel-linux-x86_64-debian-clang, r-devel-linux-x86_64-debian-gcc, r-devel-linux-x86_64-fedora-clang, r-devel-linux-x86_64-fedora-gcc, r-devel-osx-x86_64-clang, r-devel-windows-ix86+x86_64

Version: 1.1
Check: R code for possible problems
Result: NOTE
    LR.pvalue: warning in matrix(c(y1, y2, (n1 - y1), (n2 - y2)), nr = 2,
     dimnames = list(c("treat", "control"), c("Success", "No success"))):
     partial argument match of 'nr' to 'nrow'
Flavors: r-patched-linux-x86_64, r-patched-solaris-sparc, r-patched-solaris-x86, r-release-linux-ix86, r-release-linux-x86_64, r-release-osx-x86_64-mavericks, r-release-osx-x86_64-snowleopard, r-release-windows-ix86+x86_64, r-oldrel-windows-ix86+x86_64