CRAN Package Check Results for Package ProfileLikelihood

Last updated on 2014-04-17 10:47:54.

Flavor Version Tinstall Tcheck Ttotal Status Flags
r-devel-linux-x86_64-debian-clang 1.1 0.91 46.66 47.57 NOTE
r-devel-linux-x86_64-debian-gcc 1.1 0.91 47.70 48.62 NOTE
r-devel-linux-x86_64-fedora-clang 1.1 99.36 NOTE
r-devel-linux-x86_64-fedora-gcc 1.1 91.71 NOTE
r-devel-macosx-x86_64-clang 1.1 78.01 NOTE
r-devel-macosx-x86_64-gcc 1.1 NOTE
r-devel-windows-ix86+x86_64 1.1 4.00 30.00 34.00 ERROR
r-patched-linux-x86_64 1.1 0.92 47.48 48.40 NOTE
r-patched-solaris-sparc 1.1 506.10 NOTE
r-patched-solaris-x86 1.1 104.10 NOTE
r-release-linux-ix86 1.1 2.00 71.00 73.00 NOTE
r-release-linux-x86_64 1.1 0.90 46.98 47.88 NOTE
r-release-macosx-x86_64 1.1 NOTE
r-release-windows-ix86+x86_64 1.1 4.00 80.00 84.00 NOTE
r-oldrel-windows-ix86+x86_64 1.1 4.00 73.00 77.00 NOTE

Check Details

Version: 1.1
Check: dependencies in R code
Result: NOTE
    Packages in Depends field not imported from:
     ‘MASS’ ‘nlme’
     These packages need to be imported from (in the NAMESPACE file)
     for when this namespace is loaded but not attached.
    See the information on DESCRIPTION files in the chapter ‘Creating R
    packages’ of the ‘Writing R Extensions’ manual.
Flavors: r-devel-linux-x86_64-debian-clang, r-devel-linux-x86_64-debian-gcc, r-devel-linux-x86_64-fedora-clang, r-devel-linux-x86_64-fedora-gcc, r-devel-macosx-x86_64-clang, r-devel-macosx-x86_64-gcc, r-devel-windows-ix86+x86_64, r-patched-linux-x86_64, r-patched-solaris-sparc, r-patched-solaris-x86, r-release-linux-ix86, r-release-linux-x86_64, r-release-windows-ix86+x86_64, r-oldrel-windows-ix86+x86_64

Version: 1.1
Check: R code for possible problems
Result: NOTE
    LR.pvalue: warning in matrix(c(y1, y2, (n1 - y1), (n2 - y2)), nr = 2,
     dimnames = list(c("treat", "control"), c("Success", "No success"))):
     partial argument match of 'nr' to 'nrow'
Flavors: r-devel-linux-x86_64-debian-clang, r-devel-linux-x86_64-debian-gcc, r-devel-linux-x86_64-fedora-clang, r-devel-linux-x86_64-fedora-gcc, r-devel-macosx-x86_64-clang, r-devel-macosx-x86_64-gcc, r-devel-windows-ix86+x86_64, r-patched-linux-x86_64, r-patched-solaris-sparc, r-patched-solaris-x86, r-release-linux-ix86, r-release-linux-x86_64, r-release-macosx-x86_64, r-release-windows-ix86+x86_64, r-oldrel-windows-ix86+x86_64

Version: 1.1
Check: examples
Result: ERROR
    Running examples in 'ProfileLikelihood-Ex.R' failed
    The error most likely occurred in:
    
    > ### Name: profilelike.gls
    > ### Title: Profile Likelihood for Linear Models for Longitudinal Responses
    > ### Fitted by Generalized Least Squares
    > ### Aliases: profilelike.gls
    >
    > ### ** Examples
    >
    > xx <- profilelike.gls(formula=yield ~ endpoint, correlation=corAR1(form = ~ 1 | id),
    + data=Gasoline, subject="Sample", profile.theta="vapor", method="ML",
    + lo.theta=1, hi.theta=5, length=500, round=2)
Flavor: r-devel-windows-ix86+x86_64