CRAN Package Check Results for Package ProfileLikelihood

Last updated on 2014-08-30 11:51:32.

Flavor Version Tinstall Tcheck Ttotal Status Flags
r-devel-linux-x86_64-debian-clang 1.1 0.84 42.45 43.29 NOTE
r-devel-linux-x86_64-debian-gcc 1.1 0.84 41.24 42.08 NOTE
r-devel-linux-x86_64-fedora-clang 1.1 93.83 NOTE
r-devel-linux-x86_64-fedora-gcc 1.1 85.10 NOTE
r-devel-osx-x86_64-clang 1.1 69.79 NOTE
r-devel-windows-ix86+x86_64 1.1 5.00 66.00 71.00 NOTE
r-patched-linux-x86_64 1.1 0.86 46.06 46.92 NOTE
r-patched-solaris-sparc 1.1 516.80 NOTE
r-patched-solaris-x86 1.1 102.20 NOTE
r-release-linux-ix86 1.1 1.22 59.45 60.68 NOTE
r-release-linux-x86_64 1.1 0.93 49.73 50.66 NOTE
r-release-osx-x86_64-mavericks 1.1 NOTE
r-release-osx-x86_64-snowleopard 1.1 NOTE
r-release-windows-ix86+x86_64 1.1 4.00 78.00 82.00 NOTE
r-oldrel-windows-ix86+x86_64 1.1 3.00 75.00 78.00 NOTE

Check Details

Version: 1.1
Check: dependencies in R code
Result: NOTE
    Packages in Depends field not imported from:
     ‘MASS’ ‘nlme’
     These packages need to be imported from (in the NAMESPACE file)
     for when this namespace is loaded but not attached.
    See the information on DESCRIPTION files in the chapter ‘Creating R
    packages’ of the ‘Writing R Extensions’ manual.
Flavors: r-devel-linux-x86_64-debian-clang, r-devel-linux-x86_64-debian-gcc, r-devel-linux-x86_64-fedora-clang, r-devel-linux-x86_64-fedora-gcc, r-devel-osx-x86_64-clang, r-devel-windows-ix86+x86_64, r-patched-linux-x86_64, r-patched-solaris-sparc, r-patched-solaris-x86, r-release-linux-ix86, r-release-linux-x86_64, r-release-osx-x86_64-mavericks, r-release-windows-ix86+x86_64, r-oldrel-windows-ix86+x86_64

Version: 1.1
Check: R code for possible problems
Result: NOTE
    LR.pvalue: warning in matrix(c(y1, y2, (n1 - y1), (n2 - y2)), nr = 2,
     dimnames = list(c("treat", "control"), c("Success", "No success"))):
     partial argument match of 'nr' to 'nrow'
    profilelike.gls: no visible global function definition for ‘gls’
    profilelike.lme: no visible global function definition for ‘lme’
    profilelike.polr: no visible global function definition for ‘polr’
Flavors: r-devel-linux-x86_64-debian-clang, r-devel-linux-x86_64-debian-gcc, r-devel-linux-x86_64-fedora-clang, r-devel-linux-x86_64-fedora-gcc, r-devel-osx-x86_64-clang, r-devel-windows-ix86+x86_64

Version: 1.1
Check: R code for possible problems
Result: NOTE
    LR.pvalue: warning in matrix(c(y1, y2, (n1 - y1), (n2 - y2)), nr = 2,
     dimnames = list(c("treat", "control"), c("Success", "No success"))):
     partial argument match of 'nr' to 'nrow'
Flavors: r-patched-linux-x86_64, r-patched-solaris-sparc, r-patched-solaris-x86, r-release-linux-ix86, r-release-linux-x86_64, r-release-osx-x86_64-mavericks, r-release-osx-x86_64-snowleopard, r-release-windows-ix86+x86_64, r-oldrel-windows-ix86+x86_64