CRAN Package Check Results for Package ProgGUIinR

Last updated on 2014-04-24 07:52:34.

Flavor Version Tinstall Tcheck Ttotal Status Flags
r-devel-linux-x86_64-debian-clang 0.0-3 1.93 27.65 29.58 NOTE
r-devel-linux-x86_64-debian-gcc 0.0-3 1.88 26.86 28.73 NOTE
r-devel-linux-x86_64-fedora-clang 0.0-3 58.91 NOTE
r-devel-linux-x86_64-fedora-gcc 0.0-3 55.70 NOTE
r-devel-osx-x86_64-clang 0.0-3 60.69 NOTE
r-devel-osx-x86_64-gcc 0.0-3 ERROR
r-devel-windows-ix86+x86_64 0.0-3 7.00 43.00 50.00 NOTE
r-patched-linux-x86_64 0.0-3 1.92 28.30 30.21 NOTE
r-patched-solaris-sparc 0.0-3 315.90 NOTE
r-patched-solaris-x86 0.0-3 76.70 NOTE
r-release-linux-ix86 0.0-3 3.00 56.00 59.00 NOTE
r-release-linux-x86_64 0.0-3 1.98 26.81 28.79 NOTE
r-release-osx-x86_64-mavericks 0.0-3 WARN
r-release-osx-x86_64-snowleopard 0.0-3 NOTE
r-release-windows-ix86+x86_64 0.0-3 7.00 41.00 48.00 NOTE
r-oldrel-windows-ix86+x86_64 0.0-3 7.00 45.00 52.00 NOTE

Check Details

Version: 0.0-3
Check: DESCRIPTION meta-information
Result: NOTE
    Package listed in more than one of Depends, Imports, Suggests, Enhances:
     ‘ggplot2’
    A package should be listed in only one of these fields.
Flavors: r-devel-linux-x86_64-debian-clang, r-devel-linux-x86_64-debian-gcc, r-devel-linux-x86_64-fedora-clang, r-devel-linux-x86_64-fedora-gcc, r-devel-osx-x86_64-clang, r-devel-windows-ix86+x86_64, r-patched-linux-x86_64, r-patched-solaris-sparc, r-patched-solaris-x86, r-release-linux-ix86, r-release-linux-x86_64, r-release-osx-x86_64-mavericks, r-release-osx-x86_64-snowleopard, r-release-windows-ix86+x86_64, r-oldrel-windows-ix86+x86_64

Version: 0.0-3
Check: dependencies in R code
Result: NOTE
    'library' or 'require' call to ‘ggplot2’ which was already attached by Depends.
     Please remove these calls from your code.
    Packages in Depends field not imported from:
     ‘MASS’ ‘ggplot2’ ‘methods’ ‘svMisc’
     These packages need to be imported from (in the NAMESPACE file)
     for when this namespace is loaded but not attached.
    ':::' calls which should be '::':
     ‘grid:::gpar’ ‘grid:::grid.draw’ ‘grid:::textGrob’
     See the note in ?`:::` about the use of this operator.
    Unexported objects imported by ':::' calls:
     ‘ggplot2:::GeomAbline’ ‘ggplot2:::GeomBoxplot’
     ‘ggplot2:::GeomContour’ ‘ggplot2:::GeomDensity’
     ‘ggplot2:::GeomHistogram’ ‘ggplot2:::GeomLine’ ‘ggplot2:::GeomPoint’
     ‘ggplot2:::GeomPolygon’ ‘ggplot2:::GeomQuantile’ ‘ggplot2:::GeomRect’
     ‘ggplot2:::GeomRug’
     See the note in ?`:::` about the use of this operator.
    See the information on DESCRIPTION files in the chapter ‘Creating R
    packages’ of the ‘Writing R Extensions’ manual.
Flavors: r-devel-linux-x86_64-debian-clang, r-devel-linux-x86_64-debian-gcc, r-devel-linux-x86_64-fedora-clang, r-devel-linux-x86_64-fedora-gcc, r-devel-osx-x86_64-clang, r-devel-windows-ix86+x86_64, r-patched-linux-x86_64, r-patched-solaris-sparc, r-patched-solaris-x86, r-release-linux-ix86, r-release-linux-x86_64, r-release-osx-x86_64-mavericks, r-release-windows-ix86+x86_64, r-oldrel-windows-ix86+x86_64

Version: 0.0-3
Check: R code for possible problems
Result: NOTE
    browseRGtk2Files : <anonymous>: no visible global function definition
     for ‘Complete’
    browseRGtk2Files : <anonymous>: no visible global function definition
     for ‘Args’
Flavors: r-devel-linux-x86_64-debian-clang, r-devel-linux-x86_64-debian-gcc, r-devel-linux-x86_64-fedora-clang, r-devel-linux-x86_64-fedora-gcc, r-devel-osx-x86_64-clang, r-devel-windows-ix86+x86_64, r-patched-linux-x86_64, r-patched-solaris-sparc, r-patched-solaris-x86, r-release-linux-ix86, r-release-linux-x86_64, r-release-windows-ix86+x86_64, r-oldrel-windows-ix86+x86_64

Version: 0.0-3
Check: package dependencies
Result: NOTE
    Package suggested but not available for checking: ‘qtbase’
Flavors: r-devel-osx-x86_64-clang, r-devel-windows-ix86+x86_64, r-patched-solaris-sparc, r-patched-solaris-x86, r-release-osx-x86_64-snowleopard, r-release-windows-ix86+x86_64, r-oldrel-windows-ix86+x86_64

Version: 0.0-3
Check: package dependencies
Result: ERROR
    Package required but not available: ‘ggplot2’
    
    Package suggested but not available for checking: ‘qtbase’
    
    See the information on DESCRIPTION files in the chapter ‘Creating R
    packages’ of the ‘Writing R Extensions’ manual.
Flavor: r-devel-osx-x86_64-gcc

Version: 0.0-3
Check: package dependencies
Result: NOTE
    Packages suggested but not available for checking:
     ‘qtbase’ ‘RGtk2’ ‘cairoDevice’ ‘gWidgetsRGtk2’
Flavor: r-release-osx-x86_64-mavericks

Version: 0.0-3
Check: R code for possible problems
Result: NOTE
    browseRGtk2Files: no visible global function definition for ‘gtkWindow’
    browseRGtk2Files: no visible global function definition for ‘gtkVBox’
    browseRGtk2Files: no visible global function definition for
     ‘gtkToolbar’
    browseRGtk2Files: no visible global function definition for ‘gtkHPaned’
    browseRGtk2Files: no visible global function definition for ‘gtkFrame’
    browseRGtk2Files: no visible global function definition for
     ‘gtkTextView’
    browseRGtk2Files: no visible global function definition for
     ‘gtkScrolledWindow’
    browseRGtk2Files: no visible global function definition for
     ‘gtkStatusbar’
    browseRGtk2Files: no visible global function definition for
     ‘rGtkDataFrame’
    browseRGtk2Files: no visible global function definition for
     ‘gtkTreeView’
    browseRGtk2Files: no visible global function definition for
     ‘gtkTreeViewColumn’
    browseRGtk2Files: no visible global function definition for
     ‘gtkCellRendererText’
    browseRGtk2Files: no visible binding for global variable ‘PangoStyle’
    browseRGtk2Files: no visible global function definition for ‘gtkAction’
    browseRGtk2Files: no visible global function definition for
     ‘gSignalConnect’
    browseRGtk2Files: no visible global function definition for
     ‘gtkToolButton’
    browseRGtk2Files: no visible global function definition for
     ‘gtkSeparatorToolItem’
    browseRGtk2Files : <anonymous>: no visible global function definition
     for ‘Complete’
    browseRGtk2Files : <anonymous>: no visible global function definition
     for ‘Args’
    showGtkWidgetInfo: no visible global function definition for ‘gtkEntry’
    showGtkWidgetInfo: no visible global function definition for
     ‘gtkNotebook’
    showGtkWidgetInfo: no visible global function definition for
     ‘gtkTextBuffer’
    showGtkWidgetInfo: no visible global function definition for
     ‘gtkWindow’
    showGtkWidgetInfo: no visible global function definition for
     ‘gtkVBoxNew’
    showGtkWidgetInfo: no visible global function definition for
     ‘gtkStatusbar’
    showGtkWidgetInfo: no visible global function definition for
     ‘gtkHBoxNew’
    showGtkWidgetInfo: no visible global function definition for ‘gtkHBox’
    showGtkWidgetInfo: no visible global function definition for ‘gtkLabel’
    showGtkWidgetInfo : <anonymous>: no visible global function definition
     for ‘gtkTextView’
    showGtkWidgetInfo : <anonymous>: no visible global function definition
     for ‘gtkScrolledWindow’
    showGtkWidgetInfo : <anonymous>: no visible global function definition
     for ‘gtkLabel’
    showGtkWidgetInfo: no visible global function definition for ‘gtkVBox’
    showGtkWidgetInfo: no visible global function definition for
     ‘gtkEntryCompletionNew’
    showGtkWidgetInfo: no visible global function definition for
     ‘gtkListStore’
    showGtkWidgetInfo: no visible global function definition for
     ‘gtkTextView’
    showGtkWidgetInfo: no visible global function definition for
     ‘gtkScrolledWindow’
    showGtkWidgetInfo : getSignalText: no visible global function
     definition for ‘gtkTypeGetSignals’
    showGtkWidgetInfo: no visible global function definition for
     ‘gSignalConnect’
Flavor: r-release-osx-x86_64-mavericks

Version: 0.0-3
Check: PDF version of manual
Result: WARNING
    LaTeX errors when creating PDF version.
    This typically indicates Rd problems.
    LaTeX errors found:
    ! LaTeX Error: File `upquote.sty' not found.
    
    Type X to quit or <RETURN> to proceed,
    or enter new name. (Default extension: sty)
    
    50f4c4/Rd2.tex:8: ==> Fatal error occurred, no output PDF file produced!
Flavor: r-release-osx-x86_64-mavericks

Version: 0.0-3
Check: dependencies in R code
Result: NOTE
    'library' or 'require' call to 'ggplot2' which was already attached by Depends.
     Please remove these calls from your code.
    ':::' calls which should be '::':
     'grid:::gpar' 'grid:::grid.draw' 'grid:::textGrob'
     See the note in ?`:::` about the use of this operator.
    Unexported objects imported by ':::' calls:
     'ggplot2:::GeomAbline' 'ggplot2:::GeomBoxplot'
     'ggplot2:::GeomContour' 'ggplot2:::GeomDensity'
     'ggplot2:::GeomHistogram' 'ggplot2:::GeomLine' 'ggplot2:::GeomPoint'
     'ggplot2:::GeomPolygon' 'ggplot2:::GeomQuantile' 'ggplot2:::GeomRect'
     'ggplot2:::GeomRug'
     See the note in ?`:::` about the use of this operator.
    See the information on DESCRIPTION files in the chapter 'Creating R
    packages' of the 'Writing R Extensions' manual.
Flavor: r-release-osx-x86_64-snowleopard