CRAN Package Check Results for Package ProgGUIinR

Last updated on 2014-07-24 23:48:20.

Flavor Version Tinstall Tcheck Ttotal Status Flags
r-devel-linux-x86_64-debian-clang 0.0-4 1.78 26.54 28.33 OK
r-devel-linux-x86_64-debian-gcc 0.0-4 1.77 26.08 27.86 OK
r-devel-linux-x86_64-fedora-clang 0.0-4 31.44 OK
r-devel-linux-x86_64-fedora-gcc 0.0-4 30.65 OK
r-devel-osx-x86_64-clang 0.0-4 54.13 NOTE
r-devel-windows-ix86+x86_64 0.0-4 7.00 40.00 47.00 NOTE
r-patched-linux-x86_64 0.0-4 1.76 26.47 28.23 OK
r-patched-solaris-sparc 0.0-4 297.70 NOTE
r-patched-solaris-x86 0.0-4 63.80 NOTE
r-release-linux-ix86 0.0-4 2.31 37.05 39.36 OK
r-release-linux-x86_64 0.0-4 1.83 26.77 28.60 OK
r-release-osx-x86_64-mavericks 0.0-4 NOTE
r-release-osx-x86_64-snowleopard 0.0-4 NOTE
r-release-windows-ix86+x86_64 0.0-4 8.00 43.00 51.00 NOTE
r-oldrel-windows-ix86+x86_64 0.0-4 8.00 46.00 54.00 NOTE

Check Details

Version: 0.0-4
Check: package dependencies
Result: NOTE
    Package suggested but not available for checking: ‘qtbase’
Flavors: r-devel-osx-x86_64-clang, r-devel-windows-ix86+x86_64, r-patched-solaris-sparc, r-patched-solaris-x86, r-release-osx-x86_64-snowleopard, r-release-windows-ix86+x86_64, r-oldrel-windows-ix86+x86_64

Version: 0.0-4
Check: package dependencies
Result: NOTE
    Packages suggested but not available for checking:
     ‘qtbase’ ‘RGtk2’ ‘cairoDevice’ ‘gWidgetsRGtk2’
Flavor: r-release-osx-x86_64-mavericks

Version: 0.0-4
Check: R code for possible problems
Result: NOTE
    browseRGtk2Files: no visible global function definition for ‘gtkWindow’
    browseRGtk2Files: no visible global function definition for ‘gtkVBox’
    browseRGtk2Files: no visible global function definition for
     ‘gtkToolbar’
    browseRGtk2Files: no visible global function definition for ‘gtkHPaned’
    browseRGtk2Files: no visible global function definition for ‘gtkFrame’
    browseRGtk2Files: no visible global function definition for
     ‘gtkTextView’
    browseRGtk2Files: no visible global function definition for
     ‘gtkScrolledWindow’
    browseRGtk2Files: no visible global function definition for
     ‘gtkStatusbar’
    browseRGtk2Files: no visible global function definition for
     ‘rGtkDataFrame’
    browseRGtk2Files: no visible global function definition for
     ‘gtkTreeView’
    browseRGtk2Files: no visible global function definition for
     ‘gtkTreeViewColumn’
    browseRGtk2Files: no visible global function definition for
     ‘gtkCellRendererText’
    browseRGtk2Files: no visible binding for global variable ‘PangoStyle’
    browseRGtk2Files: no visible global function definition for ‘gtkAction’
    browseRGtk2Files: no visible global function definition for
     ‘gSignalConnect’
    browseRGtk2Files: no visible global function definition for
     ‘gtkToolButton’
    browseRGtk2Files: no visible global function definition for
     ‘gtkSeparatorToolItem’
    showGtkWidgetInfo: no visible global function definition for ‘gtkEntry’
    showGtkWidgetInfo: no visible global function definition for
     ‘gtkNotebook’
    showGtkWidgetInfo: no visible global function definition for
     ‘gtkTextBuffer’
    showGtkWidgetInfo: no visible global function definition for
     ‘gtkWindow’
    showGtkWidgetInfo: no visible global function definition for
     ‘gtkVBoxNew’
    showGtkWidgetInfo: no visible global function definition for
     ‘gtkStatusbar’
    showGtkWidgetInfo: no visible global function definition for
     ‘gtkHBoxNew’
    showGtkWidgetInfo: no visible global function definition for ‘gtkHBox’
    showGtkWidgetInfo: no visible global function definition for ‘gtkLabel’
    showGtkWidgetInfo : <anonymous>: no visible global function definition
     for ‘gtkTextView’
    showGtkWidgetInfo : <anonymous>: no visible global function definition
     for ‘gtkScrolledWindow’
    showGtkWidgetInfo : <anonymous>: no visible global function definition
     for ‘gtkLabel’
    showGtkWidgetInfo: no visible global function definition for ‘gtkVBox’
    showGtkWidgetInfo: no visible global function definition for
     ‘gtkEntryCompletionNew’
    showGtkWidgetInfo: no visible global function definition for
     ‘gtkListStore’
    showGtkWidgetInfo: no visible global function definition for
     ‘gtkTextView’
    showGtkWidgetInfo: no visible global function definition for
     ‘gtkScrolledWindow’
    showGtkWidgetInfo : getSignalText: no visible global function
     definition for ‘gtkTypeGetSignals’
    showGtkWidgetInfo: no visible global function definition for
     ‘gSignalConnect’
Flavor: r-release-osx-x86_64-mavericks