CRAN Package Check Results for Package ProjectTemplate

Last updated on 2014-11-29 07:51:17.

Flavor Version Tinstall Tcheck Ttotal Status Flags
r-devel-linux-x86_64-debian-clang 0.6 0.97 16.83 17.80 OK
r-devel-linux-x86_64-debian-gcc 0.6 0.98 15.70 16.68 OK
r-devel-linux-x86_64-fedora-clang 0.6 35.68 OK
r-devel-linux-x86_64-fedora-gcc 0.6 34.29 OK
r-devel-osx-x86_64-clang 0.6 35.04 NOTE
r-devel-windows-ix86+x86_64 0.6 3.00 26.00 29.00 NOTE
r-patched-linux-x86_64 0.6 1.04 16.44 17.47 OK
r-patched-solaris-sparc 0.6 221.00 NOTE
r-patched-solaris-x86 0.6 44.50 NOTE
r-release-linux-ix86 0.6 1.32 22.05 23.36 OK
r-release-linux-x86_64 0.6 1.06 16.42 17.48 OK
r-release-osx-x86_64-mavericks 0.6 NOTE
r-release-osx-x86_64-snowleopard 0.6 OK
r-release-windows-ix86+x86_64 0.6 4.00 29.00 33.00 NOTE
r-oldrel-windows-ix86+x86_64 0.6 3.00 33.00 36.00 NOTE

Check Details

Version: 0.6
Check: package dependencies
Result: NOTE
    Package suggested but not available for checking: ‘RMySQL’
Flavors: r-devel-osx-x86_64-clang, r-devel-windows-ix86+x86_64, r-patched-solaris-sparc, r-patched-solaris-x86, r-release-windows-ix86+x86_64, r-oldrel-windows-ix86+x86_64

Version: 0.6
Check: package dependencies
Result: NOTE
    Packages suggested but not available for checking:
     ‘RMySQL’ ‘RODBC’ ‘RPostgreSQL’
Flavor: r-release-osx-x86_64-mavericks