CRAN Package Check Results for Package ProjectTemplate

Last updated on 2017-11-20 12:48:01.

Flavor Version Tinstall Tcheck Ttotal Status Flags
r-devel-linux-x86_64-debian-clang 0.8 1.08 29.02 30.10 OK
r-devel-linux-x86_64-debian-gcc 0.8 1.26 60.64 61.89 OK
r-devel-linux-x86_64-fedora-clang 0.8 36.15 OK
r-devel-linux-x86_64-fedora-gcc 0.8 41.66 OK
r-devel-windows-ix86+x86_64 0.8 10.00 62.00 72.00 OK
r-patched-linux-x86_64 0.8 1.17 30.49 31.66 OK
r-patched-solaris-x86 0.8 48.10 NOTE
r-release-linux-x86_64 0.8 1.10 29.38 30.48 OK
r-release-windows-ix86+x86_64 0.8 4.00 62.00 66.00 OK
r-release-osx-x86_64 0.8 OK
r-oldrel-windows-ix86+x86_64 0.8 5.00 90.00 95.00 OK
r-oldrel-osx-x86_64 0.8 NOTE

Check Details

Version: 0.8
Check: package dependencies
Result: NOTE
    Package suggested but not available for checking: ‘RMySQL’
Flavor: r-patched-solaris-x86

Version: 0.8
Check: package dependencies
Result: NOTE
    Package suggested but not available for checking: ‘RODBC’
Flavor: r-oldrel-osx-x86_64