CRAN Package Check Results for Package ProjectTemplate

Last updated on 2017-04-24 12:47:52.

Flavor Version Tinstall Tcheck Ttotal Status Flags
r-devel-linux-x86_64-debian-clang 0.7 1.03 16.91 17.94 OK
r-devel-linux-x86_64-debian-gcc 0.7 1.06 17.19 18.25 OK
r-devel-linux-x86_64-fedora-clang 0.7 30.02 OK --no-stop-on-test-error
r-devel-linux-x86_64-fedora-gcc 0.7 28.70 OK --no-stop-on-test-error
r-devel-windows-ix86+x86_64 0.7 6.00 45.00 51.00 OK
r-patched-linux-x86_64 0.7 0.99 17.10 18.09 OK
r-patched-solaris-sparc 0.7 179.50 NOTE
r-patched-solaris-x86 0.7 38.20 NOTE
r-release-linux-x86_64 0.7 0.94 17.06 18.00 OK
r-release-windows-ix86+x86_64 0.7 8.00 36.00 44.00 OK
r-release-osx-x86_64 0.7 NOTE
r-oldrel-windows-ix86+x86_64 0.7 5.00 33.00 38.00 OK
r-oldrel-osx-x86_64 0.7 NOTE

Check Details

Version: 0.7
Check: package dependencies
Result: NOTE
    Package suggested but not available for checking: ‘RMySQL’
Flavors: r-patched-solaris-sparc, r-patched-solaris-x86

Version: 0.7
Check: package dependencies
Result: NOTE
    Packages suggested but not available for checking: ‘RODBC’ ‘RPostgreSQL’
Flavor: r-release-osx-x86_64

Version: 0.7
Check: package dependencies
Result: NOTE
    Package suggested but not available for checking: ‘RODBC’
Flavor: r-oldrel-osx-x86_64