CRAN Package Check Results for Package ProjectTemplate

Last updated on 2014-07-24 14:48:47.

Flavor Version Tinstall Tcheck Ttotal Status Flags
r-devel-linux-x86_64-debian-clang 0.5-1 0.91 18.03 18.94 NOTE
r-devel-linux-x86_64-debian-gcc 0.5-1 0.88 16.96 17.84 NOTE
r-devel-linux-x86_64-fedora-clang 0.5-1 37.69 NOTE
r-devel-linux-x86_64-fedora-gcc 0.5-1 36.50 NOTE
r-devel-osx-x86_64-clang 0.5-1 37.12 NOTE
r-devel-windows-ix86+x86_64 0.5-1 4.00 27.00 31.00 NOTE
r-patched-linux-x86_64 0.5-1 0.88 18.02 18.90 NOTE
r-patched-solaris-sparc 0.5-1 207.90 NOTE
r-patched-solaris-x86 0.5-1 49.10 NOTE
r-release-linux-ix86 0.5-1 1.26 26.19 27.46 NOTE
r-release-linux-x86_64 0.5-1 0.89 17.30 18.19 NOTE
r-release-osx-x86_64-mavericks 0.5-1 NOTE
r-release-osx-x86_64-snowleopard 0.5-1 NOTE
r-release-windows-ix86+x86_64 0.5-1 4.00 31.00 35.00 NOTE
r-oldrel-windows-ix86+x86_64 0.5-1 3.00 31.00 34.00 NOTE

Check Details

Version: 0.5-1
Check: dependencies in R code
Result: NOTE
    Unexported object imported by a ':::' call: ‘log4r:::INFO’
     See the note in ?`:::` about the use of this operator.
    See the information on DESCRIPTION files in the chapter ‘Creating R
    packages’ of the ‘Writing R Extensions’ manual.
Flavors: r-devel-linux-x86_64-debian-clang, r-devel-linux-x86_64-debian-gcc, r-devel-linux-x86_64-fedora-clang, r-devel-linux-x86_64-fedora-gcc, r-devel-osx-x86_64-clang, r-devel-windows-ix86+x86_64, r-patched-linux-x86_64, r-patched-solaris-sparc, r-patched-solaris-x86, r-release-linux-ix86, r-release-linux-x86_64, r-release-osx-x86_64-mavericks, r-release-osx-x86_64-snowleopard, r-release-windows-ix86+x86_64, r-oldrel-windows-ix86+x86_64

Version: 0.5-1
Check: package dependencies
Result: NOTE
    Package suggested but not available for checking: ‘RMySQL’
Flavors: r-devel-osx-x86_64-clang, r-devel-windows-ix86+x86_64, r-patched-solaris-sparc, r-patched-solaris-x86, r-release-windows-ix86+x86_64, r-oldrel-windows-ix86+x86_64

Version: 0.5-1
Check: package dependencies
Result: NOTE
    Packages suggested but not available for checking:
     ‘RMySQL’ ‘RODBC’ ‘RPostgreSQL’
Flavor: r-release-osx-x86_64-mavericks

Version: 0.5-1
Check: R code for possible problems
Result: NOTE
    sql.reader: no visible global function definition for
     ‘odbcDriverConnect’
    sql.reader: no visible global function definition for ‘sqlQuery’
    sql.reader: no visible global function definition for ‘odbcClose’
Flavor: r-release-osx-x86_64-mavericks