CRAN Package Check Results for Package ProjectTemplate

Last updated on 2015-01-28 12:48:07.

Flavor Version Tinstall Tcheck Ttotal Status Flags
r-devel-linux-x86_64-debian-clang 0.6 1.02 14.63 15.65 OK
r-devel-linux-x86_64-debian-gcc 0.6 1.02 14.46 15.48 OK
r-devel-linux-x86_64-fedora-clang 0.6 34.26 OK
r-devel-linux-x86_64-fedora-gcc 0.6 31.77 OK
r-devel-osx-x86_64-clang 0.6 35.45 OK
r-devel-windows-ix86+x86_64 0.6 7.00 24.00 31.00 OK
r-patched-linux-x86_64 0.6 0.99 15.47 16.46 OK
r-patched-solaris-sparc 0.6 192.40 NOTE
r-patched-solaris-x86 0.6 45.00 NOTE
r-release-linux-ix86 0.6 1.35 23.00 24.35 OK
r-release-linux-x86_64 0.6 0.98 16.08 17.06 OK
r-release-osx-x86_64-mavericks 0.6 NOTE
r-release-osx-x86_64-snowleopard 0.6 OK
r-release-windows-ix86+x86_64 0.6 5.00 29.00 34.00 OK
r-oldrel-windows-ix86+x86_64 0.6 5.00 36.00 41.00 OK

Check Details

Version: 0.6
Check: package dependencies
Result: NOTE
    Package suggested but not available for checking: ‘RMySQL’
Flavors: r-patched-solaris-sparc, r-patched-solaris-x86

Version: 0.6
Check: package dependencies
Result: NOTE
    Packages suggested but not available for checking: ‘RODBC’ ‘RPostgreSQL’
Flavor: r-release-osx-x86_64-mavericks