CRAN Package Check Results for Package ProjectTemplate

Last updated on 2015-03-05 10:50:08.

Flavor Version Tinstall Tcheck Ttotal Status Flags
r-devel-linux-x86_64-debian-clang 0.6 1.01 14.36 15.37 NOTE
r-devel-linux-x86_64-debian-gcc 0.6 0.88 13.71 14.58 NOTE
r-devel-linux-x86_64-fedora-clang 0.6 29.31 NOTE
r-devel-linux-x86_64-fedora-gcc 0.6 28.11 NOTE
r-devel-osx-x86_64-clang 0.6 32.06 NOTE
r-devel-windows-ix86+x86_64 0.6 6.00 25.00 31.00 NOTE
r-patched-linux-x86_64 0.6 0.96 16.09 17.05 OK
r-patched-solaris-sparc 0.6 225.30 NOTE
r-patched-solaris-x86 0.6 44.40 NOTE
r-release-linux-ix86 0.6 1.48 22.99 24.47 OK
r-release-linux-x86_64 0.6 0.98 17.02 18.00 OK
r-release-osx-x86_64-mavericks 0.6 NOTE
r-release-osx-x86_64-snowleopard 0.6 OK
r-release-windows-ix86+x86_64 0.6 5.00 32.00 37.00 OK
r-oldrel-windows-ix86+x86_64 0.6 4.00 36.00 40.00 OK

Check Details

Version: 0.6
Check: DESCRIPTION meta-information
Result: NOTE
    Malformed Title field: should not end in a period.
Flavors: r-devel-linux-x86_64-debian-clang, r-devel-linux-x86_64-debian-gcc, r-devel-linux-x86_64-fedora-clang, r-devel-linux-x86_64-fedora-gcc, r-devel-osx-x86_64-clang, r-devel-windows-ix86+x86_64

Version: 0.6
Check: package dependencies
Result: NOTE
    Package suggested but not available for checking: ‘RMySQL’
Flavors: r-patched-solaris-sparc, r-patched-solaris-x86

Version: 0.6
Check: package dependencies
Result: NOTE
    Packages suggested but not available for checking: ‘RODBC’ ‘RPostgreSQL’
Flavor: r-release-osx-x86_64-mavericks