CRAN Package Check Results for Package ProjectTemplate

Last updated on 2016-08-25 10:47:33.

Flavor Version Tinstall Tcheck Ttotal Status Flags
r-devel-linux-x86_64-debian-clang 0.7 0.90 14.70 15.60 OK
r-devel-linux-x86_64-debian-gcc 0.7 0.89 14.65 15.54 OK
r-devel-linux-x86_64-fedora-clang 0.7 25.78 OK
r-devel-linux-x86_64-fedora-gcc 0.7 23.88 OK
r-devel-osx-x86_64-clang 0.7 23.88 OK
r-devel-windows-ix86+x86_64 0.7 6.00 39.00 45.00 OK
r-patched-linux-x86_64 0.7 0.94 14.61 15.56 OK
r-patched-solaris-sparc 0.7 159.90 NOTE
r-patched-solaris-x86 0.7 34.40 NOTE
r-release-linux-x86_64 0.7 0.98 14.85 15.83 OK
r-release-osx-x86_64-mavericks 0.7 NOTE
r-release-windows-ix86+x86_64 0.7 7.00 30.00 37.00 OK
r-oldrel-windows-ix86+x86_64 0.7 5.00 31.00 36.00 OK

Check Details

Version: 0.7
Check: package dependencies
Result: NOTE
    Package suggested but not available for checking: ‘RMySQL’
Flavors: r-patched-solaris-sparc, r-patched-solaris-x86

Version: 0.7
Check: package dependencies
Result: NOTE
    Package suggested but not available for checking: ‘RODBC’
Flavor: r-release-osx-x86_64-mavericks