CRAN Package Check Results for Package ProjectTemplate

Last updated on 2014-12-20 23:47:24.

Flavor Version Tinstall Tcheck Ttotal Status Flags
r-devel-linux-x86_64-debian-clang 0.6 0.94 15.80 16.75 OK
r-devel-linux-x86_64-debian-gcc 0.6 0.92 15.55 16.48 OK
r-devel-linux-x86_64-fedora-clang 0.6 35.38 OK
r-devel-linux-x86_64-fedora-gcc 0.6 31.62 OK
r-devel-osx-x86_64-clang 0.6 35.10 NOTE
r-devel-windows-ix86+x86_64 0.6 5.00 33.00 38.00 NOTE
r-patched-linux-x86_64 0.6 0.97 16.77 17.74 OK
r-patched-solaris-sparc 0.6 221.00 NOTE
r-patched-solaris-x86 0.6 44.40 NOTE
r-release-linux-ix86 0.6 1.33 22.40 23.74 OK
r-release-linux-x86_64 0.6 1.06 16.41 17.47 OK
r-release-osx-x86_64-mavericks 0.6 NOTE
r-release-osx-x86_64-snowleopard 0.6 OK
r-release-windows-ix86+x86_64 0.6 5.00 33.00 38.00 NOTE
r-oldrel-windows-ix86+x86_64 0.6 4.00 35.00 39.00 NOTE

Check Details

Version: 0.6
Check: package dependencies
Result: NOTE
    Package suggested but not available for checking: ‘RMySQL’
Flavors: r-devel-osx-x86_64-clang, r-devel-windows-ix86+x86_64, r-patched-solaris-sparc, r-patched-solaris-x86, r-release-windows-ix86+x86_64, r-oldrel-windows-ix86+x86_64

Version: 0.6
Check: package dependencies
Result: NOTE
    Packages suggested but not available for checking:
     ‘RMySQL’ ‘RODBC’ ‘RPostgreSQL’
Flavor: r-release-osx-x86_64-mavericks