CRAN Package Check Results for Package ProjectTemplate

Last updated on 2015-07-31 06:47:07.

Flavor Version Tinstall Tcheck Ttotal Status Flags
r-devel-linux-x86_64-debian-clang 0.6 0.94 13.67 14.61 NOTE
r-devel-linux-x86_64-debian-gcc 0.6 1.04 13.85 14.89 NOTE
r-devel-linux-x86_64-fedora-clang 0.6 28.12 NOTE
r-devel-linux-x86_64-fedora-gcc 0.6 25.85 NOTE
r-devel-osx-x86_64-clang 0.6 28.25 NOTE
r-devel-windows-ix86+x86_64 0.6 8.00 28.00 36.00 NOTE
r-patched-linux-x86_64 0.6 0.89 13.84 14.72 NOTE
r-patched-solaris-sparc 0.6 181.90 NOTE
r-patched-solaris-x86 0.6 39.60 NOTE
r-release-linux-x86_64 0.6 1.16 13.84 15.01 NOTE
r-release-osx-x86_64-mavericks 0.6 NOTE
r-release-windows-ix86+x86_64 0.6 10.00 26.00 36.00 NOTE
r-oldrel-windows-ix86+x86_64 0.6 8.00 30.00 38.00 OK

Check Details

Version: 0.6
Check: DESCRIPTION meta-information
Result: NOTE
    Malformed Title field: should not end in a period.
Flavors: r-devel-linux-x86_64-debian-clang, r-devel-linux-x86_64-debian-gcc, r-devel-linux-x86_64-fedora-clang, r-devel-linux-x86_64-fedora-gcc, r-devel-osx-x86_64-clang, r-devel-windows-ix86+x86_64, r-patched-linux-x86_64, r-patched-solaris-sparc, r-patched-solaris-x86, r-release-linux-x86_64, r-release-osx-x86_64-mavericks, r-release-windows-ix86+x86_64

Version: 0.6
Check: R code for possible problems
Result: NOTE
    .check.version: no visible global function definition for
     ‘compareVersion’
    create.project: no visible global function definition for ‘untar’
    csv.reader: no visible global function definition for ‘unzip’
    csv.reader: no visible global function definition for ‘read.csv’
    csv2.reader: no visible global function definition for ‘unzip’
    csv2.reader: no visible global function definition for ‘read.csv’
    sql.reader: no visible global function definition for ‘modifyList’
    test.project: no visible global function definition for
     ‘packageVersion’
    translate.dcf: no visible global function definition for ‘setNames’
    tsv.reader: no visible global function definition for ‘unzip’
    tsv.reader: no visible global function definition for ‘read.csv’
    url.reader: no visible global function definition for ‘download.file’
    wsv.reader: no visible global function definition for ‘unzip’
    wsv.reader: no visible global function definition for ‘read.table’
    Undefined global functions or variables:
     compareVersion download.file modifyList packageVersion read.csv
     read.table setNames untar unzip
    Consider adding
     importFrom("stats", "setNames")
     importFrom("utils", "compareVersion", "download.file", "modifyList",
     "packageVersion", "read.csv", "read.table", "untar",
     "unzip")
    to your NAMESPACE.
Flavors: r-devel-linux-x86_64-debian-clang, r-devel-linux-x86_64-debian-gcc, r-devel-linux-x86_64-fedora-clang, r-devel-linux-x86_64-fedora-gcc, r-devel-windows-ix86+x86_64

Version: 0.6
Check: package dependencies
Result: NOTE
    Package suggested but not available for checking: ‘RMySQL’
Flavors: r-patched-solaris-sparc, r-patched-solaris-x86

Version: 0.6
Check: package dependencies
Result: NOTE
    Packages suggested but not available for checking: ‘RODBC’ ‘RPostgreSQL’
Flavor: r-release-osx-x86_64-mavericks