CRAN Package Check Results for Package ProjectTemplate

Last updated on 2016-12-05 14:47:27.

Flavor Version Tinstall Tcheck Ttotal Status Flags
r-devel-linux-x86_64-debian-clang 0.7 0.95 16.86 17.81 OK
r-devel-linux-x86_64-debian-gcc 0.7 0.95 16.42 17.37 OK
r-devel-linux-x86_64-fedora-clang 0.7 34.23 OK --no-stop-on-test-error
r-devel-linux-x86_64-fedora-gcc 0.7 29.98 OK --no-stop-on-test-error
r-devel-macos-x86_64-clang 0.7 27.72 OK --no-stop-on-test-error
r-devel-windows-ix86+x86_64 0.7 5.00 37.00 42.00 OK
r-patched-linux-x86_64 0.7 0.98 14.64 15.62 OK
r-patched-solaris-sparc 0.7 159.90 NOTE
r-patched-solaris-x86 0.7 33.90 NOTE
r-release-linux-x86_64 0.7 0.93 14.69 15.62 OK
r-release-osx-x86_64-mavericks 0.7 NOTE
r-release-windows-ix86+x86_64 0.7 7.00 34.00 41.00 OK
r-oldrel-windows-ix86+x86_64 0.7 6.00 46.00 52.00 OK

Check Details

Version: 0.7
Check: package dependencies
Result: NOTE
    Package suggested but not available for checking: ‘RMySQL’
Flavors: r-patched-solaris-sparc, r-patched-solaris-x86

Version: 0.7
Check: package dependencies
Result: NOTE
    Package suggested but not available for checking: ‘RODBC’
Flavor: r-release-osx-x86_64-mavericks