CRAN Package Check Results for Package ProjectTemplate

Last updated on 2018-01-19 19:48:27 CET.

Flavor Version Tinstall Tcheck Ttotal Status Flags
r-devel-linux-x86_64-debian-clang 0.8 1.26 35.96 37.22 OK
r-devel-linux-x86_64-debian-gcc 0.8 1.13 27.85 28.98 OK
r-devel-linux-x86_64-fedora-clang 0.8 44.07 OK
r-devel-linux-x86_64-fedora-gcc 0.8 44.22 OK
r-devel-windows-ix86+x86_64 0.8 9.00 62.00 71.00 OK
r-patched-linux-x86_64 0.8 1.20 33.89 35.09 OK
r-patched-solaris-x86 0.8 55.70 OK
r-release-linux-x86_64 0.8 1.66 33.98 35.64 OK
r-release-windows-ix86+x86_64 0.8 7.00 60.00 67.00 OK
r-release-osx-x86_64 0.8 OK
r-oldrel-windows-ix86+x86_64 0.8 9.00 58.00 67.00 OK
r-oldrel-osx-x86_64 0.8 NOTE

Check Details

Version: 0.8
Check: package dependencies
Result: NOTE
    Package suggested but not available for checking: ‘RODBC’
Flavor: r-oldrel-osx-x86_64