CRAN Package Check Results for Package ProjectTemplate

Last updated on 2015-05-25 18:47:05.

Flavor Version Tinstall Tcheck Ttotal Status Flags
r-devel-linux-x86_64-debian-clang 0.6 0.90 14.50 15.40 NOTE
r-devel-linux-x86_64-debian-gcc 0.6 0.88 13.53 14.41 NOTE
r-devel-linux-x86_64-fedora-clang 0.6 29.44 NOTE
r-devel-linux-x86_64-fedora-gcc 0.6 27.24 NOTE
r-devel-osx-x86_64-clang 0.6 32.58 NOTE
r-devel-windows-ix86+x86_64 0.6 6.00 25.00 31.00 NOTE
r-patched-linux-x86_64 0.6 0.90 13.80 14.70 NOTE
r-patched-solaris-sparc 0.6 184.50 NOTE
r-patched-solaris-x86 0.6 38.50 NOTE
r-release-linux-x86_64 0.6 0.95 14.46 15.41 NOTE
r-release-osx-x86_64-mavericks 0.6 NOTE
r-release-osx-x86_64-snowleopard 0.6 NOTE
r-release-windows-ix86+x86_64 0.6 5.00 27.00 32.00 NOTE
r-oldrel-windows-ix86+x86_64 0.6 5.00 28.00 33.00 OK

Check Details

Version: 0.6
Check: DESCRIPTION meta-information
Result: NOTE
    Malformed Title field: should not end in a period.
Flavors: r-devel-linux-x86_64-debian-clang, r-devel-linux-x86_64-debian-gcc, r-devel-linux-x86_64-fedora-clang, r-devel-linux-x86_64-fedora-gcc, r-devel-osx-x86_64-clang, r-devel-windows-ix86+x86_64, r-patched-linux-x86_64, r-patched-solaris-sparc, r-patched-solaris-x86, r-release-linux-x86_64, r-release-osx-x86_64-mavericks, r-release-osx-x86_64-snowleopard, r-release-windows-ix86+x86_64

Version: 0.6
Check: package dependencies
Result: NOTE
    Package suggested but not available for checking: ‘RMySQL’
Flavors: r-patched-solaris-sparc, r-patched-solaris-x86

Version: 0.6
Check: package dependencies
Result: NOTE
    Packages suggested but not available for checking: ‘RODBC’ ‘RPostgreSQL’
Flavor: r-release-osx-x86_64-mavericks

Version: 0.6
Check: package dependencies
Result: NOTE
    Package suggested but not available for checking: ‘ggplot2’
Flavor: r-release-osx-x86_64-snowleopard