CRAN Package Check Results for Package ProjectTemplate

Last updated on 2022-11-27 05:51:39 CET.

Flavor Version Tinstall Tcheck Ttotal Status Flags
r-devel-linux-x86_64-debian-clang 0.10.2 6.92 72.44 79.36 OK
r-devel-linux-x86_64-debian-gcc 0.10.2 4.73 53.60 58.33 OK
r-devel-linux-x86_64-fedora-clang 0.10.2 111.47 OK
r-devel-linux-x86_64-fedora-gcc 0.10.2 101.84 OK
r-devel-windows-x86_64 0.10.2 116.00 152.00 268.00 OK
r-patched-linux-x86_64 0.10.2 8.62 63.55 72.17 OK
r-release-linux-x86_64 0.10.2 6.67 65.56 72.23 OK
r-release-macos-arm64 0.10.2 44.00 OK
r-release-macos-x86_64 0.10.2 60.00 OK
r-release-windows-x86_64 0.10.2 82.00 144.00 226.00 OK
r-oldrel-macos-arm64 0.10.2 45.00 NOTE
r-oldrel-macos-x86_64 0.10.2 65.00 OK
r-oldrel-windows-ix86+x86_64 0.10.2 14.00 120.00 134.00 OK

Check Details

Version: 0.10.2
Check: package dependencies
Result: NOTE
    Package suggested but not available for checking: ‘RODBC’
Flavor: r-oldrel-macos-arm64