CRAN Package Check Results for Package ProjectTemplate

Last updated on 2014-08-20 21:47:33.

Flavor Version Tinstall Tcheck Ttotal Status Flags
r-devel-linux-x86_64-debian-clang 0.5-1 0.88 17.04 17.93 NOTE
r-devel-linux-x86_64-debian-gcc 0.5-1 0.87 17.02 17.90 NOTE
r-devel-linux-x86_64-fedora-clang 0.5-1 31.44 NOTE
r-devel-linux-x86_64-fedora-gcc 0.5-1 27.48 NOTE
r-devel-osx-x86_64-clang 0.5-1 30.36 NOTE
r-devel-windows-ix86+x86_64 0.5-1 4.00 29.00 33.00 NOTE
r-patched-linux-x86_64 0.5-1 1.32 17.21 18.53 NOTE
r-patched-solaris-sparc 0.5-1 211.40 NOTE
r-patched-solaris-x86 0.5-1 48.50 NOTE
r-release-linux-ix86 0.5-1 1.30 25.76 27.06 NOTE
r-release-linux-x86_64 0.5-1 0.90 17.79 18.68 NOTE
r-release-osx-x86_64-mavericks 0.5-1 NOTE
r-release-osx-x86_64-snowleopard 0.5-1 NOTE
r-release-windows-ix86+x86_64 0.5-1 3.00 32.00 35.00 NOTE
r-oldrel-windows-ix86+x86_64 0.5-1 3.00 30.00 33.00 NOTE

Check Details

Version: 0.5-1
Check: dependencies in R code
Result: NOTE
    Unexported object imported by a ':::' call: ‘log4r:::INFO’
     See the note in ?`:::` about the use of this operator.
    See the information on DESCRIPTION files in the chapter ‘Creating R
    packages’ of the ‘Writing R Extensions’ manual.
Flavors: r-devel-linux-x86_64-debian-clang, r-devel-linux-x86_64-debian-gcc, r-devel-linux-x86_64-fedora-clang, r-devel-linux-x86_64-fedora-gcc, r-devel-osx-x86_64-clang, r-devel-windows-ix86+x86_64, r-patched-linux-x86_64, r-patched-solaris-sparc, r-patched-solaris-x86, r-release-linux-ix86, r-release-linux-x86_64, r-release-osx-x86_64-mavericks, r-release-osx-x86_64-snowleopard, r-release-windows-ix86+x86_64, r-oldrel-windows-ix86+x86_64

Version: 0.5-1
Check: R code for possible problems
Result: NOTE
    arff.reader: no visible global function definition for ‘read.arff’
    db.reader: no visible global function definition for ‘dbDriver’
    db.reader: no visible global function definition for ‘dbConnect’
    db.reader: no visible global function definition for ‘dbListTables’
    db.reader: no visible global function definition for ‘dbReadTable’
    db.reader: no visible global function definition for ‘dbDisconnect’
    dbf.reader: no visible global function definition for ‘read.dbf’
    epiinfo.reader: no visible global function definition for
     ‘read.epiinfo’
    load.project: no visible global function definition for ‘data.table’
    load.project: no visible global function definition for ‘create.logger’
    load.project: no visible global function definition for ‘logfile<-’
    load.project: no visible global function definition for ‘level<-’
    mp3.reader: no visible global function definition for ‘readMP3’
    mtp.reader: no visible global function definition for ‘read.mtp’
    octave.reader: no visible global function definition for ‘read.octave’
    ppm.reader: no visible global function definition for ‘read.pnm’
    spss.reader: no visible global function definition for ‘read.spss’
    sql.reader: no visible global function definition for
     ‘odbcDriverConnect’
    sql.reader: no visible global function definition for ‘sqlQuery’
    sql.reader: no visible global function definition for ‘odbcClose’
    sql.reader: no visible global function definition for ‘dbDriver’
    sql.reader: no visible global function definition for ‘dbConnect’
    sql.reader: no visible global function definition for ‘dbGetQuery’
    sql.reader: no visible global function definition for ‘JDBC’
    sql.reader: no visible global function definition for ‘dbListTables’
    sql.reader: no visible global function definition for ‘dbReadTable’
    sql.reader: no visible global function definition for ‘dbExistsTable’
    sql.reader: no visible global function definition for ‘qq’
    sql.reader: no visible global function definition for ‘dbGetException’
    sql.reader: no visible global function definition for ‘dbDisconnect’
    stata.reader: no visible global function definition for ‘read.dta’
    systat.reader: no visible global function definition for ‘read.systat’
    test.project: no visible binding for global variable ‘test_file’
    xls.reader: no visible global function definition for ‘sheetNames’
    xls.reader: no visible global function definition for ‘read.xls’
    xlsx.reader: no visible global function definition for ‘loadWorkbook’
    xlsx.reader: no visible global function definition for ‘getSheets’
    xlsx.reader: no visible global function definition for ‘read.xlsx’
    xport.reader: no visible global function definition for ‘read.xport’
Flavors: r-devel-linux-x86_64-fedora-clang, r-devel-linux-x86_64-fedora-gcc, r-devel-osx-x86_64-clang

Version: 0.5-1
Check: package dependencies
Result: NOTE
    Package suggested but not available for checking: ‘RMySQL’
Flavors: r-devel-osx-x86_64-clang, r-devel-windows-ix86+x86_64, r-patched-solaris-sparc, r-patched-solaris-x86, r-release-windows-ix86+x86_64, r-oldrel-windows-ix86+x86_64

Version: 0.5-1
Check: package dependencies
Result: NOTE
    Packages suggested but not available for checking:
     ‘RMySQL’ ‘RODBC’ ‘RPostgreSQL’
Flavor: r-release-osx-x86_64-mavericks

Version: 0.5-1
Check: R code for possible problems
Result: NOTE
    sql.reader: no visible global function definition for
     ‘odbcDriverConnect’
    sql.reader: no visible global function definition for ‘sqlQuery’
    sql.reader: no visible global function definition for ‘odbcClose’
Flavor: r-release-osx-x86_64-mavericks