CRAN Package Check Results for Package ProjectTemplate

Last updated on 2016-09-28 04:48:53.

Flavor Version Tinstall Tcheck Ttotal Status Flags
r-devel-linux-x86_64-debian-clang 0.7 0.86 14.44 15.30 OK
r-devel-linux-x86_64-debian-gcc 0.7 0.92 15.02 15.94 OK
r-devel-linux-x86_64-fedora-clang 0.7 26.19 OK
r-devel-linux-x86_64-fedora-gcc 0.7 23.88 OK
r-devel-macos-x86_64-clang 0.7 23.41 OK
r-devel-windows-ix86+x86_64 0.7 8.00 49.00 57.00 OK
r-patched-linux-x86_64 0.7 0.88 14.69 15.57 OK
r-patched-solaris-sparc 0.7 159.90 NOTE
r-patched-solaris-x86 0.7 33.40 NOTE
r-release-linux-x86_64 0.7 0.96 15.02 15.98 OK
r-release-osx-x86_64-mavericks 0.7 NOTE
r-release-windows-ix86+x86_64 0.7 9.00 50.00 59.00 OK
r-oldrel-windows-ix86+x86_64 0.7 10.00 54.00 64.00 OK

Check Details

Version: 0.7
Check: package dependencies
Result: NOTE
    Package suggested but not available for checking: ‘RMySQL’
Flavors: r-patched-solaris-sparc, r-patched-solaris-x86

Version: 0.7
Check: package dependencies
Result: NOTE
    Package suggested but not available for checking: ‘RODBC’
Flavor: r-release-osx-x86_64-mavericks