CRAN Package Check Results for Package ProjectTemplate

Last updated on 2020-11-29 16:46:43 CET.

Flavor Version Tinstall Tcheck Ttotal Status Flags
r-devel-linux-x86_64-debian-clang 0.9.2 5.16 44.47 49.63 ERROR
r-devel-linux-x86_64-debian-gcc 0.9.2 3.74 35.36 39.10 ERROR
r-devel-linux-x86_64-fedora-clang 0.9.2 65.03 ERROR
r-devel-linux-x86_64-fedora-gcc 0.9.2 58.53 ERROR
r-devel-windows-ix86+x86_64 0.9.2 8.00 64.00 72.00 ERROR
r-patched-linux-x86_64 0.9.2 5.21 43.94 49.15 OK
r-patched-solaris-x86 0.9.2 75.50 OK
r-release-linux-x86_64 0.9.2 4.91 44.61 49.52 OK
r-release-macos-x86_64 0.9.2 OK
r-release-windows-ix86+x86_64 0.9.2 8.00 66.00 74.00 OK
r-oldrel-macos-x86_64 0.9.2 OK
r-oldrel-windows-ix86+x86_64 0.9.2 7.00 71.00 78.00 OK

Check Details

Version: 0.9.2
Check: tests
Result: ERROR
     Running 'run-all.R' [13s/24s]
    Running the tests in 'tests/run-all.R' failed.
    Complete output:
     > library(testthat)
     >
     > test_check("ProjectTemplate")
     Loading required package: ProjectTemplate
     -- ERROR (test-clear.R:26:3): running clear() with default parameters removes ev
     Error: first argument has length > 1
     Backtrace:
     x
     1. +-testthat::expect_true(...)
     2. | \-testthat::quasi_label(enquo(object), label, arg = "object")
     3. | \-rlang::eval_bare(expr, quo_get_env(quo))
     4. \-base::exists(c("project.info", "helper.function"), envir = .TargetEnv)
    
     -- ERROR (test-clear.R:82:9): running clear() removes everything except the conf
     Error: first argument has length > 1
     Backtrace:
     x
     1. +-testthat::expect_true(...)
     2. | \-testthat::quasi_label(enquo(object), label, arg = "object")
     3. | \-rlang::eval_bare(expr, quo_get_env(quo))
     4. \-base::exists(c("config", "helper.function"), envir = .TargetEnv)
    
    
     == Testing 1.R =================================================================
    
     [ FAIL 0 | WARN 0 | SKIP 0 | PASS 0 ]
     [ FAIL 0 | WARN 0 | SKIP 0 | PASS 0 ]
     [ FAIL 0 | WARN 0 | SKIP 0 | PASS 1 ] Done!
    
     == Testing 1.R =================================================================
    
     [ FAIL 0 | WARN 0 | SKIP 0 | PASS 0 ]
     [ FAIL 0 | WARN 0 | SKIP 0 | PASS 0 ]
     [ FAIL 0 | WARN 0 | SKIP 0 | PASS 1 ] Done!
     [1] FALSE
     [1] FALSE
     [1] FALSE
     [1] FALSE
     [1] FALSE
     [1] FALSE
     [1] FALSE
     [1] FALSE
     [1] TRUE
     [1] FALSE
     [1] FALSE
     [1] FALSE
     == testthat results ===========================================================
     ERROR (test-clear.R:26:3): running clear() with default parameters removes everything except config
     ERROR (test-clear.R:82:9): running clear() removes everything except the config$sticky_variables
    
     [ FAIL 2 | WARN 0 | SKIP 0 | PASS 855 ]
     Error: Test failures
     Execution halted
Flavor: r-devel-linux-x86_64-debian-clang

Version: 0.9.2
Check: tests
Result: ERROR
     Running ‘run-all.R’ [10s/24s]
    Running the tests in ‘tests/run-all.R’ failed.
    Complete output:
     > library(testthat)
     >
     > test_check("ProjectTemplate")
     Loading required package: ProjectTemplate
     ── ERROR (test-clear.R:26:3): running clear() with default parameters removes ev
     Error: first argument has length > 1
     Backtrace:
     █
     1. ├─testthat::expect_true(...)
     2. │ └─testthat::quasi_label(enquo(object), label, arg = "object")
     3. │ └─rlang::eval_bare(expr, quo_get_env(quo))
     4. └─base::exists(c("project.info", "helper.function"), envir = .TargetEnv)
    
     ── ERROR (test-clear.R:82:9): running clear() removes everything except the conf
     Error: first argument has length > 1
     Backtrace:
     █
     1. ├─testthat::expect_true(...)
     2. │ └─testthat::quasi_label(enquo(object), label, arg = "object")
     3. │ └─rlang::eval_bare(expr, quo_get_env(quo))
     4. └─base::exists(c("config", "helper.function"), envir = .TargetEnv)
    
    
     ══ Testing 1.R ═════════════════════════════════════════════════════════════════
    
     [ FAIL 0 | WARN 0 | SKIP 0 | PASS 0 ]
     [ FAIL 0 | WARN 0 | SKIP 0 | PASS 0 ]
     [ FAIL 0 | WARN 0 | SKIP 0 | PASS 1 ] Done!
    
     ══ Testing 1.R ═════════════════════════════════════════════════════════════════
    
     [ FAIL 0 | WARN 0 | SKIP 0 | PASS 0 ]
     [ FAIL 0 | WARN 0 | SKIP 0 | PASS 0 ]
     [ FAIL 0 | WARN 0 | SKIP 0 | PASS 1 ] Done!
     [1] FALSE
     [1] FALSE
     [1] FALSE
     [1] FALSE
     [1] FALSE
     [1] FALSE
     [1] FALSE
     [1] FALSE
     [1] TRUE
     [1] FALSE
     [1] FALSE
     [1] FALSE
     ══ testthat results ═══════════════════════════════════════════════════════════
     ERROR (test-clear.R:26:3): running clear() with default parameters removes everything except config
     ERROR (test-clear.R:82:9): running clear() removes everything except the config$sticky_variables
    
     [ FAIL 2 | WARN 0 | SKIP 0 | PASS 855 ]
     Error: Test failures
     Execution halted
Flavor: r-devel-linux-x86_64-debian-gcc

Version: 0.9.2
Check: tests
Result: ERROR
     Running ‘run-all.R’ [15s/26s]
    Running the tests in ‘tests/run-all.R’ failed.
    Complete output:
     > library(testthat)
     >
     > test_check("ProjectTemplate")
     Loading required package: ProjectTemplate
     ── ERROR (test-clear.R:26:3): running clear() with default parameters removes ev
     Error: first argument has length > 1
     Backtrace:
     █
     1. ├─testthat::expect_true(...)
     2. │ └─testthat::quasi_label(enquo(object), label, arg = "object")
     3. │ └─rlang::eval_bare(expr, quo_get_env(quo))
     4. └─base::exists(c("project.info", "helper.function"), envir = .TargetEnv)
    
     ── ERROR (test-clear.R:82:9): running clear() removes everything except the conf
     Error: first argument has length > 1
     Backtrace:
     █
     1. ├─testthat::expect_true(...)
     2. │ └─testthat::quasi_label(enquo(object), label, arg = "object")
     3. │ └─rlang::eval_bare(expr, quo_get_env(quo))
     4. └─base::exists(c("config", "helper.function"), envir = .TargetEnv)
    
    
     ══ Testing 1.R ═════════════════════════════════════════════════════════════════
    
     [ FAIL 0 | WARN 0 | SKIP 0 | PASS 0 ]
     [ FAIL 0 | WARN 0 | SKIP 0 | PASS 0 ]
     [ FAIL 0 | WARN 0 | SKIP 0 | PASS 1 ] Done!
    
     ══ Testing 1.R ═════════════════════════════════════════════════════════════════
    
     [ FAIL 0 | WARN 0 | SKIP 0 | PASS 0 ]
     [ FAIL 0 | WARN 0 | SKIP 0 | PASS 0 ]
     [ FAIL 0 | WARN 0 | SKIP 0 | PASS 1 ] Done!
     [1] FALSE
     [1] FALSE
     [1] FALSE
     [1] FALSE
     [1] FALSE
     [1] FALSE
     [1] FALSE
     [1] FALSE
     [1] TRUE
     [1] FALSE
     [1] FALSE
     [1] FALSE
     ══ testthat results ═══════════════════════════════════════════════════════════
     ERROR (test-clear.R:26:3): running clear() with default parameters removes everything except config
     ERROR (test-clear.R:82:9): running clear() removes everything except the config$sticky_variables
    
     [ FAIL 2 | WARN 0 | SKIP 0 | PASS 855 ]
     Error: Test failures
     Execution halted
Flavor: r-devel-linux-x86_64-fedora-clang

Version: 0.9.2
Check: tests
Result: ERROR
     Running ‘run-all.R’ [16s/46s]
    Running the tests in ‘tests/run-all.R’ failed.
    Complete output:
     > library(testthat)
     >
     > test_check("ProjectTemplate")
     Loading required package: ProjectTemplate
     ── ERROR (test-clear.R:26:3): running clear() with default parameters removes ev
     Error: first argument has length > 1
     Backtrace:
     █
     1. ├─testthat::expect_true(...)
     2. │ └─testthat::quasi_label(enquo(object), label, arg = "object")
     3. │ └─rlang::eval_bare(expr, quo_get_env(quo))
     4. └─base::exists(c("project.info", "helper.function"), envir = .TargetEnv)
    
     ── ERROR (test-clear.R:82:9): running clear() removes everything except the conf
     Error: first argument has length > 1
     Backtrace:
     █
     1. ├─testthat::expect_true(...)
     2. │ └─testthat::quasi_label(enquo(object), label, arg = "object")
     3. │ └─rlang::eval_bare(expr, quo_get_env(quo))
     4. └─base::exists(c("config", "helper.function"), envir = .TargetEnv)
    
    
     ══ Testing 1.R ═════════════════════════════════════════════════════════════════
    
     [ FAIL 0 | WARN 0 | SKIP 0 | PASS 0 ]
     [ FAIL 0 | WARN 0 | SKIP 0 | PASS 0 ]
     [ FAIL 0 | WARN 0 | SKIP 0 | PASS 1 ] Done!
    
     ══ Testing 1.R ═════════════════════════════════════════════════════════════════
    
     [ FAIL 0 | WARN 0 | SKIP 0 | PASS 0 ]
     [ FAIL 0 | WARN 0 | SKIP 0 | PASS 0 ]
     [ FAIL 0 | WARN 0 | SKIP 0 | PASS 1 ] Done!
     [1] FALSE
     [1] FALSE
     [1] FALSE
     [1] FALSE
     [1] FALSE
     [1] FALSE
     [1] FALSE
     [1] FALSE
     [1] TRUE
     [1] FALSE
     [1] FALSE
     [1] FALSE
     ══ testthat results ═══════════════════════════════════════════════════════════
     ERROR (test-clear.R:26:3): running clear() with default parameters removes everything except config
     ERROR (test-clear.R:82:9): running clear() removes everything except the config$sticky_variables
    
     [ FAIL 2 | WARN 0 | SKIP 0 | PASS 855 ]
     Error: Test failures
     Execution halted
Flavor: r-devel-linux-x86_64-fedora-gcc

Version: 0.9.2
Check: tests
Result: ERROR
     Running 'run-all.R' [30s]
    Running the tests in 'tests/run-all.R' failed.
    Complete output:
     > library(testthat)
     >
     > test_check("ProjectTemplate")
     Loading required package: ProjectTemplate
     -- ERROR (test-clear.R:26:3): running clear() with default parameters removes ev
     Error: first argument has length > 1
     Backtrace:
     x
     1. +-testthat::expect_true(...)
     2. | \-testthat::quasi_label(enquo(object), label, arg = "object")
     3. | \-rlang::eval_bare(expr, quo_get_env(quo))
     4. \-base::exists(c("project.info", "helper.function"), envir = .TargetEnv)
    
     -- ERROR (test-clear.R:82:9): running clear() removes everything except the conf
     Error: first argument has length > 1
     Backtrace:
     x
     1. +-testthat::expect_true(...)
     2. | \-testthat::quasi_label(enquo(object), label, arg = "object")
     3. | \-rlang::eval_bare(expr, quo_get_env(quo))
     4. \-base::exists(c("config", "helper.function"), envir = .TargetEnv)
    
    
     == Testing 1.R =================================================================
    
     [ FAIL 0 | WARN 0 | SKIP 0 | PASS 0 ]
     [ FAIL 0 | WARN 0 | SKIP 0 | PASS 0 ]
     [ FAIL 0 | WARN 0 | SKIP 0 | PASS 1 ] Done!
    
     == Testing 1.R =================================================================
    
     [ FAIL 0 | WARN 0 | SKIP 0 | PASS 0 ]
     [ FAIL 0 | WARN 0 | SKIP 0 | PASS 0 ]
     [ FAIL 0 | WARN 0 | SKIP 0 | PASS 1 ] Done!
     [1] FALSE
     [1] FALSE
     [1] FALSE
     [1] FALSE
     [1] FALSE
     [1] FALSE
     [1] FALSE
     [1] FALSE
     [1] TRUE
     [1] FALSE
     [1] FALSE
     [1] FALSE
     == testthat results ===========================================================
     ERROR (test-clear.R:26:3): running clear() with default parameters removes everything except config
     ERROR (test-clear.R:82:9): running clear() removes everything except the config$sticky_variables
    
     [ FAIL 2 | WARN 0 | SKIP 0 | PASS 855 ]
     Error: Test failures
     Execution halted
Flavor: r-devel-windows-ix86+x86_64