CRAN Package Check Results for Package ProjectTemplate

Last updated on 2017-05-27 14:47:14.

Flavor Version Tinstall Tcheck Ttotal Status Flags
r-devel-linux-x86_64-debian-clang 0.7 1.09 17.74 18.83 OK
r-devel-linux-x86_64-debian-gcc 0.7 1.02 18.08 19.10 OK
r-devel-linux-x86_64-fedora-clang 0.7 30.79 OK
r-devel-linux-x86_64-fedora-gcc 0.7 28.76 OK
r-devel-windows-ix86+x86_64 0.7 9.00 39.00 48.00 OK
r-patched-linux-x86_64 0.7 1.04 19.69 20.73 OK
r-patched-solaris-sparc 0.7 179.50 NOTE
r-patched-solaris-x86 0.7 39.00 NOTE
r-release-linux-x86_64 0.7 1.02 18.39 19.41 OK
r-release-windows-ix86+x86_64 0.7 5.00 41.00 46.00 WARN
r-release-osx-x86_64 0.7 NOTE
r-oldrel-windows-ix86+x86_64 0.7 7.00 30.00 37.00 OK
r-oldrel-osx-x86_64 0.7 NOTE

Check Details

Version: 0.7
Check: package dependencies
Result: NOTE
    Package suggested but not available for checking: ‘RMySQL’
Flavors: r-patched-solaris-sparc, r-patched-solaris-x86

Version: 0.7
Check: Rd cross-references
Result: WARN
    Warning in gzfile(file, "rb") :
     cannot open compressed file 'd:/RCompile/CRANpkg/lib/3.4/codetools/Meta/Rd.rds', probable reason 'Permission denied'
    Error in gzfile(file, "rb") : cannot open the connection
    Calls: <Anonymous> -> lapply -> FUN -> readRDS -> gzfile
    Execution halted
Flavor: r-release-windows-ix86+x86_64

Version: 0.7
Check: package dependencies
Result: NOTE
    Packages suggested but not available for checking: ‘RODBC’ ‘RPostgreSQL’
Flavor: r-release-osx-x86_64

Version: 0.7
Check: package dependencies
Result: NOTE
    Package suggested but not available for checking: ‘RODBC’
Flavor: r-oldrel-osx-x86_64