CRAN Package Check Results for Package ProjectTemplate

Last updated on 2017-02-24 23:52:45.

Flavor Version Tinstall Tcheck Ttotal Status Flags
r-devel-linux-x86_64-debian-clang 0.7 1.01 16.82 17.83 OK
r-devel-linux-x86_64-debian-gcc 0.7 1.09 17.14 18.23 OK
r-devel-linux-x86_64-fedora-clang 0.7 29.83 OK --no-stop-on-test-error
r-devel-linux-x86_64-fedora-gcc 0.7 28.47 OK --no-stop-on-test-error
r-devel-macos-x86_64-clang 0.7 27.28 OK --no-stop-on-test-error
r-devel-windows-ix86+x86_64 0.7 16.00 48.00 64.00 OK
r-patched-linux-x86_64 0.7 0.91 14.43 15.34 OK
r-patched-solaris-sparc 0.7 164.90 NOTE
r-patched-solaris-x86 0.7 33.80 NOTE
r-release-linux-x86_64 0.7 0.91 14.55 15.46 OK
r-release-osx-x86_64-mavericks 0.7 NOTE
r-release-windows-ix86+x86_64 0.7 8.00 34.00 42.00 OK
r-oldrel-windows-ix86+x86_64 0.7 15.00 46.00 61.00 OK

Check Details

Version: 0.7
Check: package dependencies
Result: NOTE
    Package suggested but not available for checking: ‘RMySQL’
Flavors: r-patched-solaris-sparc, r-patched-solaris-x86

Version: 0.7
Check: package dependencies
Result: NOTE
    Package suggested but not available for checking: ‘RODBC’
Flavor: r-release-osx-x86_64-mavericks