CRAN Package Check Results for Package ProjectTemplate

Last updated on 2016-05-29 21:46:47.

Flavor Version Tinstall Tcheck Ttotal Status Flags
r-devel-linux-x86_64-debian-gcc 0.6 0.94 14.49 15.42 ERROR
r-devel-linux-x86_64-fedora-clang 0.6 24.70 ERROR
r-devel-linux-x86_64-fedora-gcc 0.6 23.49 ERROR
r-devel-osx-x86_64-clang 0.6 30.49 ERROR
r-devel-windows-ix86+x86_64 0.6 5.00 33.00 38.00 ERROR
r-patched-linux-x86_64 0.6 0.95 14.14 15.09 ERROR
r-patched-solaris-sparc 0.6 161.20 ERROR
r-patched-solaris-x86 0.6 35.50 ERROR
r-release-linux-x86_64 0.6 0.87 14.24 15.11 ERROR
r-release-osx-x86_64-mavericks 0.6 ERROR
r-release-windows-ix86+x86_64 0.6 8.00 36.00 44.00 ERROR
r-oldrel-windows-ix86+x86_64 0.6 5.00 33.00 38.00 ERROR

Check Details

Version: 0.6
Check: DESCRIPTION meta-information
Result: NOTE
    Malformed Title field: should not end in a period.
Flavors: r-devel-linux-x86_64-debian-gcc, r-devel-linux-x86_64-fedora-clang, r-devel-linux-x86_64-fedora-gcc, r-devel-osx-x86_64-clang, r-devel-windows-ix86+x86_64, r-patched-linux-x86_64, r-patched-solaris-sparc, r-patched-solaris-x86, r-release-linux-x86_64, r-release-osx-x86_64-mavericks, r-release-windows-ix86+x86_64, r-oldrel-windows-ix86+x86_64

Version: 0.6
Check: R code for possible problems
Result: NOTE
    .check.version: no visible global function definition for
     ‘compareVersion’
    create.project: no visible global function definition for ‘untar’
    csv.reader: no visible global function definition for ‘unzip’
    csv.reader: no visible global function definition for ‘read.csv’
    csv2.reader: no visible global function definition for ‘unzip’
    csv2.reader: no visible global function definition for ‘read.csv’
    sql.reader: no visible global function definition for ‘modifyList’
    test.project: no visible global function definition for
     ‘packageVersion’
    translate.dcf: no visible global function definition for ‘setNames’
    tsv.reader: no visible global function definition for ‘unzip’
    tsv.reader: no visible global function definition for ‘read.csv’
    url.reader: no visible global function definition for ‘download.file’
    wsv.reader: no visible global function definition for ‘unzip’
    wsv.reader: no visible global function definition for ‘read.table’
    Undefined global functions or variables:
     compareVersion download.file modifyList packageVersion read.csv
     read.table setNames untar unzip
    Consider adding
     importFrom("stats", "setNames")
     importFrom("utils", "compareVersion", "download.file", "modifyList",
     "packageVersion", "read.csv", "read.table", "untar",
     "unzip")
    to your NAMESPACE file.
Flavors: r-devel-linux-x86_64-debian-gcc, r-devel-linux-x86_64-fedora-clang, r-devel-linux-x86_64-fedora-gcc, r-devel-osx-x86_64-clang, r-devel-windows-ix86+x86_64, r-patched-linux-x86_64, r-patched-solaris-sparc, r-patched-solaris-x86, r-release-linux-x86_64, r-release-osx-x86_64-mavericks, r-release-windows-ix86+x86_64

Version: 0.6
Check: tests
Result: ERROR
    Running the tests in ‘tests/run-all.R’ failed.
    Last 13 lines of output:
     6. Failure: Test failure creating project into existing directory with an unrelated entry if merge.existing is not set (@test-overwrite.R#75)
     file.exists(file.path("test_project")) isn't false.
    
    
     testthat results ================================================================
     OK: 307 SKIPPED: 0 FAILED: 6
     1. Error: All elements have length 1 (@test-load.R#4)
     2. Failure: Test full project into existing directory (@test-overwrite.R#5)
     3. Error: Test full project into existing directory (@test-overwrite.R#9)
     4. Failure: Test minimal project into existing directory with an unrelated entry (@test-overwrite.R#45)
     5. Error: Test minimal project into existing directory with an unrelated entry (@test-overwrite.R#53)
     6. Failure: Test failure creating project into existing directory with an unrelated entry if merge.existing is not set (@test-overwrite.R#75)
    
     Error: testthat unit tests failed
     Execution halted
Flavors: r-devel-linux-x86_64-debian-gcc, r-devel-linux-x86_64-fedora-clang, r-devel-linux-x86_64-fedora-gcc, r-devel-osx-x86_64-clang

Version: 0.6
Check: tests
Result: ERROR
    Running the tests in 'tests/run-all.R' failed.
    Last 13 lines of output:
    
     WARNING: Perl module Compress::Raw::Zlib cannot be loaded.
     WARNING: Perl module Spreadsheet::ParseXLSX cannot be loaded.
     WARNING: Microsoft Excel 2007 'XLSX' formatted files will not be processed.
     testthat results ================================================================
     OK: 307 SKIPPED: 0 FAILED: 6
     1. Error: All elements have length 1 (@test-load.R#4)
     2. Failure: Test full project into existing directory (@test-overwrite.R#5)
     3. Error: Test full project into existing directory (@test-overwrite.R#9)
     4. Failure: Test minimal project into existing directory with an unrelated entry (@test-overwrite.R#45)
     5. Error: Test minimal project into existing directory with an unrelated entry (@test-overwrite.R#53)
     6. Failure: Test failure creating project into existing directory with an unrelated entry if merge.existing is not set (@test-overwrite.R#75)
    
     Error: testthat unit tests failed
     Execution halted
Flavor: r-devel-windows-ix86+x86_64

Version: 0.6
Check: tests
Result: ERROR
    Running the tests in ‘tests/run-all.R’ failed.
    Last 13 lines of output:
    
    
     testthat results ================================================================
     OK: 307 SKIPPED: 0 FAILED: 6
     1. Error: All elements have length 1 (@test-load.R#4)
     2. Failure: Test full project into existing directory (@test-overwrite.R#5)
     3. Error: Test full project into existing directory (@test-overwrite.R#9)
     4. Failure: Test minimal project into existing directory with an unrelated entry (@test-overwrite.R#45)
     5. Error: Test minimal project into existing directory with an unrelated entry (@test-overwrite.R#53)
     6. Failure: Test failure creating project into existing directory with an unrelated entry if merge.existing is not set (@test-overwrite.R#75)
    
     Error: testthat unit tests failed
     Execution halted
Flavors: r-patched-linux-x86_64, r-release-linux-x86_64, r-release-osx-x86_64-mavericks

Version: 0.6
Check: package dependencies
Result: NOTE
    Package suggested but not available for checking: ‘RMySQL’
Flavors: r-patched-solaris-sparc, r-patched-solaris-x86

Version: 0.6
Check: tests
Result: ERROR
    Running the tests in ‘tests/run-all.R’ failed.
    Last 13 lines of output:
     WARNING: Perl module Spreadsheet::ParseXLSX cannot be loaded.
     WARNING: Microsoft Excel 2007 'XLSX' formatted files will not be processed.
     testthat results ================================================================
     OK: 307 SKIPPED: 0 FAILED: 6
     1. Error: All elements have length 1 (@test-load.R#4)
     2. Failure: Test full project into existing directory (@test-overwrite.R#5)
     3. Error: Test full project into existing directory (@test-overwrite.R#9)
     4. Failure: Test minimal project into existing directory with an unrelated entry (@test-overwrite.R#45)
     5. Error: Test minimal project into existing directory with an unrelated entry (@test-overwrite.R#53)
     6. Failure: Test failure creating project into existing directory with an unrelated entry if merge.existing is not set (@test-overwrite.R#75)
    
     Error: testthat unit tests failed
     Execution halted
Flavors: r-patched-solaris-sparc, r-patched-solaris-x86, r-release-windows-ix86+x86_64, r-oldrel-windows-ix86+x86_64

Version: 0.6
Check: package dependencies
Result: NOTE
    Packages suggested but not available for checking: ‘RODBC’ ‘RPostgreSQL’
Flavor: r-release-osx-x86_64-mavericks