CRAN Package Check Results for Package ProjectTemplate

Last updated on 2017-07-20 19:48:14.

Flavor Version Tinstall Tcheck Ttotal Status Flags
r-devel-linux-x86_64-debian-clang 0.7 1.03 25.40 26.43 ERROR
r-devel-linux-x86_64-debian-gcc 0.7 0.93 25.21 26.14 ERROR
r-devel-linux-x86_64-fedora-clang 0.7 31.02 ERROR
r-devel-linux-x86_64-fedora-gcc 0.7 30.03 ERROR
r-devel-windows-ix86+x86_64 0.7 7.00 48.00 55.00 ERROR
r-patched-linux-x86_64 0.7 0.95 25.12 26.08 ERROR
r-patched-solaris-x86 0.7 38.90 ERROR
r-release-linux-x86_64 0.7 1.04 25.03 26.07 ERROR
r-release-windows-ix86+x86_64 0.7 5.00 36.00 41.00 ERROR
r-release-osx-x86_64 0.7 NOTE
r-oldrel-windows-ix86+x86_64 0.7 9.00 31.00 40.00 ERROR
r-oldrel-osx-x86_64 0.7 NOTE

Check Details

Version: 0.7
Check: tests
Result: ERROR
     Running ‘run-all.R’ [2s/3s]
    Running the tests in ‘tests/run-all.R’ failed.
    Complete output:
     > library(testthat)
     >
     > test_check("ProjectTemplate")
     Loading required package: ProjectTemplate
     Read 1 item
     .1
     Failed -------------------------------------------------------------------------
     1. Error: Full project (@test-create.R#76) -------------------------------------
     attempt to apply non-function
     1: suppressMessages(test.project()) at testthat/test-create.R:76
     2: withCallingHandlers(expr, message = function(c) invokeRestart("muffleMessage"))
     3: test.project()
     4: lapply(files, testthat::test_file, env = environment())
     5: FUN(X[[i]], ...)
     6: with_reporter(reporter = reporter, start_end_reporter = start_end_reporter, {
     lister$start_file(basename(path))
     source_file(path, new.env(parent = env), chdir = TRUE)
     end_context()
     })
     7: force(code)
     8: source_file(path, new.env(parent = env), chdir = TRUE)
     9: eval(exprs, env)
     10: eval(exprs, env)
     11: expect_that(1, equals(1)) at tests/1.R:3
     12: condition(object)
     13: expect_equal(x, expected, ..., expected.label = label)
     14: expect(comp$equal, sprintf("%s not equal to %s.\n%s", lab_act, lab_exp, comp$message),
     info = info)
     15: withRestarts(if (expectation_broken(exp)) {
     stop(exp)
     } else {
     signalCondition(exp)
     }, continue_test = function(e) NULL)
     16: withOneRestart(expr, restarts[[1L]])
     17: doWithOneRestart(return(expr), restart)
     18: signalCondition(exp)
     19: (function (e)
     {
     register_expectation(e, frame + 11, sys.nframe() - 6)
     invokeRestart("continue_test")
     })(structure(list(message = "1 not equal to 1.\nEqual\n", srcref = NULL), .Names = c("message",
     "srcref"), class = c("expectation_success", "expectation", "condition")))
     20: register_expectation(e, frame + 11, sys.nframe() - 6)
     21: get_reporter()$add_result(context = get_reporter()$.context, test = test, result = e)
     22: o_apply(self$reporters, "add_result", context = context, test = test, result = result)
     23: lapply(objects, function(x) x[[method]](...))
     24: FUN(X[[i]], ...)
     25: x[[method]](...)
    
     DONE ===========================================================================
     .1
     Failed -------------------------------------------------------------------------
     1. Error: Test full project into existing directory (@test-create.R#111) -------
     attempt to apply non-function
     1: suppressMessages(test.project()) at testthat/test-create.R:111
     2: withCallingHandlers(expr, message = function(c) invokeRestart("muffleMessage"))
     3: test.project()
     4: lapply(files, testthat::test_file, env = environment())
     5: FUN(X[[i]], ...)
     6: with_reporter(reporter = reporter, start_end_reporter = start_end_reporter, {
     lister$start_file(basename(path))
     source_file(path, new.env(parent = env), chdir = TRUE)
     end_context()
     })
     7: force(code)
     8: source_file(path, new.env(parent = env), chdir = TRUE)
     9: eval(exprs, env)
     10: eval(exprs, env)
     11: expect_that(1, equals(1)) at tests/1.R:3
     12: condition(object)
     13: expect_equal(x, expected, ..., expected.label = label)
     14: expect(comp$equal, sprintf("%s not equal to %s.\n%s", lab_act, lab_exp, comp$message),
     info = info)
     15: withRestarts(if (expectation_broken(exp)) {
     stop(exp)
     } else {
     signalCondition(exp)
     }, continue_test = function(e) NULL)
     16: withOneRestart(expr, restarts[[1L]])
     17: doWithOneRestart(return(expr), restart)
     18: signalCondition(exp)
     19: (function (e)
     {
     register_expectation(e, frame + 11, sys.nframe() - 6)
     invokeRestart("continue_test")
     })(structure(list(message = "1 not equal to 1.\nEqual\n", srcref = NULL), .Names = c("message",
     "srcref"), class = c("expectation_success", "expectation", "condition")))
     20: register_expectation(e, frame + 11, sys.nframe() - 6)
     21: get_reporter()$add_result(context = get_reporter()$.context, test = test, result = e)
     22: o_apply(self$reporters, "add_result", context = context, test = test, result = result)
     23: lapply(objects, function(x) x[[method]](...))
     24: FUN(X[[i]], ...)
     25: x[[method]](...)
    
     DONE ===========================================================================
     1. Failure: Example 37: SPSS Support with .sav Extension (@test-readers.R#734) -
     spss.reader(data.file, filename, variable.name) showed 0 warnings
    
    
     2. Failure: Example 38: SPSS Support with .sav Extension / Alternative Generation (@test-readers.R#756)
     spss.reader(data.file, filename, variable.name) showed 0 warnings
    
    
     testthat results ================================================================
     OK: 428 SKIPPED: 0 FAILED: 2
     1. Failure: Example 37: SPSS Support with .sav Extension (@test-readers.R#734)
     2. Failure: Example 38: SPSS Support with .sav Extension / Alternative Generation (@test-readers.R#756)
    
     Error: testthat unit tests failed
     Execution halted
Flavors: r-devel-linux-x86_64-debian-clang, r-devel-linux-x86_64-debian-gcc

Version: 0.7
Check: tests
Result: ERROR
     Running ‘run-all.R’
    Running the tests in ‘tests/run-all.R’ failed.
    Complete output:
     > library(testthat)
     >
     > test_check("ProjectTemplate")
     Loading required package: ProjectTemplate
     Read 1 item
     .1
     Failed -------------------------------------------------------------------------
     1. Error: Full project (@test-create.R#76) -------------------------------------
     attempt to apply non-function
     1: suppressMessages(test.project()) at testthat/test-create.R:76
     2: withCallingHandlers(expr, message = function(c) invokeRestart("muffleMessage"))
     3: test.project()
     4: lapply(files, testthat::test_file, env = environment())
     5: FUN(X[[i]], ...)
     6: with_reporter(reporter = reporter, start_end_reporter = start_end_reporter, {
     lister$start_file(basename(path))
     source_file(path, new.env(parent = env), chdir = TRUE)
     end_context()
     })
     7: force(code)
     8: source_file(path, new.env(parent = env), chdir = TRUE)
     9: eval(exprs, env)
     10: eval(exprs, env)
     11: expect_that(1, equals(1)) at tests/1.R:3
     12: condition(object)
     13: expect_equal(x, expected, ..., expected.label = label)
     14: expect(comp$equal, sprintf("%s not equal to %s.\n%s", lab_act, lab_exp, comp$message),
     info = info)
     15: withRestarts(if (expectation_broken(exp)) {
     stop(exp)
     } else {
     signalCondition(exp)
     }, continue_test = function(e) NULL)
     16: withOneRestart(expr, restarts[[1L]])
     17: doWithOneRestart(return(expr), restart)
     18: signalCondition(exp)
     19: (function (e)
     {
     register_expectation(e, frame + 11, sys.nframe() - 6)
     invokeRestart("continue_test")
     })(structure(list(message = "1 not equal to 1.\nEqual\n", srcref = NULL), .Names = c("message",
     "srcref"), class = c("expectation_success", "expectation", "condition")))
     20: register_expectation(e, frame + 11, sys.nframe() - 6)
     21: get_reporter()$add_result(context = get_reporter()$.context, test = test, result = e)
     22: o_apply(self$reporters, "add_result", context = context, test = test, result = result)
     23: lapply(objects, function(x) x[[method]](...))
     24: FUN(X[[i]], ...)
     25: x[[method]](...)
    
     DONE ===========================================================================
     .1
     Failed -------------------------------------------------------------------------
     1. Error: Test full project into existing directory (@test-create.R#111) -------
     attempt to apply non-function
     1: suppressMessages(test.project()) at testthat/test-create.R:111
     2: withCallingHandlers(expr, message = function(c) invokeRestart("muffleMessage"))
     3: test.project()
     4: lapply(files, testthat::test_file, env = environment())
     5: FUN(X[[i]], ...)
     6: with_reporter(reporter = reporter, start_end_reporter = start_end_reporter, {
     lister$start_file(basename(path))
     source_file(path, new.env(parent = env), chdir = TRUE)
     end_context()
     })
     7: force(code)
     8: source_file(path, new.env(parent = env), chdir = TRUE)
     9: eval(exprs, env)
     10: eval(exprs, env)
     11: expect_that(1, equals(1)) at tests/1.R:3
     12: condition(object)
     13: expect_equal(x, expected, ..., expected.label = label)
     14: expect(comp$equal, sprintf("%s not equal to %s.\n%s", lab_act, lab_exp, comp$message),
     info = info)
     15: withRestarts(if (expectation_broken(exp)) {
     stop(exp)
     } else {
     signalCondition(exp)
     }, continue_test = function(e) NULL)
     16: withOneRestart(expr, restarts[[1L]])
     17: doWithOneRestart(return(expr), restart)
     18: signalCondition(exp)
     19: (function (e)
     {
     register_expectation(e, frame + 11, sys.nframe() - 6)
     invokeRestart("continue_test")
     })(structure(list(message = "1 not equal to 1.\nEqual\n", srcref = NULL), .Names = c("message",
     "srcref"), class = c("expectation_success", "expectation", "condition")))
     20: register_expectation(e, frame + 11, sys.nframe() - 6)
     21: get_reporter()$add_result(context = get_reporter()$.context, test = test, result = e)
     22: o_apply(self$reporters, "add_result", context = context, test = test, result = result)
     23: lapply(objects, function(x) x[[method]](...))
     24: FUN(X[[i]], ...)
     25: x[[method]](...)
    
     DONE ===========================================================================
     1. Failure: Example 37: SPSS Support with .sav Extension (@test-readers.R#734) -
     spss.reader(data.file, filename, variable.name) showed 0 warnings
    
    
     2. Failure: Example 38: SPSS Support with .sav Extension / Alternative Generation (@test-readers.R#756)
     spss.reader(data.file, filename, variable.name) showed 0 warnings
    
    
     testthat results ================================================================
     OK: 428 SKIPPED: 0 FAILED: 2
     1. Failure: Example 37: SPSS Support with .sav Extension (@test-readers.R#734)
     2. Failure: Example 38: SPSS Support with .sav Extension / Alternative Generation (@test-readers.R#756)
    
     Error: testthat unit tests failed
     Execution halted
Flavors: r-devel-linux-x86_64-fedora-clang, r-devel-linux-x86_64-fedora-gcc

Version: 0.7
Check: tests
Result: ERROR
     Running 'run-all.R' [6s]
    Running the tests in 'tests/run-all.R' failed.
    Last 13 lines of output:
     1. Failure: Example 37: SPSS Support with .sav Extension (@test-readers.R#734) -
     spss.reader(data.file, filename, variable.name) showed 0 warnings
    
    
     2. Failure: Example 38: SPSS Support with .sav Extension / Alternative Generation (@test-readers.R#756)
     spss.reader(data.file, filename, variable.name) showed 0 warnings
    
    
     testthat results ================================================================
     OK: 428 SKIPPED: 0 FAILED: 2
     1. Failure: Example 37: SPSS Support with .sav Extension (@test-readers.R#734)
     2. Failure: Example 38: SPSS Support with .sav Extension / Alternative Generation (@test-readers.R#756)
    
     Error: testthat unit tests failed
     Execution halted
Flavor: r-devel-windows-ix86+x86_64

Version: 0.7
Check: tests
Result: ERROR
     Running ‘run-all.R’ [2s/2s]
    Running the tests in ‘tests/run-all.R’ failed.
    Complete output:
     > library(testthat)
     >
     > test_check("ProjectTemplate")
     Loading required package: ProjectTemplate
     Read 1 item
     .1
     Failed -------------------------------------------------------------------------
     1. Error: Full project (@test-create.R#76) -------------------------------------
     attempt to apply non-function
     1: suppressMessages(test.project()) at testthat/test-create.R:76
     2: withCallingHandlers(expr, message = function(c) invokeRestart("muffleMessage"))
     3: test.project()
     4: lapply(files, testthat::test_file, env = environment())
     5: FUN(X[[i]], ...)
     6: with_reporter(reporter = reporter, start_end_reporter = start_end_reporter, {
     lister$start_file(basename(path))
     source_file(path, new.env(parent = env), chdir = TRUE)
     end_context()
     })
     7: force(code)
     8: source_file(path, new.env(parent = env), chdir = TRUE)
     9: eval(exprs, env)
     10: eval(exprs, env)
     11: expect_that(1, equals(1)) at tests/1.R:3
     12: condition(object)
     13: expect_equal(x, expected, ..., expected.label = label)
     14: expect(comp$equal, sprintf("%s not equal to %s.\n%s", lab_act, lab_exp, comp$message),
     info = info)
     15: withRestarts(if (expectation_broken(exp)) {
     stop(exp)
     } else {
     signalCondition(exp)
     }, continue_test = function(e) NULL)
     16: withOneRestart(expr, restarts[[1L]])
     17: doWithOneRestart(return(expr), restart)
     18: signalCondition(exp)
     19: (function (e)
     {
     register_expectation(e, frame + 11, sys.nframe() - 6)
     invokeRestart("continue_test")
     })(structure(list(message = "1 not equal to 1.\nEqual\n", srcref = NULL), .Names = c("message",
     "srcref"), class = c("expectation_success", "expectation", "condition")))
     20: register_expectation(e, frame + 11, sys.nframe() - 6)
     21: get_reporter()$add_result(context = get_reporter()$.context, test = test, result = e)
     22: o_apply(self$reporters, "add_result", context = context, test = test, result = result)
     23: lapply(objects, function(x) x[[method]](...))
     24: FUN(X[[i]], ...)
     25: x[[method]](...)
    
     DONE ===========================================================================
     .1
     Failed -------------------------------------------------------------------------
     1. Error: Test full project into existing directory (@test-create.R#111) -------
     attempt to apply non-function
     1: suppressMessages(test.project()) at testthat/test-create.R:111
     2: withCallingHandlers(expr, message = function(c) invokeRestart("muffleMessage"))
     3: test.project()
     4: lapply(files, testthat::test_file, env = environment())
     5: FUN(X[[i]], ...)
     6: with_reporter(reporter = reporter, start_end_reporter = start_end_reporter, {
     lister$start_file(basename(path))
     source_file(path, new.env(parent = env), chdir = TRUE)
     end_context()
     })
     7: force(code)
     8: source_file(path, new.env(parent = env), chdir = TRUE)
     9: eval(exprs, env)
     10: eval(exprs, env)
     11: expect_that(1, equals(1)) at tests/1.R:3
     12: condition(object)
     13: expect_equal(x, expected, ..., expected.label = label)
     14: expect(comp$equal, sprintf("%s not equal to %s.\n%s", lab_act, lab_exp, comp$message),
     info = info)
     15: withRestarts(if (expectation_broken(exp)) {
     stop(exp)
     } else {
     signalCondition(exp)
     }, continue_test = function(e) NULL)
     16: withOneRestart(expr, restarts[[1L]])
     17: doWithOneRestart(return(expr), restart)
     18: signalCondition(exp)
     19: (function (e)
     {
     register_expectation(e, frame + 11, sys.nframe() - 6)
     invokeRestart("continue_test")
     })(structure(list(message = "1 not equal to 1.\nEqual\n", srcref = NULL), .Names = c("message",
     "srcref"), class = c("expectation_success", "expectation", "condition")))
     20: register_expectation(e, frame + 11, sys.nframe() - 6)
     21: get_reporter()$add_result(context = get_reporter()$.context, test = test, result = e)
     22: o_apply(self$reporters, "add_result", context = context, test = test, result = result)
     23: lapply(objects, function(x) x[[method]](...))
     24: FUN(X[[i]], ...)
     25: x[[method]](...)
    
     DONE ===========================================================================
     1. Failure: Example 37: SPSS Support with .sav Extension (@test-readers.R#734) -
     spss.reader(data.file, filename, variable.name) showed 0 warnings
    
    
     2. Failure: Example 38: SPSS Support with .sav Extension / Alternative Generation (@test-readers.R#756)
     spss.reader(data.file, filename, variable.name) showed 0 warnings
    
    
     testthat results ================================================================
     OK: 428 SKIPPED: 0 FAILED: 2
     1. Failure: Example 37: SPSS Support with .sav Extension (@test-readers.R#734)
     2. Failure: Example 38: SPSS Support with .sav Extension / Alternative Generation (@test-readers.R#756)
    
     Error: testthat unit tests failed
     Execution halted
Flavors: r-patched-linux-x86_64, r-release-linux-x86_64

Version: 0.7
Check: package dependencies
Result: NOTE
    Package suggested but not available for checking: ‘RMySQL’
Flavor: r-patched-solaris-x86

Version: 0.7
Check: tests
Result: ERROR
     Running ‘run-all.R’
    Running the tests in ‘tests/run-all.R’ failed.
    Complete output:
     > library(testthat)
     >
     > test_check("ProjectTemplate")
     Loading required package: ProjectTemplate
     Read 1 item
     .1
     Failed -------------------------------------------------------------------------
     1. Error: Full project (@test-create.R#76) -------------------------------------
     attempt to apply non-function
     1: suppressMessages(test.project()) at testthat/test-create.R:76
     2: withCallingHandlers(expr, message = function(c) invokeRestart("muffleMessage"))
     3: test.project()
     4: lapply(files, testthat::test_file, env = environment())
     5: FUN(X[[i]], ...)
     6: with_reporter(reporter = reporter, start_end_reporter = start_end_reporter, {
     lister$start_file(basename(path))
     source_file(path, new.env(parent = env), chdir = TRUE)
     end_context()
     })
     7: force(code)
     8: source_file(path, new.env(parent = env), chdir = TRUE)
     9: eval(exprs, env)
     10: eval(exprs, env)
     11: expect_that(1, equals(1)) at tests/1.R:3
     12: condition(object)
     13: expect_equal(x, expected, ..., expected.label = label)
     14: expect(comp$equal, sprintf("%s not equal to %s.\n%s", lab_act, lab_exp, comp$message),
     info = info)
     15: withRestarts(if (expectation_broken(exp)) {
     stop(exp)
     } else {
     signalCondition(exp)
     }, continue_test = function(e) NULL)
     16: withOneRestart(expr, restarts[[1L]])
     17: doWithOneRestart(return(expr), restart)
     18: signalCondition(exp)
     19: (function (e)
     {
     register_expectation(e, frame + 11, sys.nframe() - 6)
     invokeRestart("continue_test")
     })(structure(list(message = "1 not equal to 1.\nEqual\n", srcref = NULL), .Names = c("message",
     "srcref"), class = c("expectation_success", "expectation", "condition")))
     20: register_expectation(e, frame + 11, sys.nframe() - 6)
     21: get_reporter()$add_result(context = get_reporter()$.context, test = test, result = e)
     22: o_apply(self$reporters, "add_result", context = context, test = test, result = result)
     23: lapply(objects, function(x) x[[method]](...))
     24: FUN(X[[i]], ...)
     25: x[[method]](...)
    
     DONE ===========================================================================
     .1
     Failed -------------------------------------------------------------------------
     1. Error: Test full project into existing directory (@test-create.R#111) -------
     attempt to apply non-function
     1: suppressMessages(test.project()) at testthat/test-create.R:111
     2: withCallingHandlers(expr, message = function(c) invokeRestart("muffleMessage"))
     3: test.project()
     4: lapply(files, testthat::test_file, env = environment())
     5: FUN(X[[i]], ...)
     6: with_reporter(reporter = reporter, start_end_reporter = start_end_reporter, {
     lister$start_file(basename(path))
     source_file(path, new.env(parent = env), chdir = TRUE)
     end_context()
     })
     7: force(code)
     8: source_file(path, new.env(parent = env), chdir = TRUE)
     9: eval(exprs, env)
     10: eval(exprs, env)
     11: expect_that(1, equals(1)) at tests/1.R:3
     12: condition(object)
     13: expect_equal(x, expected, ..., expected.label = label)
     14: expect(comp$equal, sprintf("%s not equal to %s.\n%s", lab_act, lab_exp, comp$message),
     info = info)
     15: withRestarts(if (expectation_broken(exp)) {
     stop(exp)
     } else {
     signalCondition(exp)
     }, continue_test = function(e) NULL)
     16: withOneRestart(expr, restarts[[1L]])
     17: doWithOneRestart(return(expr), restart)
     18: signalCondition(exp)
     19: (function (e)
     {
     register_expectation(e, frame + 11, sys.nframe() - 6)
     invokeRestart("continue_test")
     })(structure(list(message = "1 not equal to 1.\nEqual\n", srcref = NULL), .Names = c("message",
     "srcref"), class = c("expectation_success", "expectation", "condition")))
     20: register_expectation(e, frame + 11, sys.nframe() - 6)
     21: get_reporter()$add_result(context = get_reporter()$.context, test = test, result = e)
     22: o_apply(self$reporters, "add_result", context = context, test = test, result = result)
     23: lapply(objects, function(x) x[[method]](...))
     24: FUN(X[[i]], ...)
     25: x[[method]](...)
    
     DONE ===========================================================================
     WARNING: Perl module Compress::Raw::Zlib cannot be loaded.
     WARNING: Perl module Spreadsheet::ParseXLSX cannot be loaded.
     WARNING: Microsoft Excel 2007 'XLSX' formatted files will not be processed.
     1. Failure: Example 37: SPSS Support with .sav Extension (@test-readers.R#734) -
     spss.reader(data.file, filename, variable.name) showed 0 warnings
    
    
     2. Failure: Example 38: SPSS Support with .sav Extension / Alternative Generation (@test-readers.R#756)
     spss.reader(data.file, filename, variable.name) showed 0 warnings
    
    
     testthat results ================================================================
     OK: 428 SKIPPED: 0 FAILED: 2
     1. Failure: Example 37: SPSS Support with .sav Extension (@test-readers.R#734)
     2. Failure: Example 38: SPSS Support with .sav Extension / Alternative Generation (@test-readers.R#756)
    
     Error: testthat unit tests failed
     Execution halted
Flavor: r-patched-solaris-x86

Version: 0.7
Check: tests
Result: ERROR
     Running 'run-all.R' [5s]
    Running the tests in 'tests/run-all.R' failed.
    Last 13 lines of output:
     1. Failure: Example 37: SPSS Support with .sav Extension (@test-readers.R#734) -
     spss.reader(data.file, filename, variable.name) showed 0 warnings
    
    
     2. Failure: Example 38: SPSS Support with .sav Extension / Alternative Generation (@test-readers.R#756)
     spss.reader(data.file, filename, variable.name) showed 0 warnings
    
    
     testthat results ================================================================
     OK: 428 SKIPPED: 0 FAILED: 2
     1. Failure: Example 37: SPSS Support with .sav Extension (@test-readers.R#734)
     2. Failure: Example 38: SPSS Support with .sav Extension / Alternative Generation (@test-readers.R#756)
    
     Error: testthat unit tests failed
     Execution halted
Flavor: r-release-windows-ix86+x86_64

Version: 0.7
Check: package dependencies
Result: NOTE
    Packages suggested but not available for checking: ‘RODBC’ ‘RPostgreSQL’
Flavor: r-release-osx-x86_64

Version: 0.7
Check: tests
Result: ERROR
     Running 'run-all.R' [3s]
    Running the tests in 'tests/run-all.R' failed.
    Last 13 lines of output:
     1. Failure: Example 37: SPSS Support with .sav Extension (@test-readers.R#734) -
     spss.reader(data.file, filename, variable.name) showed 0 warnings
    
    
     2. Failure: Example 38: SPSS Support with .sav Extension / Alternative Generation (@test-readers.R#756)
     spss.reader(data.file, filename, variable.name) showed 0 warnings
    
    
     testthat results ================================================================
     OK: 428 SKIPPED: 0 FAILED: 2
     1. Failure: Example 37: SPSS Support with .sav Extension (@test-readers.R#734)
     2. Failure: Example 38: SPSS Support with .sav Extension / Alternative Generation (@test-readers.R#756)
    
     Error: testthat unit tests failed
     Execution halted
Flavor: r-oldrel-windows-ix86+x86_64

Version: 0.7
Check: package dependencies
Result: NOTE
    Package suggested but not available for checking: ‘RODBC’
Flavor: r-oldrel-osx-x86_64