CRAN Package Check Results for Package ProjectTemplate

Last updated on 2020-04-07 09:49:38 CEST.

Flavor Version Tinstall Tcheck Ttotal Status Flags
r-devel-linux-x86_64-debian-clang 0.9.0 4.64 39.55 44.19 ERROR
r-devel-linux-x86_64-debian-gcc 0.9.0 3.26 31.00 34.26 ERROR
r-devel-linux-x86_64-fedora-clang 0.9.0 52.51 ERROR
r-devel-linux-x86_64-fedora-gcc 0.9.0 52.50 ERROR
r-devel-windows-ix86+x86_64 0.9.0 17.00 113.00 130.00 ERROR
r-devel-windows-ix86+x86_64-gcc8 0.9.0 9.00 75.00 84.00 ERROR
r-patched-linux-x86_64 0.9.0 4.38 39.45 43.83 ERROR
r-patched-solaris-x86 0.9.0 74.80 ERROR
r-release-linux-x86_64 0.9.0 3.26 36.72 39.98 OK
r-release-windows-ix86+x86_64 0.9.0 10.00 101.00 111.00 OK
r-release-osx-x86_64 0.9.0 OK
r-oldrel-windows-ix86+x86_64 0.9.0 16.00 76.00 92.00 OK
r-oldrel-osx-x86_64 0.9.0 OK

Check Details

Version: 0.9.0
Check: tests
Result: ERROR
     Running 'run-all.R' [10s/21s]
    Running the tests in 'tests/run-all.R' failed.
    Complete output:
     > library(testthat)
     >
     > test_check("ProjectTemplate")
     Loading required package: ProjectTemplate
     -- 1. Failure: Custom configuration is added to config (@test-add_config.R#12)
     `load.project()` generated warnings:
     * 'options(stringsAsFactors = TRUE)' is deprecated and will be disabled
    
     v | OK F W S | Context
    
     / | 0 | Example tests
     v | 1 | Example tests
    
     == Results =====================================================================
     OK: 1
     Failed: 0
     Warnings: 0
     Skipped: 0
     v | OK F W S | Context
    
     / | 0 | Example tests
     v | 1 | Example tests
    
     == Results =====================================================================
     OK: 1
     Failed: 0
     Warnings: 0
     Skipped: 0
     [1] FALSE
     [1] FALSE
     [1] FALSE
     [1] FALSE
     [1] FALSE
     [1] FALSE
     [1] FALSE
     [1] FALSE
     [1] TRUE
     [1] FALSE
     [1] FALSE
     [1] FALSE
     == testthat results ===========================================================
     [ OK: 852 | SKIPPED: 4 | WARNINGS: 281 | FAILED: 1 ]
     1. Failure: Custom configuration is added to config (@test-add_config.R#12)
    
     Error: testthat unit tests failed
     Execution halted
Flavor: r-devel-linux-x86_64-debian-clang

Version: 0.9.0
Check: tests
Result: ERROR
     Running ‘run-all.R’ [7s/20s]
    Running the tests in ‘tests/run-all.R’ failed.
    Complete output:
     > library(testthat)
     >
     > test_check("ProjectTemplate")
     Loading required package: ProjectTemplate
     ── 1. Failure: Custom configuration is added to config (@test-add_config.R#12)
     `load.project()` generated warnings:
     * 'options(stringsAsFactors = TRUE)' is deprecated and will be disabled
    
     ✔ | OK F W S | Context
    
     ⠏ | 0 | Example tests
     ✔ | 1 | Example tests
    
     ══ Results ═════════════════════════════════════════════════════════════════════
     OK: 1
     Failed: 0
     Warnings: 0
     Skipped: 0
     ✔ | OK F W S | Context
    
     ⠏ | 0 | Example tests
     ✔ | 1 | Example tests
    
     ══ Results ═════════════════════════════════════════════════════════════════════
     OK: 1
     Failed: 0
     Warnings: 0
     Skipped: 0
    
     :)
     [1] FALSE
     [1] FALSE
     [1] FALSE
     [1] FALSE
     [1] FALSE
     [1] FALSE
     [1] FALSE
     [1] FALSE
     [1] TRUE
     [1] FALSE
     [1] FALSE
     [1] FALSE
     ══ testthat results ═══════════════════════════════════════════════════════════
     [ OK: 852 | SKIPPED: 4 | WARNINGS: 281 | FAILED: 1 ]
     1. Failure: Custom configuration is added to config (@test-add_config.R#12)
    
     Error: testthat unit tests failed
     Execution halted
Flavor: r-devel-linux-x86_64-debian-gcc

Version: 0.9.0
Check: tests
Result: ERROR
     Running ‘run-all.R’ [11s/23s]
    Running the tests in ‘tests/run-all.R’ failed.
    Complete output:
     > library(testthat)
     >
     > test_check("ProjectTemplate")
     Loading required package: ProjectTemplate
     ── 1. Failure: Custom configuration is added to config (@test-add_config.R#12)
     `load.project()` generated warnings:
     * 'options(stringsAsFactors = TRUE)' is deprecated and will be disabled
    
     ✔ | OK F W S | Context
    
     ⠏ | 0 | Example tests
     ✔ | 1 | Example tests
    
     ══ Results ═════════════════════════════════════════════════════════════════════
     OK: 1
     Failed: 0
     Warnings: 0
     Skipped: 0
     ✔ | OK F W S | Context
    
     ⠏ | 0 | Example tests
     ✔ | 1 | Example tests
    
     ══ Results ═════════════════════════════════════════════════════════════════════
     OK: 1
     Failed: 0
     Warnings: 0
     Skipped: 0
     [1] FALSE
     [1] FALSE
     [1] FALSE
     [1] FALSE
     [1] FALSE
     [1] FALSE
     [1] FALSE
     [1] FALSE
     [1] TRUE
     [1] FALSE
     [1] FALSE
     [1] FALSE
     ══ testthat results ═══════════════════════════════════════════════════════════
     [ OK: 852 | SKIPPED: 4 | WARNINGS: 281 | FAILED: 1 ]
     1. Failure: Custom configuration is added to config (@test-add_config.R#12)
    
     Error: testthat unit tests failed
     Execution halted
Flavor: r-devel-linux-x86_64-fedora-clang

Version: 0.9.0
Check: tests
Result: ERROR
     Running ‘run-all.R’ [11s/25s]
    Running the tests in ‘tests/run-all.R’ failed.
    Complete output:
     > library(testthat)
     >
     > test_check("ProjectTemplate")
     Loading required package: ProjectTemplate
     ── 1. Failure: Custom configuration is added to config (@test-add_config.R#12)
     `load.project()` generated warnings:
     * 'options(stringsAsFactors = TRUE)' is deprecated and will be disabled
    
     ✔ | OK F W S | Context
    
     ⠏ | 0 | Example tests
     ✔ | 1 | Example tests
    
     ══ Results ═════════════════════════════════════════════════════════════════════
     OK: 1
     Failed: 0
     Warnings: 0
     Skipped: 0
    
     Way to go!
     ✔ | OK F W S | Context
    
     ⠏ | 0 | Example tests
     ✔ | 1 | Example tests
    
     ══ Results ═════════════════════════════════════════════════════════════════════
     OK: 1
     Failed: 0
     Warnings: 0
     Skipped: 0
     [1] FALSE
     [1] FALSE
     [1] FALSE
     [1] FALSE
     [1] FALSE
     [1] FALSE
     [1] FALSE
     [1] FALSE
     [1] TRUE
     [1] FALSE
     [1] FALSE
     [1] FALSE
     ══ testthat results ═══════════════════════════════════════════════════════════
     [ OK: 852 | SKIPPED: 4 | WARNINGS: 281 | FAILED: 1 ]
     1. Failure: Custom configuration is added to config (@test-add_config.R#12)
    
     Error: testthat unit tests failed
     Execution halted
Flavor: r-devel-linux-x86_64-fedora-gcc

Version: 0.9.0
Check: tests
Result: ERROR
     Running 'run-all.R' [46s]
    Running the tests in 'tests/run-all.R' failed.
    Complete output:
     > library(testthat)
     >
     > test_check("ProjectTemplate")
     Loading required package: ProjectTemplate
     -- 1. Failure: Custom configuration is added to config (@test-add_config.R#12)
     `load.project()` generated warnings:
     * 'options(stringsAsFactors = TRUE)' is deprecated and will be disabled
    
     v | OK F W S | Context
    
     / | 0 | Example tests
     v | 1 | Example tests
    
     == Results =====================================================================
     OK: 1
     Failed: 0
     Warnings: 0
     Skipped: 0
     v | OK F W S | Context
    
     / | 0 | Example tests
     v | 1 | Example tests
    
     == Results =====================================================================
     OK: 1
     Failed: 0
     Warnings: 0
     Skipped: 0
     [1] FALSE
     [1] FALSE
     [1] FALSE
     [1] FALSE
     [1] FALSE
     [1] FALSE
     [1] FALSE
     [1] FALSE
     [1] TRUE
     [1] FALSE
     [1] FALSE
     [1] FALSE
     == testthat results ===========================================================
     [ OK: 852 | SKIPPED: 4 | WARNINGS: 281 | FAILED: 1 ]
     1. Failure: Custom configuration is added to config (@test-add_config.R#12)
    
     Error: testthat unit tests failed
     Execution halted
Flavor: r-devel-windows-ix86+x86_64

Version: 0.9.0
Check: tests
Result: ERROR
     Running 'run-all.R' [32s]
    Running the tests in 'tests/run-all.R' failed.
    Complete output:
     > library(testthat)
     >
     > test_check("ProjectTemplate")
     Loading required package: ProjectTemplate
     -- 1. Failure: Custom configuration is added to config (@test-add_config.R#12)
     `load.project()` generated warnings:
     * 'options(stringsAsFactors = TRUE)' is deprecated and will be disabled
    
     v | OK F W S | Context
    
     / | 0 | Example tests
     v | 1 | Example tests
    
     == Results =====================================================================
     OK: 1
     Failed: 0
     Warnings: 0
     Skipped: 0
     v | OK F W S | Context
    
     / | 0 | Example tests
     v | 1 | Example tests
    
     == Results =====================================================================
     OK: 1
     Failed: 0
     Warnings: 0
     Skipped: 0
    
     You are a coding rockstar!
     [1] FALSE
     [1] FALSE
     [1] FALSE
     [1] FALSE
     [1] FALSE
     [1] FALSE
     [1] FALSE
     [1] FALSE
     [1] TRUE
     [1] FALSE
     [1] FALSE
     [1] FALSE
     == testthat results ===========================================================
     [ OK: 852 | SKIPPED: 4 | WARNINGS: 281 | FAILED: 1 ]
     1. Failure: Custom configuration is added to config (@test-add_config.R#12)
    
     Error: testthat unit tests failed
     Execution halted
Flavor: r-devel-windows-ix86+x86_64-gcc8

Version: 0.9.0
Check: tests
Result: ERROR
     Running ‘run-all.R’ [10s/21s]
    Running the tests in ‘tests/run-all.R’ failed.
    Complete output:
     > library(testthat)
     >
     > test_check("ProjectTemplate")
     Loading required package: ProjectTemplate
     ── 1. Failure: Custom configuration is added to config (@test-add_config.R#12)
     `load.project()` generated warnings:
     * 'options(stringsAsFactors = TRUE)' is deprecated and will be disabled
    
     ✔ | OK F W S | Context
    
     ⠏ | 0 | Example tests
     ✔ | 1 | Example tests
    
     ══ Results ═════════════════════════════════════════════════════════════════════
     OK: 1
     Failed: 0
     Warnings: 0
     Skipped: 0
     ✔ | OK F W S | Context
    
     ⠏ | 0 | Example tests
     ✔ | 1 | Example tests
    
     ══ Results ═════════════════════════════════════════════════════════════════════
     OK: 1
     Failed: 0
     Warnings: 0
     Skipped: 0
     [1] FALSE
     [1] FALSE
     [1] FALSE
     [1] FALSE
     [1] FALSE
     [1] FALSE
     [1] FALSE
     [1] FALSE
     [1] TRUE
     [1] FALSE
     [1] FALSE
     [1] FALSE
     ══ testthat results ═══════════════════════════════════════════════════════════
     [ OK: 852 | SKIPPED: 4 | WARNINGS: 281 | FAILED: 1 ]
     1. Failure: Custom configuration is added to config (@test-add_config.R#12)
    
     Error: testthat unit tests failed
     Execution halted
Flavor: r-patched-linux-x86_64

Version: 0.9.0
Check: tests
Result: ERROR
     Running ‘run-all.R’ [15s/28s]
    Running the tests in ‘tests/run-all.R’ failed.
    Complete output:
     > library(testthat)
     >
     > test_check("ProjectTemplate")
     Loading required package: ProjectTemplate
     ── 1. Failure: Custom configuration is added to config (@test-add_config.R#12)
     `load.project()` generated warnings:
     * 'options(stringsAsFactors = TRUE)' is deprecated and will be disabled
    
     ✔ | OK F W S | Context
    
     ⠏ | 0 | Example tests
     ✔ | 1 | Example tests
    
     ══ Results ═════════════════════════════════════════════════════════════════════
     OK: 1
     Failed: 0
     Warnings: 0
     Skipped: 0
     ✔ | OK F W S | Context
    
     ⠏ | 0 | Example tests
     ✔ | 1 | Example tests
    
     ══ Results ═════════════════════════════════════════════════════════════════════
     OK: 1
     Failed: 0
     Warnings: 0
     Skipped: 0
     [1] FALSE
     [1] FALSE
     [1] FALSE
     [1] FALSE
     [1] FALSE
     [1] FALSE
     [1] FALSE
     [1] FALSE
     [1] TRUE
     [1] FALSE
     [1] FALSE
     [1] FALSE
     ══ testthat results ═══════════════════════════════════════════════════════════
     [ OK: 852 | SKIPPED: 4 | WARNINGS: 281 | FAILED: 1 ]
     1. Failure: Custom configuration is added to config (@test-add_config.R#12)
    
     Error: testthat unit tests failed
     Execution halted
Flavor: r-patched-solaris-x86