CRAN Package Check Results for Package ProjectTemplate

Last updated on 2022-05-19 09:53:20 CEST.

Flavor Version Tinstall Tcheck Ttotal Status Flags
r-devel-linux-x86_64-debian-clang 0.10.2 6.96 77.50 84.46 OK
r-devel-linux-x86_64-debian-gcc 0.10.2 5.65 57.98 63.63 OK
r-devel-linux-x86_64-fedora-clang 0.10.2 100.06 OK
r-devel-linux-x86_64-fedora-gcc 0.10.2 98.09 OK
r-devel-windows-x86_64 0.10.2 111.00 136.00 247.00 OK
r-patched-linux-x86_64 0.10.2 6.26 71.51 77.77 OK
r-release-linux-x86_64 0.10.2 7.14 73.07 80.21 OK
r-release-macos-arm64 0.10.2 44.00 OK
r-release-macos-x86_64 0.10.2 60.00 OK
r-release-windows-x86_64 0.10.2 136.00 135.00 271.00 OK
r-oldrel-macos-arm64 0.10.2 45.00 NOTE
r-oldrel-macos-x86_64 0.10.2 65.00 OK
r-oldrel-windows-ix86+x86_64 0.10.2 15.00 119.00 134.00 OK

Check Details

Version: 0.10.2
Check: package dependencies
Result: NOTE
    Package suggested but not available for checking: ‘RODBC’
Flavor: r-oldrel-macos-arm64