CRAN Package Check Results for Package ProjectTemplate

Last updated on 2017-01-21 13:49:04.

Flavor Version Tinstall Tcheck Ttotal Status Flags
r-devel-linux-x86_64-debian-clang 0.7 1.01 16.49 17.51 OK
r-devel-linux-x86_64-debian-gcc 0.7 0.92 16.76 17.68 OK
r-devel-linux-x86_64-fedora-clang 0.7 29.69 OK --no-stop-on-test-error
r-devel-linux-x86_64-fedora-gcc 0.7 28.59 OK --no-stop-on-test-error
r-devel-macos-x86_64-clang 0.7 26.45 OK --no-stop-on-test-error
r-devel-windows-ix86+x86_64 0.7 10.00 37.00 47.00 OK
r-patched-linux-x86_64 0.7 0.92 14.53 15.45 OK
r-patched-solaris-sparc 0.7 164.90 NOTE
r-patched-solaris-x86 0.7 33.70 NOTE
r-release-linux-x86_64 0.7 0.87 14.91 15.79 OK
r-release-osx-x86_64-mavericks 0.7 NOTE
r-release-windows-ix86+x86_64 0.7 12.00 45.00 57.00 OK
r-oldrel-windows-ix86+x86_64 0.7 10.00 47.00 57.00 OK

Check Details

Version: 0.7
Check: package dependencies
Result: NOTE
    Package suggested but not available for checking: ‘RMySQL’
Flavors: r-patched-solaris-sparc, r-patched-solaris-x86

Version: 0.7
Check: package dependencies
Result: NOTE
    Package suggested but not available for checking: ‘RODBC’
Flavor: r-release-osx-x86_64-mavericks