CRAN Package Check Results for Package ProjectTemplate

Last updated on 2015-04-02 08:49:38.

Flavor Version Tinstall Tcheck Ttotal Status Flags
r-devel-linux-x86_64-debian-clang 0.6 0.91 13.98 14.89 NOTE
r-devel-linux-x86_64-debian-gcc 0.6 0.88 14.66 15.54 NOTE
r-devel-linux-x86_64-fedora-clang 0.6 29.24 NOTE
r-devel-linux-x86_64-fedora-gcc 0.6 27.53 NOTE
r-devel-osx-x86_64-clang 0.6 34.62 NOTE
r-prerel-windows-ix86+x86_64 0.6 6.00 27.00 33.00 NOTE
r-prerel-linux-x86_64 0.6 0.88 14.02 14.90 NOTE
r-prerel-solaris-sparc 0.6 193.60 NOTE
r-prerel-solaris-x86 0.6 38.40 NOTE
r-release-linux-x86_64 0.6 0.97 16.08 17.05 OK
r-release-osx-x86_64-mavericks 0.6 NOTE
r-release-osx-x86_64-snowleopard 0.6 OK
r-release-windows-ix86+x86_64 0.6 5.00 28.00 33.00 OK
r-oldrel-windows-ix86+x86_64 0.6 4.00 35.00 39.00 OK

Check Details

Version: 0.6
Check: DESCRIPTION meta-information
Result: NOTE
    Malformed Title field: should not end in a period.
Flavors: r-devel-linux-x86_64-debian-clang, r-devel-linux-x86_64-debian-gcc, r-devel-linux-x86_64-fedora-clang, r-devel-linux-x86_64-fedora-gcc, r-devel-osx-x86_64-clang, r-prerel-windows-ix86+x86_64, r-prerel-linux-x86_64, r-prerel-solaris-sparc, r-prerel-solaris-x86

Version: 0.6
Check: package dependencies
Result: NOTE
    Package suggested but not available for checking: ‘RMySQL’
Flavors: r-prerel-solaris-sparc, r-prerel-solaris-x86

Version: 0.6
Check: package dependencies
Result: NOTE
    Packages suggested but not available for checking: ‘RODBC’ ‘RPostgreSQL’
Flavor: r-release-osx-x86_64-mavericks