CRAN Package Check Results for Package ProjectTemplate

Last updated on 2014-04-16 11:47:24.

Flavor Version Tinstall Tcheck Ttotal Status Flags
r-devel-linux-x86_64-debian-clang 0.5-1 0.92 18.41 19.34 NOTE
r-devel-linux-x86_64-debian-gcc 0.5-1 0.93 18.27 19.20 NOTE
r-devel-linux-x86_64-fedora-clang 0.5-1 38.86 NOTE
r-devel-linux-x86_64-fedora-gcc 0.5-1 36.51 NOTE
r-devel-macosx-x86_64-clang 0.5-1 39.16 NOTE
r-devel-macosx-x86_64-gcc 0.5-1 NOTE
r-devel-windows-ix86+x86_64 0.5-1 3.00 31.00 34.00 NOTE
r-patched-linux-x86_64 0.5-1 0.94 18.27 19.20 NOTE
r-patched-solaris-sparc 0.5-1 207.90 NOTE
r-patched-solaris-x86 0.5-1 49.40 NOTE
r-release-linux-ix86 0.5-1 3.00 40.00 43.00 NOTE
r-release-linux-x86_64 0.5-1 0.94 18.21 19.15 NOTE
r-release-macosx-x86_64 0.5-1 NOTE
r-release-windows-ix86+x86_64 0.5-1 2.00 34.00 36.00 NOTE
r-oldrel-windows-ix86+x86_64 0.5-1 3.00 32.00 35.00 NOTE

Check Details

Version: 0.5-1
Check: dependencies in R code
Result: NOTE
    Unexported object imported by a ':::' call: ‘log4r:::INFO’
     See the note in ?`:::` about the use of this operator.
    See the information on DESCRIPTION files in the chapter ‘Creating R
    packages’ of the ‘Writing R Extensions’ manual.
Flavors: r-devel-linux-x86_64-debian-clang, r-devel-linux-x86_64-debian-gcc, r-devel-linux-x86_64-fedora-clang, r-devel-linux-x86_64-fedora-gcc, r-devel-macosx-x86_64-clang, r-devel-macosx-x86_64-gcc, r-devel-windows-ix86+x86_64, r-patched-linux-x86_64, r-patched-solaris-sparc, r-patched-solaris-x86, r-release-linux-ix86, r-release-linux-x86_64, r-release-macosx-x86_64, r-release-windows-ix86+x86_64, r-oldrel-windows-ix86+x86_64

Version: 0.5-1
Check: package dependencies
Result: NOTE
    Package suggested but not available for checking: ‘RMySQL’
Flavors: r-devel-macosx-x86_64-clang, r-devel-windows-ix86+x86_64, r-patched-solaris-sparc, r-patched-solaris-x86, r-release-windows-ix86+x86_64, r-oldrel-windows-ix86+x86_64

Version: 0.5-1
Check: package dependencies
Result: NOTE
    Package suggested but not available for checking: ‘ggplot2’
Flavor: r-devel-macosx-x86_64-gcc