CRAN Package Check Results for Package ProliferativeIndex

Last updated on 2018-12-16 23:49:29 CET.

Flavor Version Tinstall Tcheck Ttotal Status Flags
r-devel-linux-x86_64-debian-clang 1.0.1 1.41 13.32 14.73 WARN
r-devel-linux-x86_64-debian-gcc 1.0.1 1.34 15.41 16.75 WARN
r-devel-linux-x86_64-fedora-clang 1.0.1 29.06 OK
r-devel-linux-x86_64-fedora-gcc 1.0.1 27.07 OK
r-devel-windows-ix86+x86_64 1.0.1 6.00 42.00 48.00 OK
r-patched-linux-x86_64 1.0.1 1.44 21.28 22.72 OK
r-patched-solaris-x86 1.0.1 41.20 OK
r-release-linux-x86_64 1.0.1 1.44 21.54 22.98 OK
r-release-windows-ix86+x86_64 1.0.1 3.00 34.00 37.00 OK
r-release-osx-x86_64 1.0.1 OK
r-oldrel-windows-ix86+x86_64 1.0.1 4.00 44.00 48.00 OK
r-oldrel-osx-x86_64 1.0.1 OK

Check Details

Version: 1.0.1
Check: re-building of vignette outputs
Result: WARN
    Error in re-building vignettes:
     ...
    Error: processing vignette ‘ProliferativeIndexVignette.Rmd’ failed with diagnostics:
    unable to load shared object ‘/home/hornik/tmp/R.check/r-devel-clang/Work/build/Packages/digest/libs/digest.so’:
     /home/hornik/tmp/R.check/r-devel-clang/Work/build/Packages/digest/libs/digest.so: failed to map segment from shared object
    Execution halted
Flavor: r-devel-linux-x86_64-debian-clang

Version: 1.0.1
Check: re-building of vignette outputs
Result: WARN
    Error in re-building vignettes:
     ...
    Error: processing vignette ‘ProliferativeIndexVignette.Rmd’ failed with diagnostics:
    unable to load shared object ‘/home/hornik/tmp/R.check/r-devel-gcc/Work/build/Packages/digest/libs/digest.so’:
     /home/hornik/tmp/R.check/r-devel-gcc/Work/build/Packages/digest/libs/digest.so: failed to map segment from shared object
    Execution halted
Flavor: r-devel-linux-x86_64-debian-gcc