CRAN Package Check Results for Package ProliferativeIndex

Last updated on 2018-06-24 14:47:32 CEST.

Flavor Version Tinstall Tcheck Ttotal Status Flags
r-devel-linux-x86_64-debian-clang 1.0.0 1.58 22.93 24.51 OK
r-devel-linux-x86_64-debian-gcc 1.0.0 1.05 17.79 18.84 OK
r-devel-linux-x86_64-fedora-clang 1.0.0 28.89 OK
r-devel-linux-x86_64-fedora-gcc 1.0.0 27.21 OK
r-devel-windows-ix86+x86_64 1.0.0 5.00 34.00 39.00 OK
r-patched-linux-x86_64 1.0.0 1.35 21.44 22.79 OK
r-patched-solaris-x86 1.0.0 42.20 OK
r-release-linux-x86_64 1.0.0 1.54 21.37 22.91 OK
r-release-windows-ix86+x86_64 1.0.0 5.00 34.00 39.00 OK
r-release-osx-x86_64 1.0.0 OK
r-oldrel-windows-ix86+x86_64 1.0.0 5.00 32.00 37.00 OK
r-oldrel-osx-x86_64 1.0.0 WARN

Check Details

Version: 1.0.0
Check: re-building of vignette outputs
Result: WARN
    Error in re-building vignettes:
     ...
    Warning in engine$weave(file, quiet = quiet, encoding = enc) :
     Pandoc (>= 1.12.3) and/or pandoc-citeproc not available. Falling back to R Markdown v1.
    Quitting from lines 71-76 (ProliferativeIndexVignette.Rmd)
    Error: processing vignette 'ProliferativeIndexVignette.Rmd' failed with diagnostics:
    the table must have a header (column names)
    Execution halted
Flavor: r-oldrel-osx-x86_64