CRAN Package Check Results for Package ProliferativeIndex

Last updated on 2018-01-17 07:49:28 CET.

Flavor Version Tinstall Tcheck Ttotal Status Flags
r-devel-linux-x86_64-debian-clang 1.0.0 1.18 23.71 24.89 OK
r-devel-linux-x86_64-debian-gcc 1.0.0 1.02 19.13 20.15 OK
r-devel-linux-x86_64-fedora-clang 1.0.0 29.80 OK
r-devel-linux-x86_64-fedora-gcc 1.0.0 28.27 OK
r-devel-windows-ix86+x86_64 1.0.0 6.00 32.00 38.00 OK
r-patched-linux-x86_64 1.0.0 1.53 22.33 23.86 OK
r-patched-solaris-x86 1.0.0 43.40 OK
r-release-linux-x86_64 1.0.0 1.19 22.66 23.85 OK
r-release-windows-ix86+x86_64 1.0.0 3.00 34.00 37.00 OK
r-release-osx-x86_64 1.0.0 WARN
r-oldrel-windows-ix86+x86_64 1.0.0 4.00 41.00 45.00 OK
r-oldrel-osx-x86_64 1.0.0 WARN

Check Details

Version: 1.0.0
Check: re-building of vignette outputs
Result: WARN
    Error in re-building vignettes:
     ...
    Warning in engine$weave(file, quiet = quiet, encoding = enc) :
     Pandoc (>= 1.12.3) and/or pandoc-citeproc not available. Falling back to R Markdown v1.
    Quitting from lines 71-76 (ProliferativeIndexVignette.Rmd)
    Error: processing vignette 'ProliferativeIndexVignette.Rmd' failed with diagnostics:
    the table must have a header (column names)
    Execution halted
Flavors: r-release-osx-x86_64, r-oldrel-osx-x86_64