CRAN Package Check Results for Package PropCIs

Last updated on 2015-05-29 19:47:51.

Flavor Version Tinstall Tcheck Ttotal Status Flags
r-devel-linux-x86_64-debian-clang 0.2-5 0.78 10.26 11.04 NOTE
r-devel-linux-x86_64-debian-gcc 0.2-5 0.60 10.32 10.92 NOTE
r-devel-linux-x86_64-fedora-clang 0.2-5 22.16 NOTE
r-devel-linux-x86_64-fedora-gcc 0.2-5 18.79 NOTE
r-devel-osx-x86_64-clang 0.2-5 24.61 NOTE
r-devel-windows-ix86+x86_64 0.2-5 3.00 17.00 20.00 NOTE
r-patched-linux-x86_64 0.2-5 0.63 10.22 10.84 NOTE
r-patched-solaris-sparc 0.2-5 134.80 NOTE
r-patched-solaris-x86 0.2-5 28.30 NOTE
r-release-linux-x86_64 0.2-5 0.60 10.22 10.82 NOTE
r-release-osx-x86_64-mavericks 0.2-5 NOTE
r-release-osx-x86_64-snowleopard 0.2-5 NOTE
r-release-windows-ix86+x86_64 0.2-5 2.00 19.00 21.00 NOTE
r-oldrel-windows-ix86+x86_64 0.2-5 4.00 19.00 23.00 OK

Check Details

Version: 0.2-5
Check: DESCRIPTION meta-information
Result: NOTE
    Malformed Description field: should contain one or more complete sentences.
Flavors: r-devel-linux-x86_64-debian-clang, r-devel-linux-x86_64-debian-gcc, r-devel-linux-x86_64-fedora-clang, r-devel-linux-x86_64-fedora-gcc, r-devel-osx-x86_64-clang, r-devel-windows-ix86+x86_64, r-patched-linux-x86_64, r-patched-solaris-sparc, r-patched-solaris-x86, r-release-linux-x86_64, r-release-osx-x86_64-mavericks, r-release-osx-x86_64-snowleopard, r-release-windows-ix86+x86_64