CRAN Package Check Results for Package PropCIs

Last updated on 2015-03-29 04:50:27.

Flavor Version Tinstall Tcheck Ttotal Status Flags
r-devel-linux-x86_64-debian-clang 0.2-5 0.69 10.48 11.17 NOTE
r-devel-linux-x86_64-debian-gcc 0.2-5 0.66 10.04 10.71 NOTE
r-devel-linux-x86_64-fedora-clang 0.2-5 20.83 NOTE
r-devel-linux-x86_64-fedora-gcc 0.2-5 18.92 NOTE
r-devel-osx-x86_64-clang 0.2-5 26.27 NOTE
r-prerel-windows-ix86+x86_64 0.2-5 3.00 18.00 21.00 NOTE
r-prerel-linux-x86_64 0.2-5 0.63 10.65 11.28 NOTE
r-prerel-solaris-sparc 0.2-5 145.20 NOTE
r-prerel-solaris-x86 0.2-5 27.50 NOTE
r-release-linux-x86_64 0.2-5 0.64 11.63 12.27 OK
r-release-osx-x86_64-mavericks 0.2-5 OK
r-release-osx-x86_64-snowleopard 0.2-5 OK
r-release-windows-ix86+x86_64 0.2-5 4.00 19.00 23.00 OK
r-oldrel-windows-ix86+x86_64 0.2-5 3.00 19.00 22.00 OK

Check Details

Version: 0.2-5
Check: DESCRIPTION meta-information
Result: NOTE
    Malformed Description field: should contain one or more complete sentences.
Flavors: r-devel-linux-x86_64-debian-clang, r-devel-linux-x86_64-debian-gcc, r-devel-linux-x86_64-fedora-clang, r-devel-linux-x86_64-fedora-gcc, r-devel-osx-x86_64-clang, r-prerel-windows-ix86+x86_64, r-prerel-linux-x86_64, r-prerel-solaris-sparc, r-prerel-solaris-x86