CRAN Package Check Results for Package PropCIs

Last updated on 2015-09-03 03:48:37.

Flavor Version Tinstall Tcheck Ttotal Status Flags
r-devel-linux-x86_64-debian-clang 0.2-5 0.60 9.53 10.12 NOTE
r-devel-linux-x86_64-debian-gcc 0.2-5 0.81 9.22 10.03 NOTE
r-devel-linux-x86_64-fedora-clang 0.2-5 18.89 NOTE
r-devel-linux-x86_64-fedora-gcc 0.2-5 18.38 NOTE
r-devel-osx-x86_64-clang 0.2-5 19.76 NOTE
r-devel-windows-ix86+x86_64 0.2-5 3.00 21.00 24.00 NOTE
r-patched-linux-x86_64 0.2-5 0.61 10.92 11.53 NOTE
r-patched-solaris-sparc 0.2-5 133.40 NOTE
r-patched-solaris-x86 0.2-5 29.00 NOTE
r-release-linux-x86_64 0.2-5 0.62 11.02 11.64 NOTE
r-release-osx-x86_64-mavericks 0.2-5 NOTE
r-release-windows-ix86+x86_64 0.2-5 3.00 27.00 30.00 NOTE
r-oldrel-windows-ix86+x86_64 0.2-5 4.00 19.00 23.00 OK

Check Details

Version: 0.2-5
Check: DESCRIPTION meta-information
Result: NOTE
    Malformed Description field: should contain one or more complete sentences.
Flavors: r-devel-linux-x86_64-debian-clang, r-devel-linux-x86_64-debian-gcc, r-devel-linux-x86_64-fedora-clang, r-devel-linux-x86_64-fedora-gcc, r-devel-osx-x86_64-clang, r-devel-windows-ix86+x86_64, r-patched-linux-x86_64, r-patched-solaris-sparc, r-patched-solaris-x86, r-release-linux-x86_64, r-release-osx-x86_64-mavericks, r-release-windows-ix86+x86_64

Version: 0.2-5
Check: R code for possible problems
Result: NOTE
    acceptbin: no visible global function definition for ‘pbinom’
    acceptbin: no visible global function definition for ‘qbinom’
    add4ci: no visible global function definition for ‘qnorm’
    addz2ci: no visible global function definition for ‘qnorm’
    blakerci: no visible global function definition for ‘qbeta’
    diffpropci.Wald.mp: no visible global function definition for ‘qnorm’
    diffpropci.mp: no visible global function definition for ‘qnorm’
    diffscoreci: no visible global function definition for ‘qchisq’
    exactci: no visible global function definition for ‘qf’
    limit: no visible global function definition for ‘qchisq’
    midPci: no visible global function definition for ‘pbinom’
    oddsratioci.mp: no visible global function definition for ‘qchisq’
    riskscoreci: no visible global function definition for ‘qnorm’
    scoreci: no visible global function definition for ‘qnorm’
    scoreci.mp: no visible global function definition for ‘qnorm’
    wald2ci: no visible global function definition for ‘qnorm’
    Undefined global functions or variables:
     pbinom qbeta qbinom qchisq qf qnorm
    Consider adding
     importFrom("stats", "pbinom", "qbeta", "qbinom", "qchisq", "qf",
     "qnorm")
    to your NAMESPACE.
Flavors: r-devel-linux-x86_64-debian-clang, r-devel-linux-x86_64-debian-gcc, r-devel-linux-x86_64-fedora-clang, r-devel-linux-x86_64-fedora-gcc, r-devel-windows-ix86+x86_64