CRAN Package Check Results for Package PropClust

Last updated on 2016-09-27 18:47:59.

Flavor Version Tinstall Tcheck Ttotal Status Flags
r-devel-linux-x86_64-debian-clang 1.4-2 4.73 11.56 16.29 NOTE
r-devel-linux-x86_64-debian-gcc 1.4-2 4.77 11.82 16.59 NOTE
r-devel-linux-x86_64-fedora-clang 1.4-2 26.62 NOTE
r-devel-linux-x86_64-fedora-gcc 1.4-2 25.21 NOTE
r-devel-macos-x86_64-clang 1.4-2 24.22 NOTE
r-devel-windows-ix86+x86_64 1.4-2 30.00 37.00 67.00 NOTE
r-patched-linux-x86_64 1.4-2 4.45 11.38 15.83 NOTE
r-patched-solaris-sparc 1.4-2 164.80 NOTE
r-patched-solaris-x86 1.4-2 40.50 NOTE
r-release-linux-x86_64 1.4-2 4.44 11.62 16.06 NOTE
r-release-osx-x86_64-mavericks 1.4-2 WARN
r-release-windows-ix86+x86_64 1.4-2 22.00 35.00 57.00 NOTE
r-oldrel-windows-ix86+x86_64 1.4-2 24.00 43.00 67.00 NOTE

Check Details

Version: 1.4-2
Check: foreign function calls
Result: NOTE
    Call with DUP:
     .C("minWhichMin", as.double(x), as.integer(nr), as.integer(nc),
     as.double(min), as.double(which), DUP = FALSE, NAOK = TRUE)
    DUP is no longer supported and will be ignored.
Flavors: r-devel-linux-x86_64-debian-clang, r-devel-linux-x86_64-debian-gcc, r-devel-linux-x86_64-fedora-clang, r-devel-linux-x86_64-fedora-gcc, r-devel-macos-x86_64-clang, r-devel-windows-ix86+x86_64, r-patched-linux-x86_64, r-patched-solaris-sparc, r-patched-solaris-x86, r-release-linux-x86_64, r-release-osx-x86_64-mavericks, r-release-windows-ix86+x86_64, r-oldrel-windows-ix86+x86_64

Version: 1.4-2
Check: R code for possible problems
Result: NOTE
    .propensityClustering.internal: no visible global function definition
     for ‘as.dist’
    CPBADecomposition: no visible global function definition for ‘as.dist’
    propensityClustering: no visible global function definition for
     ‘as.dist’
    Undefined global functions or variables:
     as.dist
    Consider adding
     importFrom("stats", "as.dist")
    to your NAMESPACE file.
Flavors: r-devel-linux-x86_64-debian-clang, r-devel-linux-x86_64-debian-gcc, r-devel-linux-x86_64-fedora-clang, r-devel-linux-x86_64-fedora-gcc, r-devel-macos-x86_64-clang, r-devel-windows-ix86+x86_64, r-patched-linux-x86_64, r-patched-solaris-sparc, r-patched-solaris-x86, r-release-linux-x86_64, r-release-osx-x86_64-mavericks, r-release-windows-ix86+x86_64

Version: 1.4-2
Check: whether package can be installed
Result: WARN
    Found the following significant warnings:
     Warning: Possible change of value in conversion from REAL(8) to REAL(4) at (1)
Flavor: r-release-osx-x86_64-mavericks