CRAN Package Check Results for Package PropClust

Last updated on 2017-01-23 14:48:20.

Flavor Version Tinstall Tcheck Ttotal Status Flags
r-devel-linux-x86_64-debian-clang 1.4-2 4.85 13.95 18.79 NOTE
r-devel-linux-x86_64-debian-gcc 1.4-2 4.91 13.58 18.49 NOTE
r-devel-linux-x86_64-fedora-clang 1.4-2 34.19 NOTE --no-stop-on-test-error
r-devel-linux-x86_64-fedora-gcc 1.4-2 29.34 NOTE --no-stop-on-test-error
r-devel-macos-x86_64-clang 1.4-2 27.32 NOTE --no-stop-on-test-error
r-devel-windows-ix86+x86_64 1.4-2 22.00 40.00 62.00 NOTE
r-patched-linux-x86_64 1.4-2 4.48 11.63 16.11 NOTE
r-patched-solaris-sparc 1.4-2 172.70 NOTE
r-patched-solaris-x86 1.4-2 41.40 NOTE
r-release-linux-x86_64 1.4-2 4.42 11.83 16.25 NOTE
r-release-osx-x86_64-mavericks 1.4-2 WARN
r-release-windows-ix86+x86_64 1.4-2 19.00 34.00 53.00 NOTE
r-oldrel-windows-ix86+x86_64 1.4-2 23.00 32.00 55.00 NOTE

Check Details

Version: 1.4-2
Check: foreign function calls
Result: NOTE
    Call with DUP:
     .C("minWhichMin", as.double(x), as.integer(nr), as.integer(nc),
     as.double(min), as.double(which), DUP = FALSE, NAOK = TRUE)
    DUP is no longer supported and will be ignored.
Flavors: r-devel-linux-x86_64-debian-clang, r-devel-linux-x86_64-debian-gcc, r-devel-windows-ix86+x86_64, r-patched-linux-x86_64, r-patched-solaris-sparc, r-patched-solaris-x86, r-release-linux-x86_64, r-release-osx-x86_64-mavericks, r-release-windows-ix86+x86_64, r-oldrel-windows-ix86+x86_64

Version: 1.4-2
Check: R code for possible problems
Result: NOTE
    .propensityClustering.internal: no visible global function definition
     for ‘as.dist’
    CPBADecomposition: no visible global function definition for ‘as.dist’
    propensityClustering: no visible global function definition for
     ‘as.dist’
    Undefined global functions or variables:
     as.dist
    Consider adding
     importFrom("stats", "as.dist")
    to your NAMESPACE file.
Flavors: r-devel-linux-x86_64-debian-clang, r-devel-linux-x86_64-debian-gcc, r-devel-windows-ix86+x86_64, r-patched-linux-x86_64, r-patched-solaris-sparc, r-patched-solaris-x86, r-release-linux-x86_64, r-release-osx-x86_64-mavericks, r-release-windows-ix86+x86_64

Version: 1.4-2
Flags: --no-stop-on-test-error
Check: foreign function calls
Result: NOTE
    Call with DUP:
     .C("minWhichMin", as.double(x), as.integer(nr), as.integer(nc),
     as.double(min), as.double(which), DUP = FALSE, NAOK = TRUE)
    DUP is no longer supported and will be ignored.
Flavors: r-devel-linux-x86_64-fedora-clang, r-devel-linux-x86_64-fedora-gcc, r-devel-macos-x86_64-clang

Version: 1.4-2
Flags: --no-stop-on-test-error
Check: R code for possible problems
Result: NOTE
    .propensityClustering.internal: no visible global function definition
     for ‘as.dist’
    CPBADecomposition: no visible global function definition for ‘as.dist’
    propensityClustering: no visible global function definition for
     ‘as.dist’
    Undefined global functions or variables:
     as.dist
    Consider adding
     importFrom("stats", "as.dist")
    to your NAMESPACE file.
Flavors: r-devel-linux-x86_64-fedora-clang, r-devel-linux-x86_64-fedora-gcc, r-devel-macos-x86_64-clang

Version: 1.4-2
Check: whether package can be installed
Result: WARN
    Found the following significant warnings:
     Warning: Possible change of value in conversion from REAL(8) to REAL(4) at (1)
Flavor: r-release-osx-x86_64-mavericks