CRAN Package Check Results for Package PropClust

Last updated on 2017-07-23 04:48:48.

Flavor Version Tinstall Tcheck Ttotal Status Flags
r-devel-linux-x86_64-debian-clang 1.4-2 4.82 20.14 24.96 NOTE
r-devel-linux-x86_64-debian-gcc 1.4-2 4.95 19.52 24.46 NOTE
r-devel-linux-x86_64-fedora-clang 1.4-2 31.73 NOTE
r-devel-linux-x86_64-fedora-gcc 1.4-2 33.59 NOTE
r-devel-windows-ix86+x86_64 1.4-2 23.00 42.00 65.00 NOTE
r-patched-linux-x86_64 1.4-2 4.83 19.44 24.27 NOTE
r-patched-solaris-x86 1.4-2 46.20 NOTE
r-release-linux-x86_64 1.4-2 4.88 19.73 24.60 NOTE
r-release-windows-ix86+x86_64 1.4-2 22.00 41.00 63.00 NOTE
r-release-osx-x86_64 1.4-2 NOTE
r-oldrel-windows-ix86+x86_64 1.4-2 19.00 34.00 53.00 NOTE
r-oldrel-osx-x86_64 1.4-2 WARN

Check Details

Version: 1.4-2
Check: foreign function calls
Result: NOTE
    Call with DUP:
     .C("minWhichMin", as.double(x), as.integer(nr), as.integer(nc),
     as.double(min), as.double(which), DUP = FALSE, NAOK = TRUE)
    DUP is no longer supported and will be ignored.
Flavors: r-devel-linux-x86_64-debian-clang, r-devel-linux-x86_64-debian-gcc, r-devel-linux-x86_64-fedora-clang, r-devel-linux-x86_64-fedora-gcc, r-devel-windows-ix86+x86_64, r-patched-linux-x86_64, r-patched-solaris-x86, r-release-linux-x86_64, r-release-windows-ix86+x86_64, r-release-osx-x86_64, r-oldrel-windows-ix86+x86_64, r-oldrel-osx-x86_64

Version: 1.4-2
Check: R code for possible problems
Result: NOTE
    .propensityClustering.internal: no visible global function definition
     for ‘as.dist’
    CPBADecomposition: no visible global function definition for ‘as.dist’
    propensityClustering: no visible global function definition for
     ‘as.dist’
    Undefined global functions or variables:
     as.dist
    Consider adding
     importFrom("stats", "as.dist")
    to your NAMESPACE file.
Flavors: r-devel-linux-x86_64-debian-clang, r-devel-linux-x86_64-debian-gcc, r-devel-linux-x86_64-fedora-clang, r-devel-linux-x86_64-fedora-gcc, r-devel-windows-ix86+x86_64, r-patched-linux-x86_64, r-patched-solaris-x86, r-release-linux-x86_64, r-release-windows-ix86+x86_64, r-release-osx-x86_64, r-oldrel-windows-ix86+x86_64, r-oldrel-osx-x86_64

Version: 1.4-2
Check: compiled code
Result: NOTE
    File ‘PropClust/libs/PropClust.so’:
     Found no calls to: ‘R_registerRoutines’, ‘R_useDynamicSymbols’
    
    It is good practice to register native routines and to disable symbol
    search.
    
    See ‘Writing portable packages’ in the ‘Writing R Extensions’ manual.
Flavors: r-devel-linux-x86_64-debian-clang, r-devel-linux-x86_64-debian-gcc, r-devel-linux-x86_64-fedora-clang, r-devel-linux-x86_64-fedora-gcc, r-patched-linux-x86_64, r-release-linux-x86_64

Version: 1.4-2
Check: whether package can be installed
Result: WARN
    Found the following significant warnings:
     Warning: Possible change of value in conversion from REAL(8) to REAL(4) at (1)
Flavor: r-oldrel-osx-x86_64