CRAN Package Check Results for Package PropClust

Last updated on 2015-07-04 23:47:27.

Flavor Version Tinstall Tcheck Ttotal Status Flags
r-devel-linux-x86_64-debian-clang 1.4-2 4.73 10.74 15.46 NOTE
r-devel-linux-x86_64-debian-gcc 1.4-2 4.61 10.64 15.24 NOTE
r-devel-linux-x86_64-fedora-clang 1.4-2 27.12 NOTE
r-devel-linux-x86_64-fedora-gcc 1.4-2 25.56 NOTE
r-devel-osx-x86_64-clang 1.4-2 29.05 NOTE
r-devel-windows-ix86+x86_64 1.4-2 25.00 27.00 52.00 NOTE
r-patched-linux-x86_64 1.4-2 4.62 11.09 15.71 NOTE
r-patched-solaris-sparc 1.4-2 178.00 NOTE
r-patched-solaris-x86 1.4-2 45.00 NOTE
r-release-linux-x86_64 1.4-2 4.72 11.98 16.70 NOTE
r-release-osx-x86_64-mavericks 1.4-2 WARN
r-release-windows-ix86+x86_64 1.4-2 20.00 27.00 47.00 NOTE
r-oldrel-windows-ix86+x86_64 1.4-2 26.00 32.00 58.00 NOTE

Check Details

Version: 1.4-2
Check: foreign function calls
Result: NOTE
    Call with DUP:
     .C("minWhichMin", as.double(x), as.integer(nr), as.integer(nc),
     as.double(min), as.double(which), DUP = FALSE, NAOK = TRUE)
    DUP is no longer supported and will be ignored.
Flavors: r-devel-linux-x86_64-debian-clang, r-devel-linux-x86_64-debian-gcc, r-devel-linux-x86_64-fedora-clang, r-devel-linux-x86_64-fedora-gcc, r-devel-osx-x86_64-clang, r-devel-windows-ix86+x86_64, r-patched-linux-x86_64, r-patched-solaris-sparc, r-patched-solaris-x86, r-release-linux-x86_64, r-release-osx-x86_64-mavericks, r-release-windows-ix86+x86_64

Version: 1.4-2
Check: R code for possible problems
Result: NOTE
    .propensityClustering.internal: no visible global function definition
     for ‘as.dist’
    CPBADecomposition: no visible global function definition for ‘as.dist’
    propensityClustering: no visible global function definition for
     ‘as.dist’
    Undefined global functions or variables:
     as.dist
Flavors: r-devel-linux-x86_64-debian-clang, r-devel-linux-x86_64-debian-gcc, r-devel-linux-x86_64-fedora-clang, r-devel-linux-x86_64-fedora-gcc

Version: 1.4-2
Check: whether package can be installed
Result: WARN
    Found the following significant warnings:
     Warning: Possible change of value in conversion from REAL(8) to REAL(4) at (1)
Flavor: r-release-osx-x86_64-mavericks

Version: 1.4-2
Check: foreign function calls
Result: NOTE
    Call with DUP != TRUE:
     .C("minWhichMin", as.double(x), as.integer(nr), as.integer(nc),
     as.double(min), as.double(which), DUP = FALSE, NAOK = TRUE)
    DUP = FALSE is deprecated and will be disabled in future versions of R.
Flavor: r-oldrel-windows-ix86+x86_64