CRAN Package Check Results for Package PropClust

Last updated on 2015-01-29 12:48:11.

Flavor Version Tinstall Tcheck Ttotal Status Flags
r-devel-linux-x86_64-debian-clang 1.4-2 4.68 11.73 16.41 NOTE
r-devel-linux-x86_64-debian-gcc 1.4-2 4.66 11.17 15.83 NOTE
r-devel-linux-x86_64-fedora-clang 1.4-2 32.81 NOTE
r-devel-linux-x86_64-fedora-gcc 1.4-2 30.44 NOTE
r-devel-osx-x86_64-clang 1.4-2 35.95 NOTE
r-devel-windows-ix86+x86_64 1.4-2 17.00 30.00 47.00 NOTE
r-patched-linux-x86_64 1.4-2 4.75 12.78 17.52 NOTE
r-patched-solaris-sparc 1.4-2 192.10 NOTE
r-patched-solaris-x86 1.4-2 50.00 NOTE
r-release-linux-ix86 1.4-2 6.38 18.73 25.10 NOTE
r-release-linux-x86_64 1.4-2 4.75 12.41 17.16 NOTE
r-release-osx-x86_64-mavericks 1.4-2 WARN
r-release-osx-x86_64-snowleopard 1.4-2 OK
r-release-windows-ix86+x86_64 1.4-2 20.00 28.00 48.00 NOTE
r-oldrel-windows-ix86+x86_64 1.4-2 19.00 28.00 47.00 OK

Check Details

Version: 1.4-2
Check: foreign function calls
Result: NOTE
    Call with DUP:
     .C("minWhichMin", as.double(x), as.integer(nr), as.integer(nc),
     as.double(min), as.double(which), DUP = FALSE, NAOK = TRUE)
    DUP is no longer supported and will be ignored.
Flavors: r-devel-linux-x86_64-debian-clang, r-devel-linux-x86_64-debian-gcc, r-devel-linux-x86_64-fedora-clang, r-devel-linux-x86_64-fedora-gcc, r-devel-osx-x86_64-clang, r-devel-windows-ix86+x86_64

Version: 1.4-2
Check: foreign function calls
Result: NOTE
    Call with DUP != TRUE:
     .C("minWhichMin", as.double(x), as.integer(nr), as.integer(nc),
     as.double(min), as.double(which), DUP = FALSE, NAOK = TRUE)
    DUP = FALSE is deprecated and will be disabled in future versions of R.
Flavors: r-patched-linux-x86_64, r-patched-solaris-sparc, r-patched-solaris-x86, r-release-linux-ix86, r-release-linux-x86_64, r-release-osx-x86_64-mavericks, r-release-windows-ix86+x86_64

Version: 1.4-2
Check: whether package can be installed
Result: WARN
    Found the following significant warnings:
     Warning: Possible change of value in conversion from REAL(8) to REAL(4) at (1)
Flavor: r-release-osx-x86_64-mavericks