CRAN Package Check Results for Package PropClust

Last updated on 2016-02-08 08:47:46.

Flavor Version Tinstall Tcheck Ttotal Status Flags
r-devel-linux-x86_64-debian-gcc 1.4-2 4.36 10.29 14.65 NOTE
r-devel-linux-x86_64-fedora-clang 1.4-2 25.34 NOTE
r-devel-linux-x86_64-fedora-gcc 1.4-2 24.29 NOTE
r-devel-osx-x86_64-clang 1.4-2 31.32 NOTE
r-devel-windows-ix86+x86_64 1.4-2 25.00 32.00 57.00 NOTE
r-patched-linux-x86_64 1.4-2 4.60 11.13 15.73 NOTE
r-patched-solaris-sparc 1.4-2 164.90 NOTE
r-patched-solaris-x86 1.4-2 40.70 NOTE
r-release-linux-x86_64 1.4-2 4.44 11.19 15.63 NOTE
r-release-osx-x86_64-mavericks 1.4-2 WARN
r-release-windows-ix86+x86_64 1.4-2 19.00 27.00 46.00 NOTE
r-oldrel-windows-ix86+x86_64 1.4-2 26.00 32.00 58.00 NOTE

Check Details

Version: 1.4-2
Check: foreign function calls
Result: NOTE
    Call with DUP:
     .C("minWhichMin", as.double(x), as.integer(nr), as.integer(nc),
     as.double(min), as.double(which), DUP = FALSE, NAOK = TRUE)
    DUP is no longer supported and will be ignored.
Flavors: r-devel-linux-x86_64-debian-gcc, r-devel-linux-x86_64-fedora-clang, r-devel-linux-x86_64-fedora-gcc, r-devel-osx-x86_64-clang, r-devel-windows-ix86+x86_64, r-patched-linux-x86_64, r-patched-solaris-sparc, r-patched-solaris-x86, r-release-linux-x86_64, r-release-osx-x86_64-mavericks, r-release-windows-ix86+x86_64

Version: 1.4-2
Check: R code for possible problems
Result: NOTE
    .propensityClustering.internal: no visible global function definition
     for ‘as.dist’
    CPBADecomposition: no visible global function definition for ‘as.dist’
    propensityClustering: no visible global function definition for
     ‘as.dist’
    Undefined global functions or variables:
     as.dist
    Consider adding
     importFrom("stats", "as.dist")
    to your NAMESPACE file.
Flavors: r-devel-linux-x86_64-debian-gcc, r-devel-linux-x86_64-fedora-clang, r-devel-linux-x86_64-fedora-gcc, r-devel-osx-x86_64-clang, r-devel-windows-ix86+x86_64

Version: 1.4-2
Check: whether package can be installed
Result: WARN
    Found the following significant warnings:
     Warning: Possible change of value in conversion from REAL(8) to REAL(4) at (1)
Flavor: r-release-osx-x86_64-mavericks

Version: 1.4-2
Check: foreign function calls
Result: NOTE
    Call with DUP != TRUE:
     .C("minWhichMin", as.double(x), as.integer(nr), as.integer(nc),
     as.double(min), as.double(which), DUP = FALSE, NAOK = TRUE)
    DUP = FALSE is deprecated and will be disabled in future versions of R.
Flavor: r-oldrel-windows-ix86+x86_64