CRAN Package Check Results for Package PropClust

Last updated on 2014-07-24 19:49:08.

Flavor Version Tinstall Tcheck Ttotal Status Flags
r-devel-linux-x86_64-debian-clang 1.4-2 4.59 11.46 16.05 NOTE
r-devel-linux-x86_64-debian-gcc 1.4-2 4.64 11.27 15.90 NOTE
r-devel-linux-x86_64-fedora-clang 1.4-2 30.64 NOTE
r-devel-linux-x86_64-fedora-gcc 1.4-2 29.51 NOTE
r-devel-osx-x86_64-clang 1.4-2 31.46 NOTE
r-devel-windows-ix86+x86_64 1.4-2 19.00 27.00 46.00 NOTE
r-patched-linux-x86_64 1.4-2 4.64 12.12 16.76 NOTE
r-patched-solaris-sparc 1.4-2 178.30 NOTE
r-patched-solaris-x86 1.4-2 46.70 NOTE
r-release-linux-ix86 1.4-2 6.70 18.49 25.18 NOTE
r-release-linux-x86_64 1.4-2 4.65 11.94 16.58 NOTE
r-release-osx-x86_64-mavericks 1.4-2 WARN
r-release-osx-x86_64-snowleopard 1.4-2 OK
r-release-windows-ix86+x86_64 1.4-2 24.00 28.00 52.00 NOTE
r-oldrel-windows-ix86+x86_64 1.4-2 19.00 28.00 47.00 OK

Check Details

Version: 1.4-2
Check: foreign function calls
Result: NOTE
    Call with DUP = FALSE:
     .C("minWhichMin", as.double(x), as.integer(nr), as.integer(nc),
     as.double(min), as.double(which), DUP = FALSE, NAOK = TRUE)
    DUP = FALSE is deprecated and may be disabled in future versions of R.
Flavors: r-devel-linux-x86_64-debian-clang, r-devel-linux-x86_64-debian-gcc, r-devel-linux-x86_64-fedora-clang, r-devel-linux-x86_64-fedora-gcc, r-devel-osx-x86_64-clang, r-devel-windows-ix86+x86_64, r-patched-linux-x86_64, r-patched-solaris-x86, r-release-linux-ix86, r-release-linux-x86_64, r-release-osx-x86_64-mavericks, r-release-windows-ix86+x86_64

Version: 1.4-2
Check: foreign function calls
Result: NOTE
    Call with DUP = FALSE:
     .C("minWhichMin", as.double(x), as.integer(nr), as.integer(nc),
     as.double(min), as.double(which), DUP = FALSE, NAOK = TRUE)
    See the chapter ‘System and foreign language interfaces’ of the
    ‘Writing R Extensions’ manual.
Flavor: r-patched-solaris-sparc

Version: 1.4-2
Check: whether package can be installed
Result: WARNING
    Found the following significant warnings:
     Warning: Possible change of value in conversion from REAL(8) to REAL(4) at (1)
     Warning: Possible change of value in conversion from REAL(8) to REAL(4) at (1)
     Warning: Possible change of value in conversion from REAL(8) to REAL(4) at (1)
     Warning: Possible change of value in conversion from REAL(8) to REAL(4) at (1)
     Warning: Possible change of value in conversion from REAL(8) to REAL(4) at (1)
     Warning: Possible change of value in conversion from REAL(8) to REAL(4) at (1)
     Warning: Possible change of value in conversion from REAL(8) to REAL(4) at (1)
     Warning: Possible change of value in conversion from REAL(8) to REAL(4) at (1)
     Warning: Possible change of value in conversion from REAL(8) to REAL(4) at (1)
     Warning: Possible change of value in conversion from REAL(8) to REAL(4) at (1)
     Warning: Possible change of value in conversion from REAL(8) to REAL(4) at (1)
     Warning: Possible change of value in conversion from REAL(8) to REAL(4) at (1)
     Warning: Possible change of value in conversion from REAL(8) to REAL(4) at (1)
     Warning: Possible change of value in conversion from REAL(8) to REAL(4) at (1)
    See ‘/Builds/CRAN-QA-Simon/packages/mavericks-x86_64/results/3.1/PropClust.Rcheck/00install.out’ for details.
Flavor: r-release-osx-x86_64-mavericks