CRAN Package Check Results for Package PtProcess

Last updated on 2015-02-26 23:47:52.

Flavor Version Tinstall Tcheck Ttotal Status Flags
r-devel-linux-x86_64-debian-clang 3.3-7 0.86 21.59 22.45 NOTE
r-devel-linux-x86_64-debian-gcc 3.3-7 0.84 22.14 22.98 NOTE
r-devel-linux-x86_64-fedora-clang 3.3-7 43.64 NOTE
r-devel-linux-x86_64-fedora-gcc 3.3-7 42.06 NOTE
r-devel-osx-x86_64-clang 3.3-7 43.31 NOTE
r-devel-windows-ix86+x86_64 3.3-7 4.00 32.00 36.00 NOTE
r-patched-linux-x86_64 3.3-7 0.92 24.70 25.62 NOTE
r-patched-solaris-sparc 3.3-7 322.40 NOTE
r-patched-solaris-x86 3.3-7 63.70 NOTE
r-release-linux-ix86 3.3-7 1.28 35.47 36.75 OK
r-release-linux-x86_64 3.3-7 0.91 24.68 25.59 OK
r-release-osx-x86_64-mavericks 3.3-7 OK
r-release-osx-x86_64-snowleopard 3.3-7 OK
r-release-windows-ix86+x86_64 3.3-7 4.00 39.00 43.00 OK
r-oldrel-windows-ix86+x86_64 3.3-7 5.00 59.00 64.00 OK

Check Details

Version: 3.3-7
Check: dependencies in R code
Result: NOTE
    'library' or 'require' call to ‘parallel’ in package code.
     Please use :: or requireNamespace() instead.
     See section 'Suggested packages' in the 'Writing R Extensions' manual.
Flavors: r-devel-linux-x86_64-debian-clang, r-devel-linux-x86_64-debian-gcc, r-devel-linux-x86_64-fedora-clang, r-devel-linux-x86_64-fedora-gcc, r-devel-osx-x86_64-clang, r-devel-windows-ix86+x86_64, r-patched-linux-x86_64, r-patched-solaris-sparc, r-patched-solaris-x86