CRAN Package Check Results for Package PtProcess

Last updated on 2014-08-02 03:50:59.

Flavor Version Tinstall Tcheck Ttotal Status Flags
r-devel-linux-x86_64-debian-clang 3.3-1 1.01 87.51 88.52 NOTE
r-devel-linux-x86_64-debian-gcc 3.3-1 0.84 86.85 87.69 NOTE
r-devel-linux-x86_64-fedora-clang 3.3-1 170.89 NOTE
r-devel-linux-x86_64-fedora-gcc 3.3-1 166.86 OK
r-devel-osx-x86_64-clang 3.3-1 118.83 NOTE
r-devel-windows-ix86+x86_64 3.3-1 4.00 135.00 139.00 OK
r-patched-linux-x86_64 3.3-1 0.85 87.36 88.21 NOTE
r-patched-solaris-sparc 3.3-1 997.50 OK
r-patched-solaris-x86 3.3-1 179.60 OK
r-release-linux-ix86 3.3-1 1.21 118.80 120.00 NOTE
r-release-linux-x86_64 3.3-1 1.18 88.46 89.63 NOTE
r-release-osx-x86_64-mavericks 3.3-1 OK
r-release-windows-ix86+x86_64 3.3-1 4.00 123.00 127.00 OK
r-oldrel-windows-ix86+x86_64 3.3-1 3.00 119.00 122.00 OK

Check Details

Version: 3.3-1
Check: R code for possible problems
Result: NOTE
    Found the following assignments to the global environment:
    File PtProcess/R/linksrm_gif.R :
     assign("St1", St1, pos = 1)
     assign("St2", St2, pos = 1)
Flavors: r-devel-linux-x86_64-debian-clang, r-devel-linux-x86_64-debian-gcc, r-devel-linux-x86_64-fedora-clang, r-devel-osx-x86_64-clang, r-patched-linux-x86_64, r-release-linux-ix86, r-release-linux-x86_64