CRAN Package Check Results for Package PtProcess

Last updated on 2015-01-31 16:47:01.

Flavor Version Tinstall Tcheck Ttotal Status Flags
r-devel-linux-x86_64-debian-clang 3.3-7 1.32 21.17 22.50 NOTE
r-devel-linux-x86_64-debian-gcc 3.3-7 0.94 20.94 21.88 NOTE
r-devel-linux-x86_64-fedora-clang 3.3-7 44.16 NOTE
r-devel-linux-x86_64-fedora-gcc 3.3-7 45.47 NOTE
r-devel-osx-x86_64-clang 3.3-7 44.74 NOTE
r-devel-windows-ix86+x86_64 3.3-7 4.00 34.00 38.00 NOTE
r-patched-linux-x86_64 3.3-7 0.94 25.29 26.22 OK
r-patched-solaris-sparc 3.3-7 302.20 OK
r-patched-solaris-x86 3.3-7 62.10 OK
r-release-linux-ix86 3.3-7 1.26 35.53 36.79 OK
r-release-linux-x86_64 3.3-7 0.92 24.96 25.88 OK
r-release-osx-x86_64-mavericks 3.3-7 OK
r-release-osx-x86_64-snowleopard 3.3-7 OK
r-release-windows-ix86+x86_64 3.3-7 4.00 39.00 43.00 OK
r-oldrel-windows-ix86+x86_64 3.3-7 5.00 59.00 64.00 OK

Check Details

Version: 3.3-7
Check: dependencies in R code
Result: NOTE
    'library' or 'require' call to ‘parallel’ in package code.
     Please use :: or requireNamespace() instead.
     See section 'Suggested packages' in the 'Writing R Extensions' manual.
Flavors: r-devel-linux-x86_64-debian-clang, r-devel-linux-x86_64-debian-gcc, r-devel-linux-x86_64-fedora-clang, r-devel-linux-x86_64-fedora-gcc, r-devel-osx-x86_64-clang, r-devel-windows-ix86+x86_64