CRAN Package Check Results for Package PtProcess

Last updated on 2014-07-22 08:47:14.

Flavor Version Tinstall Tcheck Ttotal Status Flags
r-devel-linux-x86_64-debian-clang 3.3-1 0.91 87.47 88.38 NOTE
r-devel-linux-x86_64-debian-gcc 3.3-1 0.84 86.67 87.51 NOTE
r-devel-linux-x86_64-fedora-clang 3.3-1 170.76 NOTE
r-devel-linux-x86_64-fedora-gcc 3.3-1 169.02 OK
r-devel-osx-x86_64-clang 3.3-1 119.62 NOTE
r-devel-windows-ix86+x86_64 3.3-1 3.00 140.00 143.00 OK
r-patched-linux-x86_64 3.3-1 0.87 87.84 88.72 NOTE
r-patched-solaris-sparc 3.3-1 992.20 OK
r-patched-solaris-x86 3.3-1 183.60 OK
r-release-linux-ix86 3.3-1 1.26 119.79 121.04 NOTE
r-release-linux-x86_64 3.3-1 0.87 92.62 93.49 NOTE
r-release-osx-x86_64-mavericks 3.3-1 OK
r-release-windows-ix86+x86_64 3.3-1 4.00 123.00 127.00 OK
r-oldrel-windows-ix86+x86_64 3.3-1 3.00 119.00 122.00 OK

Check Details

Version: 3.3-1
Check: R code for possible problems
Result: NOTE
    Found the following assignments to the global environment:
    File ‘PtProcess/R/linksrm_gif.R’:
     assign("St1", St1, pos = 1)
     assign("St2", St2, pos = 1)
Flavors: r-devel-linux-x86_64-debian-clang, r-devel-linux-x86_64-debian-gcc, r-devel-linux-x86_64-fedora-clang, r-devel-osx-x86_64-clang, r-patched-linux-x86_64, r-release-linux-ix86, r-release-linux-x86_64