CRAN Package Check Results for Package PtProcess

Last updated on 2015-03-29 08:49:17.

Flavor Version Tinstall Tcheck Ttotal Status Flags
r-devel-linux-x86_64-debian-clang 3.3-7 0.86 21.54 22.40 NOTE
r-devel-linux-x86_64-debian-gcc 3.3-7 0.85 21.05 21.90 NOTE
r-devel-linux-x86_64-fedora-clang 3.3-7 43.64 NOTE
r-devel-linux-x86_64-fedora-gcc 3.3-7 41.24 NOTE
r-devel-osx-x86_64-clang 3.3-7 44.99 NOTE
r-prerel-windows-ix86+x86_64 3.3-7 5.00 36.00 41.00 NOTE
r-prerel-linux-x86_64 3.3-7 0.90 21.10 22.00 NOTE
r-prerel-solaris-sparc 3.3-7 304.80 NOTE
r-prerel-solaris-x86 3.3-7 61.70 NOTE
r-release-linux-x86_64 3.3-7 1.24 25.54 26.78 NOTE
r-release-osx-x86_64-mavericks 3.3-7 OK
r-release-osx-x86_64-snowleopard 3.3-7 OK
r-release-windows-ix86+x86_64 3.3-7 6.00 41.00 47.00 NOTE
r-oldrel-windows-ix86+x86_64 3.3-7 5.00 59.00 64.00 OK

Check Details

Version: 3.3-7
Check: dependencies in R code
Result: NOTE
    'library' or 'require' call to ‘parallel’ in package code.
     Please use :: or requireNamespace() instead.
     See section 'Suggested packages' in the 'Writing R Extensions' manual.
Flavors: r-devel-linux-x86_64-debian-clang, r-devel-linux-x86_64-debian-gcc, r-devel-linux-x86_64-fedora-clang, r-devel-linux-x86_64-fedora-gcc, r-devel-osx-x86_64-clang, r-prerel-windows-ix86+x86_64, r-prerel-linux-x86_64, r-prerel-solaris-sparc, r-prerel-solaris-x86, r-release-linux-x86_64, r-release-windows-ix86+x86_64