CRAN Package Check Results for Package PtProcess

Last updated on 2014-04-24 15:50:44.

Flavor Version Tinstall Tcheck Ttotal Status Flags
r-devel-linux-x86_64-debian-clang 3.3-1 0.96 89.33 90.29 NOTE
r-devel-linux-x86_64-debian-gcc 3.3-1 0.90 89.56 90.46 NOTE
r-devel-linux-x86_64-fedora-clang 3.3-1 173.18 NOTE
r-devel-linux-x86_64-fedora-gcc 3.3-1 171.60 OK
r-devel-osx-x86_64-clang 3.3-1 121.87 NOTE
r-devel-osx-x86_64-gcc 3.3-1 OK
r-devel-windows-ix86+x86_64 3.3-1 3.00 138.00 141.00 OK
r-patched-linux-x86_64 3.3-1 0.90 89.59 90.48 NOTE
r-patched-solaris-sparc 3.3-1 992.20 OK
r-patched-solaris-x86 3.3-1 182.30 OK
r-release-linux-ix86 3.3-1 2.00 132.00 134.00 NOTE
r-release-linux-x86_64 3.3-1 0.89 89.54 90.43 NOTE
r-release-osx-x86_64-mavericks 3.3-1 WARN
r-release-windows-ix86+x86_64 3.3-1 5.00 172.00 177.00 OK
r-oldrel-windows-ix86+x86_64 3.3-1 3.00 146.00 149.00 OK

Check Details

Version: 3.3-1
Check: R code for possible problems
Result: NOTE
    Found the following assignments to the global environment:
    File ‘PtProcess/R/linksrm_gif.R’:
     assign("St1", St1, pos = 1)
     assign("St2", St2, pos = 1)
Flavors: r-devel-linux-x86_64-debian-clang, r-devel-linux-x86_64-debian-gcc, r-devel-linux-x86_64-fedora-clang, r-devel-osx-x86_64-clang, r-patched-linux-x86_64, r-release-linux-ix86, r-release-linux-x86_64

Version: 3.3-1
Check: PDF version of manual
Result: WARNING
    LaTeX errors when creating PDF version.
    This typically indicates Rd problems.
    LaTeX errors found:
    ! LaTeX Error: File `upquote.sty' not found.
    
    Type X to quit or <RETURN> to proceed,
    or enter new name. (Default extension: sty)
    
    414092/Rd2.tex:8: ==> Fatal error occurred, no output PDF file produced!
Flavor: r-release-osx-x86_64-mavericks