CRAN Package Check Results for Package PubMedWordcloud

Last updated on 2016-05-24 23:48:18.

Flavor Version Tinstall Tcheck Ttotal Status Flags
r-devel-linux-x86_64-debian-gcc 0.3.2 1.46 18.64 20.09 NOTE
r-devel-linux-x86_64-fedora-clang 0.3.2 34.27 NOTE
r-devel-linux-x86_64-fedora-gcc 0.3.2 34.36 NOTE
r-devel-osx-x86_64-clang 0.3.2 39.49 NOTE
r-devel-windows-ix86+x86_64 0.3.2 4.00 57.00 61.00 NOTE
r-patched-linux-x86_64 0.3.2 1.31 17.64 18.95 NOTE
r-patched-solaris-sparc 0.3.2 218.40 NOTE
r-patched-solaris-x86 0.3.2 48.80 NOTE
r-release-linux-x86_64 0.3.2 1.44 17.51 18.95 NOTE
r-release-osx-x86_64-mavericks 0.3.2 NOTE
r-release-windows-ix86+x86_64 0.3.2 4.00 57.00 61.00 NOTE
r-oldrel-windows-ix86+x86_64 0.3.2 8.00 37.00 45.00 NOTE

Check Details

Version: 0.3.2
Check: DESCRIPTION meta-information
Result: NOTE
    Malformed Description field: should contain one or more complete sentences.
Flavors: r-devel-linux-x86_64-debian-gcc, r-devel-linux-x86_64-fedora-clang, r-devel-linux-x86_64-fedora-gcc, r-devel-osx-x86_64-clang, r-devel-windows-ix86+x86_64, r-patched-linux-x86_64, r-patched-solaris-sparc, r-patched-solaris-x86, r-release-linux-x86_64, r-release-osx-x86_64-mavericks, r-release-windows-ix86+x86_64, r-oldrel-windows-ix86+x86_64