CRAN Package Check Results for Package PubMedWordcloud

Last updated on 2015-05-23 02:46:56.

Flavor Version Tinstall Tcheck Ttotal Status Flags
r-devel-linux-x86_64-debian-clang 0.3.2 3.41 18.73 22.14 NOTE
r-devel-linux-x86_64-debian-gcc 0.3.2 1.37 18.05 19.42 NOTE
r-devel-linux-x86_64-fedora-clang 0.3.2 41.08 NOTE
r-devel-linux-x86_64-fedora-gcc 0.3.2 37.65 NOTE
r-devel-osx-x86_64-clang 0.3.2 39.12 NOTE
r-devel-windows-ix86+x86_64 0.3.2 5.00 30.00 35.00 NOTE
r-patched-linux-x86_64 0.3.2 1.35 18.26 19.62 NOTE
r-patched-solaris-sparc 0.3.2 268.00 NOTE
r-patched-solaris-x86 0.3.2 56.70 NOTE
r-release-linux-x86_64 0.3.2 1.82 18.48 20.30 NOTE
r-release-osx-x86_64-mavericks 0.3.2 NOTE
r-release-osx-x86_64-snowleopard 0.3.2 ERROR
r-release-windows-ix86+x86_64 0.3.2 5.00 31.00 36.00 NOTE
r-oldrel-windows-ix86+x86_64 0.3.2 9.00 44.00 53.00 OK

Check Details

Version: 0.3.2
Check: DESCRIPTION meta-information
Result: NOTE
    Malformed Description field: should contain one or more complete sentences.
Flavors: r-devel-linux-x86_64-debian-clang, r-devel-linux-x86_64-debian-gcc, r-devel-linux-x86_64-fedora-clang, r-devel-linux-x86_64-fedora-gcc, r-devel-osx-x86_64-clang, r-devel-windows-ix86+x86_64, r-patched-linux-x86_64, r-patched-solaris-sparc, r-patched-solaris-x86, r-release-linux-x86_64, r-release-osx-x86_64-mavericks, r-release-windows-ix86+x86_64

Version: 0.3.2
Check: package dependencies
Result: ERROR
    Packages required but not available: ‘XML’ ‘tm’
    
    See section ‘The DESCRIPTION file’ in the ‘Writing R Extensions’
    manual.
Flavor: r-release-osx-x86_64-snowleopard