CRAN Package Check Results for Package PubMedWordcloud

Last updated on 2016-07-28 21:48:03.

Flavor Version Tinstall Tcheck Ttotal Status Flags
r-devel-linux-x86_64-debian-clang 0.3.2 1.82 20.80 22.62 NOTE
r-devel-linux-x86_64-debian-gcc 0.3.2 1.93 20.49 22.42 NOTE
r-devel-linux-x86_64-fedora-clang 0.3.2 35.80 NOTE
r-devel-linux-x86_64-fedora-gcc 0.3.2 32.85 NOTE
r-devel-osx-x86_64-clang 0.3.2 30.15 NOTE
r-devel-windows-ix86+x86_64 0.3.2 8.00 38.00 46.00 NOTE
r-patched-linux-x86_64 0.3.2 2.01 21.08 23.09 NOTE
r-patched-solaris-sparc 0.3.2 218.80 NOTE
r-patched-solaris-x86 0.3.2 48.10 NOTE
r-release-linux-x86_64 0.3.2 1.73 20.81 22.54 NOTE
r-release-osx-x86_64-mavericks 0.3.2 NOTE
r-release-windows-ix86+x86_64 0.3.2 6.00 38.00 44.00 NOTE
r-oldrel-windows-ix86+x86_64 0.3.2 7.00 37.00 44.00 NOTE

Check Details

Version: 0.3.2
Check: DESCRIPTION meta-information
Result: NOTE
    Malformed Description field: should contain one or more complete sentences.
Flavors: r-devel-linux-x86_64-debian-clang, r-devel-linux-x86_64-debian-gcc, r-devel-linux-x86_64-fedora-clang, r-devel-linux-x86_64-fedora-gcc, r-devel-osx-x86_64-clang, r-devel-windows-ix86+x86_64, r-patched-linux-x86_64, r-patched-solaris-sparc, r-patched-solaris-x86, r-release-linux-x86_64, r-release-osx-x86_64-mavericks, r-release-windows-ix86+x86_64, r-oldrel-windows-ix86+x86_64