CRAN Package Check Results for Package PubMedWordcloud

Last updated on 2014-04-20 11:47:00.

Flavor Version Tinstall Tcheck Ttotal Status Flags
r-devel-linux-x86_64-debian-clang 0.3 3.58 44.84 48.42 OK
r-devel-linux-x86_64-debian-gcc 0.3 3.67 44.13 47.80 OK
r-devel-linux-x86_64-fedora-clang 0.3 91.70 OK
r-devel-linux-x86_64-fedora-gcc 0.3 85.90 OK
r-devel-macosx-x86_64-clang 0.3 90.89 OK
r-devel-macosx-x86_64-gcc 0.3 ERROR
r-devel-windows-ix86+x86_64 0.3 11.00 63.00 74.00 OK
r-patched-linux-x86_64 0.3 3.66 43.61 47.28 OK
r-patched-solaris-sparc 0.3 505.80 OK
r-patched-solaris-x86 0.3 107.60 OK
r-release-linux-ix86 OK
r-release-linux-x86_64 0.3 3.80 43.10 46.90 OK
r-release-macosx-x86_64 0.3 ERROR
r-release-windows-ix86+x86_64 0.3 18.00 69.00 87.00 OK
r-oldrel-windows-ix86+x86_64 0.3 12.00 72.00 84.00 OK

Check Details

Version: 0.3
Check: package dependencies
Result: ERROR
    Packages required but not available: ‘XML’ ‘tm’ ‘GOsummaries’
    
    See the information on DESCRIPTION files in the chapter ‘Creating R
    packages’ of the ‘Writing R Extensions’ manual.
Flavor: r-devel-macosx-x86_64-gcc

Version: 0.3
Check: package dependencies
Result: ERROR
    Package required but not available: ‘GOsummaries’
    
    See the information on DESCRIPTION files in the chapter ‘Creating R
    packages’ of the ‘Writing R Extensions’ manual.
Flavor: r-release-macosx-x86_64