CRAN Package Check Results for Package PubMedWordcloud

Last updated on 2015-07-03 23:47:47.

Flavor Version Tinstall Tcheck Ttotal Status Flags
r-devel-linux-x86_64-debian-clang 0.3.2 1.32 18.31 19.63 NOTE
r-devel-linux-x86_64-debian-gcc 0.3.2 1.40 18.65 20.06 NOTE
r-devel-linux-x86_64-fedora-clang 0.3.2 39.51 NOTE
r-devel-linux-x86_64-fedora-gcc 0.3.2 36.70 NOTE
r-devel-osx-x86_64-clang 0.3.2 37.86 NOTE
r-devel-windows-ix86+x86_64 0.3.2 4.00 33.00 37.00 NOTE
r-patched-linux-x86_64 0.3.2 1.34 18.00 19.35 NOTE
r-patched-solaris-sparc 0.3.2 268.00 NOTE
r-patched-solaris-x86 0.3.2 58.20 NOTE
r-release-linux-x86_64 0.3.2 1.34 18.74 20.08 NOTE
r-release-osx-x86_64-mavericks 0.3.2 NOTE
r-release-windows-ix86+x86_64 0.3.2 7.00 46.00 53.00 NOTE
r-oldrel-windows-ix86+x86_64 0.3.2 8.00 69.00 77.00 OK

Check Details

Version: 0.3.2
Check: DESCRIPTION meta-information
Result: NOTE
    Malformed Description field: should contain one or more complete sentences.
Flavors: r-devel-linux-x86_64-debian-clang, r-devel-linux-x86_64-debian-gcc, r-devel-linux-x86_64-fedora-clang, r-devel-linux-x86_64-fedora-gcc, r-devel-osx-x86_64-clang, r-devel-windows-ix86+x86_64, r-patched-linux-x86_64, r-patched-solaris-sparc, r-patched-solaris-x86, r-release-linux-x86_64, r-release-osx-x86_64-mavericks, r-release-windows-ix86+x86_64