CRAN Package Check Results for Package PubMedWordcloud

Last updated on 2016-04-30 18:47:00.

Flavor Version Tinstall Tcheck Ttotal Status Flags
r-devel-linux-x86_64-debian-gcc 0.3.2 1.47 17.99 19.46 NOTE
r-devel-linux-x86_64-fedora-clang 0.3.2 34.61 NOTE
r-devel-linux-x86_64-fedora-gcc 0.3.2 33.70 NOTE
r-devel-osx-x86_64-clang 0.3.2 39.73 NOTE
r-devel-windows-ix86+x86_64 0.3.2 5.00 38.00 43.00 NOTE
r-patched-linux-x86_64 0.3.2 1.31 17.60 18.91 NOTE
r-patched-solaris-sparc 0.3.2 214.50 NOTE
r-patched-solaris-x86 0.3.2 47.90 NOTE
r-release-linux-x86_64 0.3.2 1.52 19.31 20.84 NOTE
r-release-osx-x86_64-mavericks 0.3.2 NOTE
r-release-windows-ix86+x86_64 0.3.2 9.00 47.00 56.00 NOTE
r-oldrel-windows-ix86+x86_64 0.3.2 13.00 79.00 92.00 OK

Check Details

Version: 0.3.2
Check: DESCRIPTION meta-information
Result: NOTE
    Malformed Description field: should contain one or more complete sentences.
Flavors: r-devel-linux-x86_64-debian-gcc, r-devel-linux-x86_64-fedora-clang, r-devel-linux-x86_64-fedora-gcc, r-devel-osx-x86_64-clang, r-devel-windows-ix86+x86_64, r-patched-linux-x86_64, r-patched-solaris-sparc, r-patched-solaris-x86, r-release-linux-x86_64, r-release-osx-x86_64-mavericks, r-release-windows-ix86+x86_64