CRAN Package Check Results for Package PubMedWordcloud

Last updated on 2015-03-29 04:50:27.

Flavor Version Tinstall Tcheck Ttotal Status Flags
r-devel-linux-x86_64-debian-clang 0.3.2 1.70 18.17 19.88 NOTE
r-devel-linux-x86_64-debian-gcc 0.3.2 1.31 17.62 18.94 NOTE
r-devel-linux-x86_64-fedora-clang 0.3.2 39.62 NOTE
r-devel-linux-x86_64-fedora-gcc 0.3.2 36.38 NOTE
r-devel-osx-x86_64-clang 0.3.2 40.97 NOTE
r-prerel-windows-ix86+x86_64 0.3.2 5.00 28.00 33.00 NOTE
r-prerel-linux-x86_64 0.3.2 1.31 17.75 19.06 NOTE
r-prerel-solaris-sparc 0.3.2 241.60 NOTE
r-prerel-solaris-x86 0.3.2 52.00 NOTE
r-release-linux-x86_64 0.3.2 2.56 24.81 27.37 OK
r-release-osx-x86_64-mavericks 0.3.2 OK
r-release-osx-x86_64-snowleopard 0.3.2 OK
r-release-windows-ix86+x86_64 0.3.2 7.00 40.00 47.00 OK
r-oldrel-windows-ix86+x86_64 0.3.2 8.00 40.00 48.00 OK

Check Details

Version: 0.3.2
Check: DESCRIPTION meta-information
Result: NOTE
    Malformed Description field: should contain one or more complete sentences.
Flavors: r-devel-linux-x86_64-debian-clang, r-devel-linux-x86_64-debian-gcc, r-devel-linux-x86_64-fedora-clang, r-devel-linux-x86_64-fedora-gcc, r-devel-osx-x86_64-clang, r-prerel-windows-ix86+x86_64, r-prerel-linux-x86_64, r-prerel-solaris-sparc, r-prerel-solaris-x86