CRAN Package Check Results for Package PubMedWordcloud

Last updated on 2016-06-27 15:47:45.

Flavor Version Tinstall Tcheck Ttotal Status Flags
r-devel-linux-x86_64-debian-gcc 0.3.2 1.47 17.84 19.31 NOTE
r-devel-linux-x86_64-fedora-clang 0.3.2 35.09 NOTE
r-devel-linux-x86_64-fedora-gcc 0.3.2 32.69 NOTE
r-devel-osx-x86_64-clang 0.3.2 29.66 NOTE
r-devel-windows-ix86+x86_64 0.3.2 5.00 36.00 41.00 NOTE
r-patched-linux-x86_64 0.3.2 1.46 19.69 21.14 NOTE
r-patched-solaris-sparc 0.3.2 218.80 NOTE
r-patched-solaris-x86 0.3.2 48.90 NOTE
r-release-linux-x86_64 0.3.2 1.28 17.83 19.11 NOTE
r-release-osx-x86_64-mavericks 0.3.2 NOTE
r-release-windows-ix86+x86_64 0.3.2 3.00 36.00 39.00 NOTE
r-oldrel-windows-ix86+x86_64 0.3.2 8.00 59.00 67.00 NOTE

Check Details

Version: 0.3.2
Check: DESCRIPTION meta-information
Result: NOTE
    Malformed Description field: should contain one or more complete sentences.
Flavors: r-devel-linux-x86_64-debian-gcc, r-devel-linux-x86_64-fedora-clang, r-devel-linux-x86_64-fedora-gcc, r-devel-osx-x86_64-clang, r-devel-windows-ix86+x86_64, r-patched-linux-x86_64, r-patched-solaris-sparc, r-patched-solaris-x86, r-release-linux-x86_64, r-release-osx-x86_64-mavericks, r-release-windows-ix86+x86_64, r-oldrel-windows-ix86+x86_64