CRAN Package Check Results for Package PubMedWordcloud

Last updated on 2016-02-11 02:48:15.

Flavor Version Tinstall Tcheck Ttotal Status Flags
r-devel-linux-x86_64-debian-gcc 0.3.2 1.46 17.12 18.58 NOTE
r-devel-linux-x86_64-fedora-clang 0.3.2 34.98 NOTE
r-devel-linux-x86_64-fedora-gcc 0.3.2 33.36 NOTE
r-devel-osx-x86_64-clang 0.3.2 39.07 NOTE
r-devel-windows-ix86+x86_64 0.3.2 7.00 33.00 40.00 NOTE
r-patched-linux-x86_64 0.3.2 1.46 18.50 19.96 NOTE
r-patched-solaris-sparc 0.3.2 239.70 NOTE
r-patched-solaris-x86 0.3.2 52.60 NOTE
r-release-linux-x86_64 0.3.2 1.46 18.27 19.72 NOTE
r-release-osx-x86_64-mavericks 0.3.2 NOTE
r-release-windows-ix86+x86_64 0.3.2 6.00 32.00 38.00 NOTE
r-oldrel-windows-ix86+x86_64 0.3.2 11.00 56.00 67.00 OK

Check Details

Version: 0.3.2
Check: DESCRIPTION meta-information
Result: NOTE
    Malformed Description field: should contain one or more complete sentences.
Flavors: r-devel-linux-x86_64-debian-gcc, r-devel-linux-x86_64-fedora-clang, r-devel-linux-x86_64-fedora-gcc, r-devel-osx-x86_64-clang, r-devel-windows-ix86+x86_64, r-patched-linux-x86_64, r-patched-solaris-sparc, r-patched-solaris-x86, r-release-linux-x86_64, r-release-osx-x86_64-mavericks, r-release-windows-ix86+x86_64