CRAN Package Check Results for Package PubMedWordcloud

Last updated on 2016-12-02 18:47:46.

Flavor Version Tinstall Tcheck Ttotal Status Flags
r-devel-linux-x86_64-debian-clang 0.3.2 1.48 19.75 21.22 NOTE
r-devel-linux-x86_64-debian-gcc 0.3.2 1.49 19.49 20.99 NOTE
r-devel-linux-x86_64-fedora-clang 0.3.2 40.96 NOTE
r-devel-linux-x86_64-fedora-gcc 0.3.2 40.01 NOTE
r-devel-macos-x86_64-clang 0.3.2 33.17 NOTE
r-devel-windows-ix86+x86_64 0.3.2 5.00 59.00 64.00 NOTE
r-patched-linux-x86_64 0.3.2 1.39 17.98 19.37 NOTE
r-patched-solaris-sparc 0.3.2 218.80 NOTE
r-patched-solaris-x86 0.3.2 48.90 NOTE
r-release-linux-x86_64 0.3.2 1.50 17.93 19.43 NOTE
r-release-osx-x86_64-mavericks 0.3.2 NOTE
r-release-windows-ix86+x86_64 0.3.2 7.00 50.00 57.00 NOTE
r-oldrel-windows-ix86+x86_64 0.3.2 8.00 35.00 43.00 NOTE

Check Details

Version: 0.3.2
Check: DESCRIPTION meta-information
Result: NOTE
    Malformed Description field: should contain one or more complete sentences.
Flavors: r-devel-linux-x86_64-debian-clang, r-devel-linux-x86_64-debian-gcc, r-devel-linux-x86_64-fedora-clang, r-devel-linux-x86_64-fedora-gcc, r-devel-macos-x86_64-clang, r-devel-windows-ix86+x86_64, r-patched-linux-x86_64, r-patched-solaris-sparc, r-patched-solaris-x86, r-release-linux-x86_64, r-release-osx-x86_64-mavericks, r-release-windows-ix86+x86_64, r-oldrel-windows-ix86+x86_64