CRAN Package Check Results for Package PubMedWordcloud

Last updated on 2016-09-29 12:48:01.

Flavor Version Tinstall Tcheck Ttotal Status Flags
r-devel-linux-x86_64-debian-clang 0.3.2 1.26 18.12 19.38 NOTE
r-devel-linux-x86_64-debian-gcc 0.3.2 1.44 17.65 19.09 NOTE
r-devel-linux-x86_64-fedora-clang 0.3.2 34.78 NOTE
r-devel-linux-x86_64-fedora-gcc 0.3.2 32.55 NOTE
r-devel-macos-x86_64-clang 0.3.2 28.44 NOTE
r-devel-windows-ix86+x86_64 0.3.2 5.00 47.00 52.00 NOTE
r-patched-linux-x86_64 0.3.2 1.34 18.44 19.78 NOTE
r-patched-solaris-sparc 0.3.2 218.80 NOTE
r-patched-solaris-x86 0.3.2 48.30 NOTE
r-release-linux-x86_64 0.3.2 1.44 18.77 20.22 NOTE
r-release-osx-x86_64-mavericks 0.3.2 NOTE
r-release-windows-ix86+x86_64 0.3.2 7.00 38.00 45.00 NOTE
r-oldrel-windows-ix86+x86_64 0.3.2 9.00 49.00 58.00 NOTE

Check Details

Version: 0.3.2
Check: DESCRIPTION meta-information
Result: NOTE
    Malformed Description field: should contain one or more complete sentences.
Flavors: r-devel-linux-x86_64-debian-clang, r-devel-linux-x86_64-debian-gcc, r-devel-linux-x86_64-fedora-clang, r-devel-linux-x86_64-fedora-gcc, r-devel-macos-x86_64-clang, r-devel-windows-ix86+x86_64, r-patched-linux-x86_64, r-patched-solaris-sparc, r-patched-solaris-x86, r-release-linux-x86_64, r-release-osx-x86_64-mavericks, r-release-windows-ix86+x86_64, r-oldrel-windows-ix86+x86_64