CRAN Package Check Results for Package PubMedWordcloud

Last updated on 2015-02-28 17:48:45.

Flavor Version Tinstall Tcheck Ttotal Status Flags
r-devel-linux-x86_64-debian-clang 0.3.2 1.69 18.02 19.71 NOTE
r-devel-linux-x86_64-debian-gcc 0.3.2 1.32 17.66 18.98 NOTE
r-devel-linux-x86_64-fedora-clang 0.3.2 39.12 NOTE
r-devel-linux-x86_64-fedora-gcc 0.3.2 38.45 NOTE
r-devel-osx-x86_64-clang 0.3.2 39.27 NOTE
r-devel-windows-ix86+x86_64 0.3.2 6.00 29.00 35.00 NOTE
r-patched-linux-x86_64 0.3.2 1.97 25.29 27.26 OK
r-patched-solaris-sparc 0.3.2 337.30 OK
r-patched-solaris-x86 0.3.2 72.40 OK
r-release-linux-ix86 0.3.2 2.40 31.46 33.87 OK
r-release-linux-x86_64 0.3.2 1.99 25.37 27.36 OK
r-release-osx-x86_64-mavericks 0.3.2 OK
r-release-osx-x86_64-snowleopard 0.3.2 OK
r-release-windows-ix86+x86_64 0.3.2 7.00 45.00 52.00 OK
r-oldrel-windows-ix86+x86_64 0.3.2 8.00 62.00 70.00 OK

Check Details

Version: 0.3.2
Check: DESCRIPTION meta-information
Result: NOTE
    Malformed Description field: should contain one or more complete sentences.
Flavors: r-devel-linux-x86_64-debian-clang, r-devel-linux-x86_64-debian-gcc, r-devel-linux-x86_64-fedora-clang, r-devel-linux-x86_64-fedora-gcc, r-devel-osx-x86_64-clang, r-devel-windows-ix86+x86_64