CRAN Package Check Results for Package PubMedWordcloud

Last updated on 2015-04-26 03:47:36.

Flavor Version Tinstall Tcheck Ttotal Status Flags
r-devel-linux-x86_64-debian-clang 0.3.2 1.36 18.15 19.51 NOTE
r-devel-linux-x86_64-debian-gcc 0.3.2 1.52 17.87 19.39 NOTE
r-devel-linux-x86_64-fedora-clang 0.3.2 40.03 NOTE
r-devel-linux-x86_64-fedora-gcc 0.3.2 37.26 NOTE
r-devel-osx-x86_64-clang 0.3.2 37.35 NOTE
r-devel-windows-ix86+x86_64 0.3.2 4.00 30.00 34.00 NOTE
r-patched-linux-x86_64 0.3.2 1.79 18.12 19.91 NOTE
r-patched-solaris-sparc 0.3.2 241.60 NOTE
r-patched-solaris-x86 0.3.2 54.30 NOTE
r-release-linux-x86_64 0.3.2 1.30 17.55 18.85 NOTE
r-release-osx-x86_64-mavericks 0.3.2 NOTE
r-release-osx-x86_64-snowleopard 0.3.2 ERROR
r-release-windows-ix86+x86_64 0.3.2 5.00 29.00 34.00 NOTE
r-oldrel-windows-ix86+x86_64 0.3.2 7.00 40.00 47.00 OK

Check Details

Version: 0.3.2
Check: DESCRIPTION meta-information
Result: NOTE
    Malformed Description field: should contain one or more complete sentences.
Flavors: r-devel-windows-ix86+x86_64, r-release-windows-ix86+x86_64