CRAN Package Check Results for Package PubMedWordcloud

Last updated on 2015-09-03 03:48:37.

Flavor Version Tinstall Tcheck Ttotal Status Flags
r-devel-linux-x86_64-debian-clang 0.3.2 1.28 17.52 18.79 NOTE
r-devel-linux-x86_64-debian-gcc 0.3.2 1.27 17.67 18.94 NOTE
r-devel-linux-x86_64-fedora-clang 0.3.2 36.62 NOTE
r-devel-linux-x86_64-fedora-gcc 0.3.2 34.76 NOTE
r-devel-osx-x86_64-clang 0.3.2 34.47 NOTE
r-devel-windows-ix86+x86_64 0.3.2 7.00 62.00 69.00 NOTE
r-patched-linux-x86_64 0.3.2 1.35 18.04 19.39 NOTE
r-patched-solaris-sparc 0.3.2 260.50 NOTE
r-patched-solaris-x86 0.3.2 58.50 NOTE
r-release-linux-x86_64 0.3.2 1.36 18.36 19.72 NOTE
r-release-osx-x86_64-mavericks 0.3.2 NOTE
r-release-windows-ix86+x86_64 0.3.2 6.00 47.00 53.00 NOTE
r-oldrel-windows-ix86+x86_64 0.3.2 11.00 56.00 67.00 OK

Check Details

Version: 0.3.2
Check: DESCRIPTION meta-information
Result: NOTE
    Malformed Description field: should contain one or more complete sentences.
Flavors: r-devel-linux-x86_64-debian-clang, r-devel-linux-x86_64-debian-gcc, r-devel-linux-x86_64-fedora-clang, r-devel-linux-x86_64-fedora-gcc, r-devel-osx-x86_64-clang, r-devel-windows-ix86+x86_64, r-patched-linux-x86_64, r-patched-solaris-sparc, r-patched-solaris-x86, r-release-linux-x86_64, r-release-osx-x86_64-mavericks, r-release-windows-ix86+x86_64