CRAN Package Check Results for Package PurBayes

Last updated on 2016-02-11 11:50:19.

Flavor Version Tinstall Tcheck Ttotal Status Flags
r-devel-linux-x86_64-debian-gcc 1.3 0.68 9.42 10.10 NOTE
r-devel-linux-x86_64-fedora-clang 1.3 17.48 NOTE
r-devel-linux-x86_64-fedora-gcc 1.3 16.58 NOTE
r-devel-osx-x86_64-clang 1.3 21.14 NOTE
r-devel-windows-ix86+x86_64 1.3 4.00 22.00 26.00 NOTE
r-patched-linux-x86_64 1.3 0.80 10.24 11.04 OK
r-patched-solaris-sparc 1.3 128.60 OK
r-patched-solaris-x86 1.3 29.40 OK
r-release-linux-x86_64 1.3 0.69 10.15 10.84 OK
r-release-osx-x86_64-mavericks 1.3 OK
r-release-windows-ix86+x86_64 1.3 4.00 19.00 23.00 OK
r-oldrel-windows-ix86+x86_64 1.3 5.00 32.00 37.00 OK

Check Details

Version: 1.3
Check: R code for possible problems
Result: NOTE
    PurBayes: no visible global function definition for ‘update’
    PurBayes: no visible global function definition for ‘sd’
    plot.PurBayes: no visible global function definition for ‘plot’
    plot.PurBayes: no visible global function definition for ‘quantile’
    plot.PurBayes: no visible global function definition for ‘lines’
    summary.PurBayes : <anonymous>: no visible global function definition
     for ‘quantile’
    Undefined global functions or variables:
     lines plot quantile sd update
    Consider adding
     importFrom("graphics", "lines", "plot")
     importFrom("stats", "quantile", "sd", "update")
    to your NAMESPACE file.
Flavors: r-devel-linux-x86_64-debian-gcc, r-devel-linux-x86_64-fedora-clang, r-devel-linux-x86_64-fedora-gcc, r-devel-osx-x86_64-clang, r-devel-windows-ix86+x86_64