CRAN Package Check Results for Package PurBayes

Last updated on 2014-08-22 07:50:38.

Flavor Version Tinstall Tcheck Ttotal Status Flags
r-devel-linux-x86_64-debian-clang 1.3 0.68 11.28 11.96 OK
r-devel-linux-x86_64-debian-gcc 1.3 0.68 11.04 11.72 OK
r-devel-linux-x86_64-fedora-clang 1.3 23.94 OK
r-devel-linux-x86_64-fedora-gcc 1.3 22.64 OK
r-devel-osx-x86_64-clang 1.3 27.71 OK
r-devel-windows-ix86+x86_64 1.3 3.00 21.00 24.00 OK
r-patched-linux-x86_64 1.3 0.70 11.25 11.95 OK
r-patched-solaris-sparc 1.3 151.70 OK
r-patched-solaris-x86 1.3 37.50 OK
r-release-linux-ix86 1.3 1.06 18.68 19.74 OK
r-release-linux-x86_64 1.3 0.75 11.67 12.42 OK
r-release-osx-x86_64-mavericks 1.3 ERROR
r-release-osx-x86_64-snowleopard 1.3 OK
r-release-windows-ix86+x86_64 1.3 3.00 20.00 23.00 OK
r-oldrel-windows-ix86+x86_64 1.3 4.00 24.00 28.00 OK

Check Details

Version: 1.3
Check: package dependencies
Result: ERROR
    Package required but not available: ‘rjags’
    
    See the information on DESCRIPTION files in the chapter ‘Creating R
    packages’ of the ‘Writing R Extensions’ manual.
Flavor: r-release-osx-x86_64-mavericks