CRAN Package Check Results for Package PurBayes

Last updated on 2015-08-02 11:47:33.

Flavor Version Tinstall Tcheck Ttotal Status Flags
r-devel-linux-x86_64-debian-clang 1.3 0.74 9.94 10.68 NOTE
r-devel-linux-x86_64-debian-gcc 1.3 0.62 9.72 10.34 NOTE
r-devel-linux-x86_64-fedora-clang 1.3 19.99 NOTE
r-devel-linux-x86_64-fedora-gcc 1.3 18.62 NOTE
r-devel-osx-x86_64-clang 1.3 21.08 OK
r-devel-windows-ix86+x86_64 1.3 3.00 20.00 23.00 NOTE
r-patched-linux-x86_64 1.3 0.64 10.02 10.66 OK
r-patched-solaris-sparc 1.3 147.50 OK
r-patched-solaris-x86 1.3 36.30 OK
r-release-linux-x86_64 1.3 0.66 9.87 10.53 OK
r-release-osx-x86_64-mavericks 1.3 OK
r-release-windows-ix86+x86_64 1.3 4.00 20.00 24.00 OK
r-oldrel-windows-ix86+x86_64 1.3 5.00 23.00 28.00 OK

Check Details

Version: 1.3
Check: R code for possible problems
Result: NOTE
    PurBayes: no visible global function definition for ‘update’
    PurBayes: no visible global function definition for ‘sd’
    plot.PurBayes: no visible global function definition for ‘plot’
    plot.PurBayes: no visible global function definition for ‘quantile’
    plot.PurBayes: no visible global function definition for ‘lines’
    summary.PurBayes : <anonymous>: no visible global function definition
     for ‘quantile’
    Undefined global functions or variables:
     lines plot quantile sd update
    Consider adding
     importFrom("graphics", "lines", "plot")
     importFrom("stats", "quantile", "sd", "update")
    to your NAMESPACE.
Flavors: r-devel-linux-x86_64-debian-clang, r-devel-linux-x86_64-debian-gcc, r-devel-linux-x86_64-fedora-clang, r-devel-linux-x86_64-fedora-gcc, r-devel-windows-ix86+x86_64