CRAN Package Check Results for Package PurBayes

Last updated on 2016-12-11 06:57:39.

Flavor Version Tinstall Tcheck Ttotal Status Flags
r-devel-linux-x86_64-debian-clang 1.3 1.01 12.97 13.98 NOTE
r-devel-linux-x86_64-debian-gcc 1.3 0.84 12.80 13.64 NOTE
r-devel-linux-x86_64-fedora-clang 1.3 23.81 NOTE --no-stop-on-test-error
r-devel-linux-x86_64-fedora-gcc 1.3 21.97 NOTE --no-stop-on-test-error
r-devel-macos-x86_64-clang 1.3 20.68 NOTE --no-stop-on-test-error
r-devel-windows-ix86+x86_64 1.3 3.00 32.00 35.00 NOTE
r-patched-linux-x86_64 1.3 2.84 10.09 12.93 NOTE
r-patched-solaris-sparc 1.3 112.40 NOTE
r-patched-solaris-x86 1.3 26.40 NOTE
r-release-linux-x86_64 1.3 0.72 10.06 10.78 NOTE
r-release-osx-x86_64-mavericks 1.3 NOTE
r-release-windows-ix86+x86_64 1.3 4.00 36.00 40.00 NOTE
r-oldrel-windows-ix86+x86_64 1.3 5.00 36.00 41.00 OK

Check Details

Version: 1.3
Check: R code for possible problems
Result: NOTE
    PurBayes: no visible global function definition for ‘update’
    PurBayes: no visible global function definition for ‘sd’
    plot.PurBayes: no visible global function definition for ‘plot’
    plot.PurBayes: no visible global function definition for ‘quantile’
    plot.PurBayes: no visible global function definition for ‘lines’
    summary.PurBayes : <anonymous>: no visible global function definition
     for ‘quantile’
    Undefined global functions or variables:
     lines plot quantile sd update
    Consider adding
     importFrom("graphics", "lines", "plot")
     importFrom("stats", "quantile", "sd", "update")
    to your NAMESPACE file.
Flavors: r-devel-linux-x86_64-debian-clang, r-devel-linux-x86_64-debian-gcc, r-devel-windows-ix86+x86_64, r-patched-linux-x86_64, r-patched-solaris-sparc, r-patched-solaris-x86, r-release-linux-x86_64, r-release-osx-x86_64-mavericks, r-release-windows-ix86+x86_64

Version: 1.3
Flags: --no-stop-on-test-error
Check: R code for possible problems
Result: NOTE
    PurBayes: no visible global function definition for ‘update’
    PurBayes: no visible global function definition for ‘sd’
    plot.PurBayes: no visible global function definition for ‘plot’
    plot.PurBayes: no visible global function definition for ‘quantile’
    plot.PurBayes: no visible global function definition for ‘lines’
    summary.PurBayes : <anonymous>: no visible global function definition
     for ‘quantile’
    Undefined global functions or variables:
     lines plot quantile sd update
    Consider adding
     importFrom("graphics", "lines", "plot")
     importFrom("stats", "quantile", "sd", "update")
    to your NAMESPACE file.
Flavors: r-devel-linux-x86_64-fedora-clang, r-devel-linux-x86_64-fedora-gcc, r-devel-macos-x86_64-clang