CRAN Package Check Results for Package PurBayes

Last updated on 2017-07-22 08:48:27.

Flavor Version Tinstall Tcheck Ttotal Status Flags
r-devel-linux-x86_64-debian-clang 1.3 0.82 19.11 19.94 NOTE
r-devel-linux-x86_64-debian-gcc 1.3 0.89 19.33 20.21 NOTE
r-devel-linux-x86_64-fedora-clang 1.3 23.64 NOTE
r-devel-linux-x86_64-fedora-gcc 1.3 22.73 NOTE
r-devel-windows-ix86+x86_64 1.3 5.00 31.00 36.00 NOTE
r-patched-linux-x86_64 1.3 0.92 19.42 20.34 NOTE
r-patched-solaris-x86 1.3 36.50 NOTE
r-release-linux-x86_64 1.3 0.86 19.39 20.25 NOTE
r-release-windows-ix86+x86_64 1.3 2.00 43.00 45.00 NOTE
r-release-osx-x86_64 1.3 NOTE
r-oldrel-windows-ix86+x86_64 1.3 6.00 34.00 40.00 NOTE
r-oldrel-osx-x86_64 1.3 NOTE

Check Details

Version: 1.3
Check: R code for possible problems
Result: NOTE
    PurBayes: no visible global function definition for ‘update’
    PurBayes: no visible global function definition for ‘sd’
    plot.PurBayes: no visible global function definition for ‘plot’
    plot.PurBayes: no visible global function definition for ‘quantile’
    plot.PurBayes: no visible global function definition for ‘lines’
    summary.PurBayes : <anonymous>: no visible global function definition
     for ‘quantile’
    Undefined global functions or variables:
     lines plot quantile sd update
    Consider adding
     importFrom("graphics", "lines", "plot")
     importFrom("stats", "quantile", "sd", "update")
    to your NAMESPACE file.
Flavors: r-devel-linux-x86_64-debian-clang, r-devel-linux-x86_64-debian-gcc, r-devel-linux-x86_64-fedora-clang, r-devel-linux-x86_64-fedora-gcc, r-devel-windows-ix86+x86_64, r-patched-linux-x86_64, r-patched-solaris-x86, r-release-linux-x86_64, r-release-windows-ix86+x86_64, r-release-osx-x86_64, r-oldrel-windows-ix86+x86_64, r-oldrel-osx-x86_64