CRAN Package Check Results for Package PurBayes

Last updated on 2014-04-24 03:47:51.

Flavor Version Tinstall Tcheck Ttotal Status Flags
r-devel-linux-x86_64-debian-clang 1.3 0.82 11.77 12.58 OK
r-devel-linux-x86_64-debian-gcc 1.3 0.81 11.69 12.50 OK
r-devel-linux-x86_64-fedora-clang 1.3 24.02 OK
r-devel-linux-x86_64-fedora-gcc 1.3 23.10 OK
r-devel-osx-x86_64-clang 1.3 29.44 OK
r-devel-osx-x86_64-gcc 1.3 OK
r-devel-windows-ix86+x86_64 1.3 3.00 21.00 24.00 OK
r-patched-linux-x86_64 1.3 0.81 11.65 12.46 OK
r-patched-solaris-sparc 1.3 146.10 OK
r-patched-solaris-x86 1.3 38.10 OK
r-release-linux-ix86 1.3 1.00 26.00 27.00 OK
r-release-linux-x86_64 1.3 0.85 11.42 12.27 OK
r-release-osx-x86_64-mavericks 1.3 ERROR
r-release-osx-x86_64-snowleopard 1.3 OK
r-release-windows-ix86+x86_64 1.3 3.00 20.00 23.00 OK
r-oldrel-windows-ix86+x86_64 1.3 4.00 23.00 27.00 OK

Check Details

Version: 1.3
Check: package dependencies
Result: ERROR
    Package required but not available: ‘rjags’
    
    See the information on DESCRIPTION files in the chapter ‘Creating R
    packages’ of the ‘Writing R Extensions’ manual.
Flavor: r-release-osx-x86_64-mavericks