CRAN Package Check Results for Package PurBayes

Last updated on 2016-05-27 21:46:46.

Flavor Version Tinstall Tcheck Ttotal Status Flags
r-devel-linux-x86_64-debian-gcc 1.3 0.65 10.09 10.74 NOTE
r-devel-linux-x86_64-fedora-clang 1.3 17.91 NOTE
r-devel-linux-x86_64-fedora-gcc 1.3 17.37 NOTE
r-devel-osx-x86_64-clang 1.3 22.23 NOTE
r-devel-windows-ix86+x86_64 1.3 3.00 27.00 30.00 NOTE
r-patched-linux-x86_64 1.3 0.73 9.94 10.67 NOTE
r-patched-solaris-sparc 1.3 111.10 NOTE
r-patched-solaris-x86 1.3 27.00 NOTE
r-release-linux-x86_64 1.3 0.64 9.92 10.56 NOTE
r-release-osx-x86_64-mavericks 1.3 NOTE
r-release-windows-ix86+x86_64 1.3 3.00 27.00 30.00 NOTE

Check Details

Version: 1.3
Check: R code for possible problems
Result: NOTE
    PurBayes: no visible global function definition for ‘update’
    PurBayes: no visible global function definition for ‘sd’
    plot.PurBayes: no visible global function definition for ‘plot’
    plot.PurBayes: no visible global function definition for ‘quantile’
    plot.PurBayes: no visible global function definition for ‘lines’
    summary.PurBayes : <anonymous>: no visible global function definition
     for ‘quantile’
    Undefined global functions or variables:
     lines plot quantile sd update
    Consider adding
     importFrom("graphics", "lines", "plot")
     importFrom("stats", "quantile", "sd", "update")
    to your NAMESPACE file.
Flavors: r-devel-linux-x86_64-debian-gcc, r-devel-linux-x86_64-fedora-clang, r-devel-linux-x86_64-fedora-gcc, r-devel-osx-x86_64-clang, r-devel-windows-ix86+x86_64, r-patched-linux-x86_64, r-patched-solaris-sparc, r-patched-solaris-x86, r-release-linux-x86_64, r-release-osx-x86_64-mavericks, r-release-windows-ix86+x86_64