CRAN Package Check Results for Package PurBayes

Last updated on 2016-08-30 08:49:04.

Flavor Version Tinstall Tcheck Ttotal Status Flags
r-devel-linux-x86_64-debian-clang 1.3 0.62 9.96 10.58 NOTE
r-devel-linux-x86_64-debian-gcc 1.3 0.62 10.04 10.65 NOTE
r-devel-linux-x86_64-fedora-clang 1.3 18.18 NOTE
r-devel-linux-x86_64-fedora-gcc 1.3 16.70 NOTE
r-devel-osx-x86_64-clang 1.3 16.93 NOTE
r-devel-windows-ix86+x86_64 1.3 5.00 42.00 47.00 NOTE
r-patched-linux-x86_64 1.3 0.64 10.03 10.67 NOTE
r-patched-solaris-sparc 1.3 112.40 NOTE
r-patched-solaris-x86 1.3 26.40 NOTE
r-release-linux-x86_64 1.3 0.63 10.55 11.17 NOTE
r-release-osx-x86_64-mavericks 1.3 NOTE
r-release-windows-ix86+x86_64 1.3 3.00 40.00 43.00 NOTE
r-oldrel-windows-ix86+x86_64 1.3 4.00 59.00 63.00 OK

Check Details

Version: 1.3
Check: R code for possible problems
Result: NOTE
    PurBayes: no visible global function definition for ‘update’
    PurBayes: no visible global function definition for ‘sd’
    plot.PurBayes: no visible global function definition for ‘plot’
    plot.PurBayes: no visible global function definition for ‘quantile’
    plot.PurBayes: no visible global function definition for ‘lines’
    summary.PurBayes : <anonymous>: no visible global function definition
     for ‘quantile’
    Undefined global functions or variables:
     lines plot quantile sd update
    Consider adding
     importFrom("graphics", "lines", "plot")
     importFrom("stats", "quantile", "sd", "update")
    to your NAMESPACE file.
Flavors: r-devel-linux-x86_64-debian-clang, r-devel-linux-x86_64-debian-gcc, r-devel-linux-x86_64-fedora-clang, r-devel-linux-x86_64-fedora-gcc, r-devel-osx-x86_64-clang, r-devel-windows-ix86+x86_64, r-patched-linux-x86_64, r-patched-solaris-sparc, r-patched-solaris-x86, r-release-linux-x86_64, r-release-osx-x86_64-mavericks, r-release-windows-ix86+x86_64