CRAN Package Check Results for Package PurBayes

Last updated on 2017-09-19 23:48:15.

Flavor Version Tinstall Tcheck Ttotal Status Flags
r-devel-linux-x86_64-debian-clang 1.3 0.86 13.53 14.38 NOTE
r-devel-linux-x86_64-debian-gcc 1.3 0.87 13.87 14.74 NOTE
r-devel-linux-x86_64-fedora-clang 1.3 23.81 NOTE
r-devel-linux-x86_64-fedora-gcc 1.3 22.85 NOTE
r-devel-windows-ix86+x86_64 1.3 3.00 43.00 46.00 NOTE
r-patched-linux-x86_64 1.3 0.92 13.57 14.49 NOTE
r-patched-solaris-x86 1.3 35.80 NOTE
r-release-linux-x86_64 1.3 0.84 13.91 14.75 NOTE
r-release-windows-ix86+x86_64 1.3 4.00 33.00 37.00 NOTE
r-release-osx-x86_64 1.3 NOTE
r-oldrel-windows-ix86+x86_64 1.3 3.00 30.00 33.00 NOTE
r-oldrel-osx-x86_64 1.3 NOTE

Check Details

Version: 1.3
Check: R code for possible problems
Result: NOTE
    PurBayes: no visible global function definition for ‘update’
    PurBayes: no visible global function definition for ‘sd’
    plot.PurBayes: no visible global function definition for ‘plot’
    plot.PurBayes: no visible global function definition for ‘quantile’
    plot.PurBayes: no visible global function definition for ‘lines’
    summary.PurBayes : <anonymous>: no visible global function definition
     for ‘quantile’
    Undefined global functions or variables:
     lines plot quantile sd update
    Consider adding
     importFrom("graphics", "lines", "plot")
     importFrom("stats", "quantile", "sd", "update")
    to your NAMESPACE file.
Flavors: r-devel-linux-x86_64-debian-clang, r-devel-linux-x86_64-debian-gcc, r-devel-linux-x86_64-fedora-clang, r-devel-linux-x86_64-fedora-gcc, r-devel-windows-ix86+x86_64, r-patched-linux-x86_64, r-patched-solaris-x86, r-release-linux-x86_64, r-release-windows-ix86+x86_64, r-release-osx-x86_64, r-oldrel-windows-ix86+x86_64, r-oldrel-osx-x86_64