CRAN Package Check Results for Package PurBayes

Last updated on 2018-02-23 14:49:39 CET.

Flavor Version Tinstall Tcheck Ttotal Status Flags
r-devel-linux-x86_64-debian-clang 1.3 1.20 18.18 19.38 NOTE
r-devel-linux-x86_64-debian-gcc 1.3 1.27 16.51 17.78 NOTE
r-devel-linux-x86_64-fedora-clang 1.3 23.34 NOTE
r-devel-linux-x86_64-fedora-gcc 1.3 23.21 NOTE
r-devel-windows-ix86+x86_64 1.3 4.00 39.00 43.00 NOTE
r-patched-linux-x86_64 1.3 0.93 19.22 20.15 NOTE
r-patched-solaris-x86 1.3 36.80 NOTE
r-release-linux-x86_64 1.3 1.05 19.23 20.28 NOTE
r-release-windows-ix86+x86_64 1.3 4.00 42.00 46.00 NOTE
r-release-osx-x86_64 1.3 NOTE
r-oldrel-windows-ix86+x86_64 1.3 3.00 38.00 41.00 NOTE
r-oldrel-osx-x86_64 1.3 NOTE

Check Details

Version: 1.3
Check: R code for possible problems
Result: NOTE
    PurBayes: no visible global function definition for ‘update’
    PurBayes: no visible global function definition for ‘sd’
    plot.PurBayes: no visible global function definition for ‘plot’
    plot.PurBayes: no visible global function definition for ‘quantile’
    plot.PurBayes: no visible global function definition for ‘lines’
    summary.PurBayes : <anonymous>: no visible global function definition
     for ‘quantile’
    Undefined global functions or variables:
     lines plot quantile sd update
    Consider adding
     importFrom("graphics", "lines", "plot")
     importFrom("stats", "quantile", "sd", "update")
    to your NAMESPACE file.
Flavors: r-devel-linux-x86_64-debian-clang, r-devel-linux-x86_64-debian-gcc, r-devel-linux-x86_64-fedora-clang, r-devel-linux-x86_64-fedora-gcc, r-devel-windows-ix86+x86_64, r-patched-linux-x86_64, r-patched-solaris-x86, r-release-linux-x86_64, r-release-windows-ix86+x86_64, r-release-osx-x86_64, r-oldrel-windows-ix86+x86_64, r-oldrel-osx-x86_64