CRAN Package Check Results for Package PurBayes

Last updated on 2017-11-24 18:50:44 CET.

Flavor Version Tinstall Tcheck Ttotal Status Flags
r-devel-linux-x86_64-debian-clang 1.3 1.17 36.32 37.49 NOTE
r-devel-linux-x86_64-debian-gcc 1.3 0.99 36.30 37.29 NOTE
r-devel-linux-x86_64-fedora-clang 1.3 21.53 NOTE
r-devel-linux-x86_64-fedora-gcc 1.3 20.69 NOTE
r-devel-windows-ix86+x86_64 1.3 4.00 45.00 49.00 NOTE
r-patched-linux-x86_64 1.3 1.21 35.99 37.19 NOTE
r-patched-solaris-x86 1.3 36.30 NOTE
r-release-linux-x86_64 1.3 1.19 36.55 37.73 NOTE
r-release-windows-ix86+x86_64 1.3 4.00 48.00 52.00 NOTE
r-release-osx-x86_64 1.3 NOTE
r-oldrel-windows-ix86+x86_64 1.3 3.00 46.00 49.00 NOTE
r-oldrel-osx-x86_64 1.3 NOTE

Check Details

Version: 1.3
Check: R code for possible problems
Result: NOTE
    PurBayes: no visible global function definition for ‘update’
    PurBayes: no visible global function definition for ‘sd’
    plot.PurBayes: no visible global function definition for ‘plot’
    plot.PurBayes: no visible global function definition for ‘quantile’
    plot.PurBayes: no visible global function definition for ‘lines’
    summary.PurBayes : <anonymous>: no visible global function definition
     for ‘quantile’
    Undefined global functions or variables:
     lines plot quantile sd update
    Consider adding
     importFrom("graphics", "lines", "plot")
     importFrom("stats", "quantile", "sd", "update")
    to your NAMESPACE file.
Flavors: r-devel-linux-x86_64-debian-clang, r-devel-linux-x86_64-debian-gcc, r-devel-linux-x86_64-fedora-clang, r-devel-linux-x86_64-fedora-gcc, r-devel-windows-ix86+x86_64, r-patched-linux-x86_64, r-patched-solaris-x86, r-release-linux-x86_64, r-release-windows-ix86+x86_64, r-release-osx-x86_64, r-oldrel-windows-ix86+x86_64, r-oldrel-osx-x86_64