CRAN Package Check Results for Package PurBayes

Last updated on 2017-02-25 11:48:42.

Flavor Version Tinstall Tcheck Ttotal Status Flags
r-devel-linux-x86_64-debian-clang 1.3 0.93 13.43 14.36 NOTE
r-devel-linux-x86_64-debian-gcc 1.3 0.92 13.31 14.22 NOTE
r-devel-linux-x86_64-fedora-clang 1.3 22.94 NOTE --no-stop-on-test-error
r-devel-linux-x86_64-fedora-gcc 1.3 21.60 NOTE --no-stop-on-test-error
r-devel-macos-x86_64-clang 1.3 20.76 NOTE --no-stop-on-test-error
r-devel-windows-ix86+x86_64 1.3 4.00 42.00 46.00 NOTE
r-patched-linux-x86_64 1.3 0.64 10.30 10.95 NOTE
r-patched-solaris-sparc 1.3 114.80 NOTE
r-patched-solaris-x86 1.3 29.50 NOTE
r-release-linux-x86_64 1.3 0.63 10.36 10.99 NOTE
r-release-osx-x86_64-mavericks 1.3 NOTE
r-release-windows-ix86+x86_64 1.3 4.00 60.00 64.00 NOTE
r-oldrel-windows-ix86+x86_64 1.3 1.00 4.00 5.00 ERROR

Check Details

Version: 1.3
Check: R code for possible problems
Result: NOTE
    PurBayes: no visible global function definition for ‘update’
    PurBayes: no visible global function definition for ‘sd’
    plot.PurBayes: no visible global function definition for ‘plot’
    plot.PurBayes: no visible global function definition for ‘quantile’
    plot.PurBayes: no visible global function definition for ‘lines’
    summary.PurBayes : <anonymous>: no visible global function definition
     for ‘quantile’
    Undefined global functions or variables:
     lines plot quantile sd update
    Consider adding
     importFrom("graphics", "lines", "plot")
     importFrom("stats", "quantile", "sd", "update")
    to your NAMESPACE file.
Flavors: r-devel-linux-x86_64-debian-clang, r-devel-linux-x86_64-debian-gcc, r-devel-windows-ix86+x86_64, r-patched-linux-x86_64, r-patched-solaris-sparc, r-patched-solaris-x86, r-release-linux-x86_64, r-release-osx-x86_64-mavericks, r-release-windows-ix86+x86_64

Version: 1.3
Flags: --no-stop-on-test-error
Check: R code for possible problems
Result: NOTE
    PurBayes: no visible global function definition for ‘update’
    PurBayes: no visible global function definition for ‘sd’
    plot.PurBayes: no visible global function definition for ‘plot’
    plot.PurBayes: no visible global function definition for ‘quantile’
    plot.PurBayes: no visible global function definition for ‘lines’
    summary.PurBayes : <anonymous>: no visible global function definition
     for ‘quantile’
    Undefined global functions or variables:
     lines plot quantile sd update
    Consider adding
     importFrom("graphics", "lines", "plot")
     importFrom("stats", "quantile", "sd", "update")
    to your NAMESPACE file.
Flavors: r-devel-linux-x86_64-fedora-clang, r-devel-linux-x86_64-fedora-gcc, r-devel-macos-x86_64-clang

Version: 1.3
Check: whether package can be installed
Result: ERROR
    Installation failed.
Flavor: r-oldrel-windows-ix86+x86_64