CRAN Package Check Results for Package PurBayes

Last updated on 2014-09-03 03:50:35.

Flavor Version Tinstall Tcheck Ttotal Status Flags
r-devel-linux-x86_64-debian-clang 1.3 0.67 10.98 11.65 OK
r-devel-linux-x86_64-debian-gcc 1.3 0.76 10.76 11.51 OK
r-devel-linux-x86_64-fedora-clang 1.3 24.10 OK
r-devel-linux-x86_64-fedora-gcc 1.3 22.43 OK
r-devel-osx-x86_64-clang 1.3 26.61 OK
r-devel-windows-ix86+x86_64 1.3 4.00 20.00 24.00 OK
r-patched-linux-x86_64 1.3 0.77 11.30 12.08 OK
r-patched-solaris-sparc 1.3 151.70 OK
r-patched-solaris-x86 1.3 38.80 OK
r-release-linux-ix86 1.3 1.07 17.90 18.97 OK
r-release-linux-x86_64 1.3 0.73 11.54 12.27 OK
r-release-osx-x86_64-mavericks 1.3 ERROR
r-release-osx-x86_64-snowleopard 1.3 OK
r-release-windows-ix86+x86_64 1.3 3.00 23.00 26.00 OK
r-oldrel-windows-ix86+x86_64 1.3 4.00 23.00 27.00 OK

Check Details

Version: 1.3
Check: package dependencies
Result: ERROR
    Package required but not available: ‘rjags’
    
    See the information on DESCRIPTION files in the chapter ‘Creating R
    packages’ of the ‘Writing R Extensions’ manual.
Flavor: r-release-osx-x86_64-mavericks