CRAN Package Check Results for Package PurBayes

Last updated on 2014-07-24 22:48:41.

Flavor Version Tinstall Tcheck Ttotal Status Flags
r-devel-linux-x86_64-debian-clang 1.3 0.70 11.30 12.00 OK
r-devel-linux-x86_64-debian-gcc 1.3 0.89 11.11 12.00 OK
r-devel-linux-x86_64-fedora-clang 1.3 24.54 OK
r-devel-linux-x86_64-fedora-gcc 1.3 23.56 OK
r-devel-osx-x86_64-clang 1.3 27.26 OK
r-devel-windows-ix86+x86_64 1.3 3.00 20.00 23.00 OK
r-patched-linux-x86_64 1.3 0.70 10.98 11.69 OK
r-patched-solaris-sparc 1.3 146.10 OK
r-patched-solaris-x86 1.3 39.60 OK
r-release-linux-ix86 1.3 1.06 17.76 18.82 OK
r-release-linux-x86_64 1.3 0.73 11.35 12.08 OK
r-release-osx-x86_64-mavericks 1.3 ERROR
r-release-osx-x86_64-snowleopard 1.3 OK
r-release-windows-ix86+x86_64 1.3 3.00 25.00 28.00 OK
r-oldrel-windows-ix86+x86_64 1.3 3.00 24.00 27.00 OK

Check Details

Version: 1.3
Check: package dependencies
Result: ERROR
    Package required but not available: ‘rjags’
    
    See the information on DESCRIPTION files in the chapter ‘Creating R
    packages’ of the ‘Writing R Extensions’ manual.
Flavor: r-release-osx-x86_64-mavericks