CRAN Package Check Results for Package PurBayes

Last updated on 2017-05-26 14:46:44.

Flavor Version Tinstall Tcheck Ttotal Status Flags
r-devel-linux-x86_64-debian-clang 1.3 0.87 13.43 14.30 NOTE
r-devel-linux-x86_64-debian-gcc 1.3 2.95 14.23 17.17 NOTE
r-devel-linux-x86_64-fedora-clang 1.3 24.01 NOTE
r-devel-linux-x86_64-fedora-gcc 1.3 22.01 NOTE
r-devel-windows-ix86+x86_64 1.3 4.00 52.00 56.00 NOTE
r-patched-linux-x86_64 1.3 0.94 14.55 15.49 NOTE
r-patched-solaris-sparc 1.3 150.40 NOTE
r-patched-solaris-x86 1.3 35.80 NOTE
r-release-linux-x86_64 1.3 0.83 13.52 14.35 NOTE
r-release-windows-ix86+x86_64 1.3 3.00 52.00 55.00 NOTE
r-release-osx-x86_64 1.3 NOTE
r-oldrel-windows-ix86+x86_64 1.3 6.00 27.00 33.00 NOTE
r-oldrel-osx-x86_64 1.3 NOTE

Check Details

Version: 1.3
Check: R code for possible problems
Result: NOTE
    PurBayes: no visible global function definition for ‘update’
    PurBayes: no visible global function definition for ‘sd’
    plot.PurBayes: no visible global function definition for ‘plot’
    plot.PurBayes: no visible global function definition for ‘quantile’
    plot.PurBayes: no visible global function definition for ‘lines’
    summary.PurBayes : <anonymous>: no visible global function definition
     for ‘quantile’
    Undefined global functions or variables:
     lines plot quantile sd update
    Consider adding
     importFrom("graphics", "lines", "plot")
     importFrom("stats", "quantile", "sd", "update")
    to your NAMESPACE file.
Flavors: r-devel-linux-x86_64-debian-clang, r-devel-linux-x86_64-debian-gcc, r-devel-linux-x86_64-fedora-clang, r-devel-linux-x86_64-fedora-gcc, r-devel-windows-ix86+x86_64, r-patched-linux-x86_64, r-patched-solaris-sparc, r-patched-solaris-x86, r-release-linux-x86_64, r-release-windows-ix86+x86_64, r-release-osx-x86_64, r-oldrel-windows-ix86+x86_64, r-oldrel-osx-x86_64