CRAN Package Check Results for Package PwrGSD

Last updated on 2014-07-30 03:48:25.

Flavor Version Tinstall Tcheck Ttotal Status Flags
r-devel-linux-x86_64-debian-clang 2.000 3.29 157.20 160.50 OK
r-devel-linux-x86_64-debian-gcc 2.000 4.80 154.75 159.56 OK
r-devel-linux-x86_64-fedora-clang 2.000 268.30 OK
r-devel-linux-x86_64-fedora-gcc 2.000 268.71 OK
r-devel-osx-x86_64-clang 2.000 160.79 OK
r-devel-windows-ix86+x86_64 2.000 29.00 278.00 307.00 OK
r-patched-linux-x86_64 2.000 4.64 154.73 159.37 OK
r-patched-solaris-sparc 2.000 1469.20 OK
r-patched-solaris-x86 2.000 303.00 OK
r-release-linux-ix86 2.000 5.86 251.39 257.25 OK
r-release-linux-x86_64 2.000 4.84 156.32 161.15 OK
r-release-osx-x86_64-mavericks 2.000 NOTE
r-release-osx-x86_64-snowleopard 2.000 OK
r-release-windows-ix86+x86_64 2.000 37.00 268.00 305.00 OK
r-oldrel-windows-ix86+x86_64 2.000 25.00 261.00 286.00 OK

Check Details

Version: 2.000
Check: re-building of vignette outputs
Result: NOTE
    Error in re-building vignettes:
     ...
    Loading required package: survival
    Loading required package: splines
    PwrGSD 2.000
    Error in texi2dvi(file = file, pdf = TRUE, clean = clean, quiet = quiet, :
     Running 'texi2dvi' on 'GrpSeqBnds-vignette.tex' failed.
    LaTeX errors:
    ! LaTeX Error: File `harvard.sty' not found.
    
    Type X to quit or <RETURN> to proceed,
    or enter new name. (Default extension: sty)
    
    test/PwrGSD/vignettes/GrpSeqBnds-vignette.tex:3: ==> Fatal error occurred, no
    output PDF file produced!
    Calls: buildVignettes -> texi2pdf -> texi2dvi
    Execution halted
Flavor: r-release-osx-x86_64-mavericks