CRAN Package Check Results for Package PwrGSD

Last updated on 2014-11-28 19:51:26.

Flavor Version Tinstall Tcheck Ttotal Status Flags
r-devel-linux-x86_64-debian-clang 2.000 3.60 154.98 158.58 OK
r-devel-linux-x86_64-debian-gcc 2.000 4.60 156.62 161.21 OK
r-devel-linux-x86_64-fedora-clang 2.000 269.37 OK
r-devel-linux-x86_64-fedora-gcc 2.000 270.89 OK
r-devel-osx-x86_64-clang 2.000 162.77 OK
r-devel-windows-ix86+x86_64 2.000 29.00 277.00 306.00 OK
r-patched-linux-x86_64 2.000 4.86 160.10 164.95 OK
r-patched-solaris-sparc 2.000 1547.00 OK
r-patched-solaris-x86 2.000 293.20 OK
r-release-linux-ix86 2.000 5.54 239.31 244.85 OK
r-release-linux-x86_64 2.000 4.55 157.65 162.20 OK
r-release-osx-x86_64-mavericks 2.000 NOTE
r-release-osx-x86_64-snowleopard 2.000 OK
r-release-windows-ix86+x86_64 2.000 32.00 283.00 315.00 OK
r-oldrel-windows-ix86+x86_64 2.000 25.00 261.00 286.00 OK

Check Details

Version: 2.000
Check: re-building of vignette outputs
Result: NOTE
    Error in re-building vignettes:
     ...
    Loading required package: survival
    Loading required package: splines
    PwrGSD 2.000
    Error in texi2dvi(file = file, pdf = TRUE, clean = clean, quiet = quiet, :
     Running 'texi2dvi' on 'GrpSeqBnds-vignette.tex' failed.
    LaTeX errors:
    ! LaTeX Error: File `harvard.sty' not found.
    
    Type X to quit or <RETURN> to proceed,
    or enter new name. (Default extension: sty)
    
    test/PwrGSD/vignettes/GrpSeqBnds-vignette.tex:3: ==> Fatal error occurred, no
    output PDF file produced!
    Calls: buildVignettes -> texi2pdf -> texi2dvi
    Execution halted
Flavor: r-release-osx-x86_64-mavericks