CRAN Package Check Results for Package PwrGSD

Last updated on 2014-09-22 23:49:23.

Flavor Version Tinstall Tcheck Ttotal Status Flags
r-devel-linux-x86_64-debian-clang 2.000 3.58 154.82 158.41 OK
r-devel-linux-x86_64-debian-gcc 2.000 5.12 155.53 160.65 OK
r-devel-linux-x86_64-fedora-clang 2.000 264.91 OK
r-devel-linux-x86_64-fedora-gcc 2.000 269.76 OK
r-devel-osx-x86_64-clang 2.000 163.87 OK
r-devel-windows-ix86+x86_64 2.000 28.00 280.00 308.00 OK
r-patched-linux-x86_64 2.000 4.62 158.15 162.77 OK
r-patched-solaris-sparc 2.000 1547.00 OK
r-patched-solaris-x86 2.000 291.60 OK
r-release-linux-ix86 2.000 5.94 253.94 259.88 OK
r-release-linux-x86_64 2.000 4.73 157.60 162.33 OK
r-release-osx-x86_64-mavericks 2.000 NOTE
r-release-osx-x86_64-snowleopard 2.000 OK
r-release-windows-ix86+x86_64 2.000 37.00 268.00 305.00 OK
r-oldrel-windows-ix86+x86_64 2.000 25.00 261.00 286.00 OK

Check Details

Version: 2.000
Check: re-building of vignette outputs
Result: NOTE
    Error in re-building vignettes:
     ...
    Loading required package: survival
    Loading required package: splines
    PwrGSD 2.000
    Error in texi2dvi(file = file, pdf = TRUE, clean = clean, quiet = quiet, :
     Running 'texi2dvi' on 'GrpSeqBnds-vignette.tex' failed.
    LaTeX errors:
    ! LaTeX Error: File `harvard.sty' not found.
    
    Type X to quit or <RETURN> to proceed,
    or enter new name. (Default extension: sty)
    
    test/PwrGSD/vignettes/GrpSeqBnds-vignette.tex:3: ==> Fatal error occurred, no
    output PDF file produced!
    Calls: buildVignettes -> texi2pdf -> texi2dvi
    Execution halted
Flavor: r-release-osx-x86_64-mavericks