CRAN Package Check Results for Package PwrGSD

Last updated on 2014-04-24 07:52:34.

Flavor Version Tinstall Tcheck Ttotal Status Flags
r-devel-linux-x86_64-debian-clang 2.000 3.40 154.16 157.56 OK
r-devel-linux-x86_64-debian-gcc 2.000 4.56 154.44 159.00 OK
r-devel-linux-x86_64-fedora-clang 2.000 268.85 OK
r-devel-linux-x86_64-fedora-gcc 2.000 269.38 OK
r-devel-osx-x86_64-clang 2.000 162.06 OK
r-devel-osx-x86_64-gcc 2.000 OK
r-devel-windows-ix86+x86_64 2.000 28.00 273.00 301.00 OK
r-patched-linux-x86_64 2.000 4.67 155.34 160.02 OK
r-patched-solaris-sparc 2.000 1469.20 OK
r-patched-solaris-x86 2.000 293.20 OK
r-release-linux-ix86 2.000 8.00 303.00 311.00 OK
r-release-linux-x86_64 2.000 4.66 155.15 159.81 OK
r-release-osx-x86_64-mavericks 2.000 WARN
r-release-osx-x86_64-snowleopard 2.000 OK
r-release-windows-ix86+x86_64 2.000 50.00 319.00 369.00 OK
r-oldrel-windows-ix86+x86_64 2.000 25.00 261.00 286.00 OK

Check Details

Version: 2.000
Check: re-building of vignette outputs
Result: NOTE
    Error in re-building vignettes:
     ...
    Loading required package: survival
    Loading required package: splines
    PwrGSD 2.000
    Error in texi2dvi(file = file, pdf = TRUE, clean = clean, quiet = quiet, :
     Running 'texi2dvi' on 'GrpSeqBnds-vignette.tex' failed.
    LaTeX errors:
    ! LaTeX Error: File `harvard.sty' not found.
    
    Type X to quit or <RETURN> to proceed,
    or enter new name. (Default extension: sty)
    
    test/PwrGSD/vignettes/GrpSeqBnds-vignette.tex:3: ==> Fatal error occurred, no
    output PDF file produced!
    Calls: buildVignettes -> texi2pdf -> texi2dvi
    Execution halted
Flavor: r-release-osx-x86_64-mavericks

Version: 2.000
Check: PDF version of manual
Result: WARNING
    LaTeX errors when creating PDF version.
    This typically indicates Rd problems.
    LaTeX errors found:
    ! LaTeX Error: File `upquote.sty' not found.
    
    Type X to quit or <RETURN> to proceed,
    or enter new name. (Default extension: sty)
    
    df006e6/Rd2.tex:8: ==> Fatal error occurred, no output PDF file produced!
Flavor: r-release-osx-x86_64-mavericks