CRAN Package Check Results for Package QCA

Last updated on 2017-02-25 17:47:42.

Flavor Version Tinstall Tcheck Ttotal Status Flags
r-devel-linux-x86_64-debian-clang 2.5 3.22 43.78 47.01 NOTE
r-devel-linux-x86_64-debian-gcc 2.5 3.37 42.39 45.76 NOTE
r-devel-linux-x86_64-fedora-clang 2.5 80.52 NOTE --no-stop-on-test-error
r-devel-linux-x86_64-fedora-gcc 2.5 78.36 NOTE --no-stop-on-test-error
r-devel-macos-x86_64-clang 2.5 66.67 NOTE --no-stop-on-test-error
r-devel-windows-ix86+x86_64 2.5 24.00 137.00 161.00 OK
r-patched-linux-x86_64 2.5 2.82 36.30 39.12 OK
r-patched-solaris-sparc 2.5 443.80 OK
r-patched-solaris-x86 2.5 84.10 OK
r-release-linux-x86_64 2.5 2.86 36.12 38.98 OK
r-release-osx-x86_64-mavericks 2.5 OK
r-release-windows-ix86+x86_64 2.5 26.00 113.00 139.00 OK
r-oldrel-windows-ix86+x86_64 2.5 22.00 107.00 129.00 OK

Check Details

Version: 2.5
Check: compiled code
Result: NOTE
    File ‘QCA/libs/QCA.so’:
     Found no calls to: ‘R_registerRoutines’, ‘R_useDynamicSymbols’
    
    It is good practice to register native routines and to disable symbol
    search.
    
    See ‘Writing portable packages’ in the ‘Writing R Extensions’ manual.
Flavors: r-devel-linux-x86_64-debian-clang, r-devel-linux-x86_64-debian-gcc

Version: 2.5
Flags: --no-stop-on-test-error
Check: compiled code
Result: NOTE
    File ‘QCA/libs/QCA.so’:
     Found no calls to: ‘R_registerRoutines’, ‘R_useDynamicSymbols’
    
    It is good practice to register native routines and to disable symbol
    search.
    
    See ‘Writing portable packages’ in the ‘Writing R Extensions’ manual.
Flavors: r-devel-linux-x86_64-fedora-clang, r-devel-linux-x86_64-fedora-gcc, r-devel-macos-x86_64-clang