CRAN Package Check Results for Package QCA

Last updated on 2016-06-27 08:48:36.

Flavor Version Tinstall Tcheck Ttotal Status Flags
r-devel-linux-x86_64-debian-gcc 2.3 2.02 15.07 17.09 OK
r-devel-linux-x86_64-fedora-clang 2.3 30.24 OK
r-devel-linux-x86_64-fedora-gcc 2.3 27.64 OK
r-devel-osx-x86_64-clang 2.3 26.31 OK
r-devel-windows-ix86+x86_64 2.3 8.00 39.00 47.00 OK
r-patched-linux-x86_64 2.3 2.28 16.36 18.65 OK
r-patched-solaris-sparc 2.3 182.80 OK
r-patched-solaris-x86 2.3 40.70 OK
r-release-linux-x86_64 2.3 1.97 15.87 17.84 OK
r-release-osx-x86_64-mavericks 2.3 ERROR
r-release-windows-ix86+x86_64 2.3 9.00 35.00 44.00 OK
r-oldrel-windows-ix86+x86_64 2.3 15.00 57.00 72.00 OK

Check Details

Version: 2.3
Check: package dependencies
Result: ERROR
    Package required and available but unsuitable version: ‘QCAGUI’
    
    See section ‘The DESCRIPTION file’ in the ‘Writing R Extensions’
    manual.
Flavor: r-release-osx-x86_64-mavericks