CRAN Package Check Results for Package QCA

Last updated on 2015-03-03 12:50:43.

Flavor Version Tinstall Tcheck Ttotal Status Flags
r-devel-linux-x86_64-debian-clang 1.1-4 1.92 25.29 27.20 NOTE
r-devel-linux-x86_64-debian-gcc 1.1-4 2.16 23.79 25.94 NOTE
r-devel-linux-x86_64-fedora-clang 1.1-4 50.85 NOTE
r-devel-linux-x86_64-fedora-gcc 1.1-4 56.87 NOTE
r-devel-osx-x86_64-clang 1.1-4 50.69 NOTE
r-devel-windows-ix86+x86_64 1.1-4 20.00 46.00 66.00 OK
r-patched-linux-x86_64 1.1-4 2.30 28.12 30.42 OK
r-patched-solaris-sparc 1.1-4 359.50 OK
r-patched-solaris-x86 1.1-4 68.60 OK
r-release-linux-ix86 1.1-4 3.04 34.42 37.46 OK
r-release-linux-x86_64 1.1-4 2.34 28.33 30.67 OK
r-release-osx-x86_64-mavericks 1.1-4 OK
r-release-osx-x86_64-snowleopard 1.1-4 OK
r-release-windows-ix86+x86_64 1.1-4 11.00 47.00 58.00 OK
r-oldrel-windows-ix86+x86_64 1.1-4 12.00 54.00 66.00 OK

Check Details

Version: 1.1-4
Check: S3 generic/method consistency
Result: NOTE
    Found the following apparent S3 methods exported but not registered:
     print.aE print.deMorgan print.fctr print.mqca print.pic print.pof
     print.qca print.sS print.tt
    See section ‘Registering S3 methods’ in the ‘Writing R Extensions’
    manual.
Flavors: r-devel-linux-x86_64-debian-clang, r-devel-linux-x86_64-debian-gcc, r-devel-linux-x86_64-fedora-clang, r-devel-linux-x86_64-fedora-gcc, r-devel-osx-x86_64-clang