CRAN Package Check Results for Package QCA

Last updated on 2017-03-27 06:48:28.

Flavor Version Tinstall Tcheck Ttotal Status Flags
r-devel-linux-x86_64-debian-clang 2.5 3.22 42.66 45.88 NOTE
r-devel-linux-x86_64-debian-gcc 2.6 3.41 42.53 45.95 OK
r-devel-linux-x86_64-fedora-clang 2.6 60.47 OK --no-stop-on-test-error
r-devel-linux-x86_64-fedora-gcc 2.6 59.82 OK --no-stop-on-test-error
r-devel-macos-x86_64-clang 2.6 66.46 OK --no-stop-on-test-error
r-devel-windows-ix86+x86_64 2.6 21.00 90.00 111.00 OK
r-patched-linux-x86_64 2.6 3.32 41.99 45.31 OK
r-patched-solaris-sparc 2.6 503.30 OK
r-patched-solaris-x86 2.6 95.20 OK
r-release-linux-x86_64 2.5 2.82 36.53 39.35 OK
r-release-osx-x86_64-mavericks 2.6 OK
r-release-windows-ix86+x86_64 2.6 29.00 97.00 126.00 OK
r-oldrel-windows-ix86+x86_64 2.6 30.00 107.00 137.00 OK

Check Details

Version: 2.5
Check: compiled code
Result: NOTE
    File ‘QCA/libs/QCA.so’:
     Found no calls to: ‘R_registerRoutines’, ‘R_useDynamicSymbols’
    
    It is good practice to register native routines and to disable symbol
    search.
    
    See ‘Writing portable packages’ in the ‘Writing R Extensions’ manual.
Flavor: r-devel-linux-x86_64-debian-clang