CRAN Package Check Results for Package QCA

Last updated on 2015-01-29 23:48:24.

Flavor Version Tinstall Tcheck Ttotal Status Flags
r-devel-linux-x86_64-debian-clang 1.1-4 2.00 24.64 26.64 NOTE
r-devel-linux-x86_64-debian-gcc 1.1-4 2.35 24.54 26.89 NOTE
r-devel-linux-x86_64-fedora-clang 1.1-4 54.51 NOTE
r-devel-linux-x86_64-fedora-gcc 1.1-4 50.10 NOTE
r-devel-osx-x86_64-clang 1.1-4 52.26 NOTE
r-devel-windows-ix86+x86_64 1.1-4 16.00 46.00 62.00 OK
r-patched-linux-x86_64 1.1-4 2.24 26.77 29.01 OK
r-patched-solaris-sparc 1.1-4 302.90 OK
r-patched-solaris-x86 1.1-4 68.00 OK
r-release-linux-ix86 1.1-4 3.07 33.19 36.26 OK
r-release-linux-x86_64 1.1-4 2.26 26.59 28.86 OK
r-release-osx-x86_64-mavericks 1.1-4 OK
r-release-osx-x86_64-snowleopard 1.1-4 OK
r-release-windows-ix86+x86_64 1.1-4 11.00 47.00 58.00 OK
r-oldrel-windows-ix86+x86_64 1.1-4 12.00 54.00 66.00 OK

Check Details

Version: 1.1-4
Check: S3 generic/method consistency
Result: NOTE
    Found the following apparent S3 methods exported but not registered:
     print.aE print.deMorgan print.fctr print.mqca print.pic print.pof
     print.qca print.sS print.tt
    See section ‘Registering S3 methods’ in the ‘Writing R Extensions’
    manual.
Flavors: r-devel-linux-x86_64-debian-clang, r-devel-linux-x86_64-debian-gcc, r-devel-linux-x86_64-fedora-clang, r-devel-linux-x86_64-fedora-gcc, r-devel-osx-x86_64-clang