CRAN Package Check Results for Package QCA

Last updated on 2016-07-25 17:49:48.

Flavor Version Tinstall Tcheck Ttotal Status Flags
r-devel-linux-x86_64-debian-clang 2.4 3.01 18.07 21.08 OK
r-devel-linux-x86_64-debian-gcc 2.4 2.90 18.18 21.08 OK
r-devel-linux-x86_64-fedora-clang 2.4 30.13 OK
r-devel-linux-x86_64-fedora-gcc 2.4 27.81 OK
r-devel-osx-x86_64-clang 2.4 26.69 OK
r-devel-windows-ix86+x86_64 2.4 11.00 40.00 51.00 OK
r-patched-linux-x86_64 2.4 2.86 17.83 20.69 OK
r-patched-solaris-sparc 2.4 166.50 OK
r-patched-solaris-x86 2.4 39.70 OK
r-release-linux-x86_64 2.4 2.98 17.81 20.80 OK
r-release-osx-x86_64-mavericks 2.4 ERROR
r-release-windows-ix86+x86_64 2.4 12.00 61.00 73.00 OK
r-oldrel-windows-ix86+x86_64 2.4 14.00 64.00 78.00 OK

Check Details

Version: 2.4
Check: package dependencies
Result: ERROR
    Package required and available but unsuitable version: ‘QCAGUI’
    
    See section ‘The DESCRIPTION file’ in the ‘Writing R Extensions’
    manual.
Flavor: r-release-osx-x86_64-mavericks