CRAN Package Check Results for Package QCA

Last updated on 2014-04-24 03:47:51.

Flavor Version Tinstall Tcheck Ttotal Status Flags
r-devel-linux-x86_64-debian-clang 1.1-2 1.91 26.36 28.27 OK
r-devel-linux-x86_64-debian-gcc 1.1-2 2.13 26.28 28.40 OK
r-devel-linux-x86_64-fedora-clang 1.1-2 54.09 OK
r-devel-linux-x86_64-fedora-gcc 1.1-2 51.50 OK
r-devel-osx-x86_64-clang 1.1-2 48.37 OK
r-devel-osx-x86_64-gcc 1.1-2 OK
r-devel-windows-ix86+x86_64 1.1-2 13.00 41.00 54.00 OK
r-patched-linux-x86_64 1.1-2 2.18 26.23 28.41 OK
r-patched-solaris-sparc 1.1-2 309.30 OK
r-patched-solaris-x86 1.1-2 63.60 OK
r-release-linux-ix86 1.1-2 4.00 45.00 49.00 OK
r-release-linux-x86_64 1.1-2 2.11 26.74 28.84 OK
r-release-osx-x86_64-mavericks 1.1-2 WARN
r-release-osx-x86_64-snowleopard 1.1-2 OK
r-release-windows-ix86+x86_64 1.1-2 24.00 62.00 86.00 OK
r-oldrel-windows-ix86+x86_64 1.1-2 12.00 51.00 63.00 OK

Check Details

Version: 1.1-2
Check: PDF version of manual
Result: WARNING
    LaTeX errors when creating PDF version.
    This typically indicates Rd problems.
    LaTeX errors found:
    ! LaTeX Error: File `upquote.sty' not found.
    
    Type X to quit or <RETURN> to proceed,
    or enter new name. (Default extension: sty)
    
    1f5c9d7/Rd2.tex:8: ==> Fatal error occurred, no output PDF file produced!
Flavor: r-release-osx-x86_64-mavericks