CRAN Package Check Results for Package QCA

Last updated on 2020-11-30 18:17:25 CET.

Flavor Version Tinstall Tcheck Ttotal Status Flags
r-devel-linux-x86_64-debian-clang 3.10 60.40 79.64 140.04 NOTE
r-devel-linux-x86_64-debian-gcc 3.10 61.19 59.88 121.07 NOTE
r-devel-linux-x86_64-fedora-clang 3.10 170.77 NOTE
r-devel-linux-x86_64-fedora-gcc 3.10 161.83 NOTE
r-devel-windows-ix86+x86_64 3.10 183.00 102.00 285.00 NOTE
r-patched-linux-x86_64 3.10 85.24 72.60 157.84 NOTE
r-patched-solaris-x86 3.10 152.80 NOTE
r-release-linux-x86_64 3.10 67.88 75.58 143.46 NOTE
r-release-macos-x86_64 3.10 NOTE
r-release-windows-ix86+x86_64 3.10 136.00 94.00 230.00 NOTE
r-oldrel-macos-x86_64 3.10 NOTE
r-oldrel-windows-ix86+x86_64 3.10 129.00 122.00 251.00 NOTE

Additional issues

rchk

Check Details

Version: 3.10
Check: for GNU extensions in Makefiles
Result: NOTE
    GNU make is a SystemRequirements.
Flavors: r-devel-linux-x86_64-debian-clang, r-devel-linux-x86_64-debian-gcc, r-devel-linux-x86_64-fedora-clang, r-devel-linux-x86_64-fedora-gcc, r-devel-windows-ix86+x86_64, r-patched-linux-x86_64, r-patched-solaris-x86, r-release-linux-x86_64, r-release-macos-x86_64, r-release-windows-ix86+x86_64, r-oldrel-macos-x86_64, r-oldrel-windows-ix86+x86_64

Version: 3.10
Check: installed package size
Result: NOTE
     installed size is 8.4Mb
     sub-directories of 1Mb or more:
     gui 1.7Mb
     libs 2.8Mb
     staticdocs 3.4Mb
Flavors: r-devel-linux-x86_64-fedora-clang, r-devel-windows-ix86+x86_64, r-patched-solaris-x86, r-release-macos-x86_64, r-release-windows-ix86+x86_64, r-oldrel-macos-x86_64, r-oldrel-windows-ix86+x86_64