CRAN Package Check Results for Package QCA

Last updated on 2016-05-29 11:48:06.

Flavor Version Tinstall Tcheck Ttotal Status Flags
r-devel-linux-x86_64-debian-gcc 2.2 2.34 15.94 18.28 OK
r-devel-linux-x86_64-fedora-clang 2.2 30.18 OK
r-devel-linux-x86_64-fedora-gcc 2.2 29.11 OK
r-devel-osx-x86_64-clang 2.2 34.82 OK
r-devel-windows-ix86+x86_64 2.2 8.00 39.00 47.00 OK
r-patched-linux-x86_64 2.2 2.08 14.89 16.97 OK
r-patched-solaris-sparc 2.2 177.50 OK
r-patched-solaris-x86 2.2 40.20 OK
r-release-linux-x86_64 2.2 2.21 14.96 17.17 OK
r-release-osx-x86_64-mavericks 2.2 ERROR
r-release-windows-ix86+x86_64 2.2 12.00 40.00 52.00 OK
r-oldrel-windows-ix86+x86_64 2.2 11.00 57.00 68.00 OK

Check Details

Version: 2.2
Check: package dependencies
Result: ERROR
    Package required and available but unsuitable version: ‘QCAGUI’
    
    See section ‘The DESCRIPTION file’ in the ‘Writing R Extensions’
    manual.
Flavor: r-release-osx-x86_64-mavericks