CRAN Package Check Results for Package QCA

Last updated on 2015-05-23 14:47:06.

Flavor Version Tinstall Tcheck Ttotal Status Flags
r-devel-linux-x86_64-debian-clang 1.1-4 2.28 24.63 26.91 NOTE
r-devel-linux-x86_64-debian-gcc 1.1-4 2.19 24.04 26.23 NOTE
r-devel-linux-x86_64-fedora-clang 1.1-4 50.36 NOTE
r-devel-linux-x86_64-fedora-gcc 1.1-4 46.56 NOTE
r-devel-osx-x86_64-clang 1.1-4 51.12 NOTE
r-devel-windows-ix86+x86_64 1.1-4 19.00 43.00 62.00 OK
r-patched-linux-x86_64 1.1-4 2.21 24.24 26.44 NOTE
r-patched-solaris-sparc 1.1-4 325.90 NOTE
r-patched-solaris-x86 1.1-4 61.90 NOTE
r-release-linux-x86_64 1.1-4 2.18 24.05 26.24 NOTE
r-release-osx-x86_64-mavericks 1.1-4 OK
r-release-osx-x86_64-snowleopard 1.1-4 OK
r-release-windows-ix86+x86_64 1.1-4 10.00 55.00 65.00 OK
r-oldrel-windows-ix86+x86_64 1.1-4 20.00 68.00 88.00 OK

Check Details

Version: 1.1-4
Check: S3 generic/method consistency
Result: NOTE
    Found the following apparent S3 methods exported but not registered:
     print.aE print.deMorgan print.fctr print.mqca print.pic print.pof
     print.qca print.sS print.tt
    See section ‘Registering S3 methods’ in the ‘Writing R Extensions’
    manual.
Flavors: r-devel-linux-x86_64-debian-clang, r-devel-linux-x86_64-debian-gcc, r-devel-linux-x86_64-fedora-clang, r-devel-linux-x86_64-fedora-gcc, r-devel-osx-x86_64-clang, r-patched-linux-x86_64, r-patched-solaris-sparc, r-patched-solaris-x86, r-release-linux-x86_64