CRAN Package Check Results for Package QCA

Last updated on 2017-04-28 23:52:36.

Flavor Version Tinstall Tcheck Ttotal Status Flags
r-devel-linux-x86_64-debian-clang 2.6 3.98 43.54 47.51 OK
r-devel-linux-x86_64-debian-gcc 2.6 3.42 42.43 45.85 OK
r-devel-linux-x86_64-fedora-clang 2.6 84.34 OK --no-stop-on-test-error
r-devel-linux-x86_64-fedora-gcc 2.6 80.12 OK --no-stop-on-test-error
r-devel-windows-ix86+x86_64 2.6 16.00 133.00 149.00 OK
r-patched-linux-x86_64 2.6 3.30 42.23 45.53 OK
r-patched-solaris-sparc 2.6 473.10 OK
r-patched-solaris-x86 2.6 95.10 ERROR
r-release-linux-x86_64 2.6 3.34 44.07 47.40 OK
r-release-windows-ix86+x86_64 2.6 26.00 126.00 152.00 OK
r-release-osx-x86_64 2.6 OK
r-oldrel-windows-ix86+x86_64 2.6 21.00 102.00 123.00 OK
r-oldrel-osx-x86_64 2.6 OK

Check Details

Version: 2.6
Check: examples
Result: ERROR
    Running examples in ‘QCA-Ex.R’ failed
    The error most likely occurred in:
    
    > ### Name: Implicant matrix functions: allExpressions, createMatrix, getRow
    > ### Title: Functions Related to the Implicant Matrix
    > ### Aliases: allExpressions createMatrix getRow
    > ### Keywords: functions
    >
    > ### ** Examples
    >
    > # three binary causal conditions, having two levels each: 0 and 1=
    > noflevels <- c(2, 2, 2)
    >
    >
    > # for three binary causal conditions
    > allExpressions(noflevels)
    
     1
     2 0
     3 1
     4 0
     5 0 0
     6 0 1
     7 1
     8 1 0
     9 1 1
    10 0
    11 0 0
    12 0 1
    13 0 0
    14 0 0 0
    15 0 0 1
    16 0 1
    17 0 1 0
    18 0 1 1
    19 1
    20 1 0
    21 1 1
    22 1 0
    23 1 0 0
    24 1 0 1
    25 1 1
    26 1 1 0
    27 1 1 1
    
    >
    > # the same matrix, this time arranged better
    > # (last rows represent the truth table)
    > allExpressions(noflevels, arrange = TRUE)
    
     *** caught segfault ***
    address 28154044, cause 'memory not mapped'
    
    Traceback:
     1: createMatrix(noflevels + 1, arrange = arrange, depth = depth, ... = ...)
     2: allExpressions(noflevels, arrange = TRUE)
    An irrecoverable exception occurred. R is aborting now ...
Flavor: r-patched-solaris-x86