Last updated on 2023-09-25 17:02:10 CEST.
Flavor | Version | Tinstall | Tcheck | Ttotal | Status | Flags |
---|---|---|---|---|---|---|
r-devel-linux-x86_64-debian-clang | 3.21 | 23.16 | 94.70 | 117.86 | OK | |
r-devel-linux-x86_64-debian-gcc | 3.21 | 18.09 | 72.45 | 90.54 | OK | |
r-devel-linux-x86_64-fedora-clang | 3.21 | 139.47 | NOTE | |||
r-devel-linux-x86_64-fedora-gcc | 3.21 | 146.50 | OK | |||
r-devel-windows-x86_64 | 3.21 | 26.00 | 91.00 | 117.00 | NOTE | |
r-patched-linux-x86_64 | 3.21 | 22.86 | 93.24 | 116.10 | OK | |
r-release-linux-x86_64 | 3.21 | 18.59 | 92.80 | 111.39 | OK | |
r-release-macos-arm64 | 3.21 | 44.00 | NOTE | |||
r-release-macos-x86_64 | 3.21 | 104.00 | NOTE | |||
r-release-windows-x86_64 | 3.21 | 31.00 | 106.00 | 137.00 | NOTE | |
r-oldrel-macos-arm64 | 3.21 | 48.00 | NOTE | |||
r-oldrel-macos-x86_64 | 3.21 | 64.00 | NOTE | |||
r-oldrel-windows-x86_64 | 3.21 | 31.00 | 111.00 | 142.00 | NOTE |
Version: 3.21
Check: installed package size
Result: NOTE
installed size is 5.8Mb
sub-directories of 1Mb or more:
gui 1.7Mb
staticdocs 3.4Mb
Flavors: r-devel-linux-x86_64-fedora-clang, r-devel-windows-x86_64, r-release-macos-arm64, r-release-macos-x86_64, r-release-windows-x86_64, r-oldrel-macos-arm64, r-oldrel-macos-x86_64, r-oldrel-windows-x86_64