CRAN Package Check Results for Package QCA

Last updated on 2015-07-04 14:50:29.

Flavor Version Tinstall Tcheck Ttotal Status Flags
r-devel-linux-x86_64-debian-clang 1.1-4 1.88 23.67 25.55 NOTE
r-devel-linux-x86_64-debian-gcc 1.1-4 2.26 23.88 26.14 NOTE
r-devel-linux-x86_64-fedora-clang 1.1-4 47.69 NOTE
r-devel-linux-x86_64-fedora-gcc 1.1-4 44.66 NOTE
r-devel-osx-x86_64-clang 1.1-4 46.81 NOTE
r-devel-windows-ix86+x86_64 1.1-4 22.00 44.00 66.00 OK
r-patched-linux-x86_64 1.1-4 2.11 23.76 25.87 NOTE
r-patched-solaris-sparc 1.1-4 325.90 NOTE
r-patched-solaris-x86 1.1-4 61.70 NOTE
r-release-linux-x86_64 1.1-4 2.11 24.29 26.40 NOTE
r-release-osx-x86_64-mavericks 1.1-4 OK
r-release-windows-ix86+x86_64 1.1-4 15.00 45.00 60.00 OK
r-oldrel-windows-ix86+x86_64 1.1-4 20.00 68.00 88.00 OK

Check Details

Version: 1.1-4
Check: S3 generic/method consistency
Result: NOTE
    Found the following apparent S3 methods exported but not registered:
     print.aE print.deMorgan print.fctr print.mqca print.pic print.pof
     print.qca print.sS print.tt
    See section ‘Registering S3 methods’ in the ‘Writing R Extensions’
    manual.
Flavors: r-devel-linux-x86_64-debian-clang, r-devel-linux-x86_64-debian-gcc, r-devel-linux-x86_64-fedora-clang, r-devel-linux-x86_64-fedora-gcc, r-devel-osx-x86_64-clang, r-patched-linux-x86_64, r-patched-solaris-sparc, r-patched-solaris-x86, r-release-linux-x86_64

Version: 1.1-4
Check: R code for possible problems
Result: NOTE
    deMorgan : removeDuplicates: no visible global function definition for
     ‘combn’
    eqmcc : minExpressions: no visible global function definition for
     ‘dist’
    factorize : factor.function: no visible global function definition for
     ‘combn’
    findTh: no visible global function definition for ‘cutree’
    findTh: no visible global function definition for ‘hclust’
    findTh: no visible global function definition for ‘dist’
    pof: no visible global function definition for ‘binom.test’
    solveChart: no visible global function definition for ‘combn’
    truthTable: no visible global function definition for ‘binom.test’
    Undefined global functions or variables:
     binom.test combn cutree dist hclust
Flavors: r-devel-linux-x86_64-debian-clang, r-devel-linux-x86_64-debian-gcc, r-devel-linux-x86_64-fedora-clang, r-devel-linux-x86_64-fedora-gcc