CRAN Package Check Results for Package QCA3

Last updated on 2014-04-16 23:47:02.

Flavor Version Tinstall Tcheck Ttotal Status Flags
r-devel-linux-x86_64-debian-clang 0.0-5 1.01 22.86 23.86 NOTE
r-devel-linux-x86_64-debian-gcc 0.0-5 1.00 23.30 24.30 NOTE
r-devel-linux-x86_64-fedora-clang 0.0-5 47.70 NOTE
r-devel-linux-x86_64-fedora-gcc 0.0-5 45.17 NOTE
r-devel-macosx-x86_64-clang 0.0-5 44.41 NOTE
r-devel-macosx-x86_64-gcc 0.0-5 NOTE
r-devel-windows-ix86+x86_64 0.0-5 4.00 46.00 50.00 NOTE
r-patched-linux-x86_64 0.0-5 1.01 23.15 24.16 NOTE
r-patched-solaris-sparc 0.0-5 268.10 NOTE
r-patched-solaris-x86 0.0-5 59.00 NOTE
r-release-linux-ix86 0.0-5 2.00 39.00 41.00 NOTE
r-release-linux-x86_64 0.0-5 1.03 23.06 24.09 NOTE
r-release-macosx-x86_64 0.0-5 NOTE
r-release-windows-ix86+x86_64 0.0-5 6.00 48.00 54.00 NOTE
r-oldrel-windows-ix86+x86_64 0.0-5 4.00 38.00 42.00 NOTE

Check Details

Version: 0.0-5
Check: DESCRIPTION meta-information
Result: NOTE
    Deprecated license: BSD
Flavors: r-devel-linux-x86_64-debian-clang, r-devel-linux-x86_64-debian-gcc, r-devel-linux-x86_64-fedora-clang, r-devel-linux-x86_64-fedora-gcc, r-devel-macosx-x86_64-clang, r-devel-macosx-x86_64-gcc, r-patched-linux-x86_64, r-patched-solaris-sparc, r-patched-solaris-x86, r-release-linux-ix86, r-release-linux-x86_64, r-release-macosx-x86_64

Version: 0.0-5
Check: dependencies in R code
Result: NOTE
    ':::' call which should be '::': ‘lpSolve:::lp’
     See the note in ?`:::` about the use of this operator.
    Unexported object imported by a ':::' call: ‘venneuler:::plot.VennDiagram’
     See the note in ?`:::` about the use of this operator.
    There are ::: calls to the package's namespace in its code. A package
     almost never needs to use ::: for its own objects:
     ‘PIChart’ ‘ereduce1’ ‘esubSet’ ‘id2Implicant’ ‘implicant2Id’
     ‘is.dontcare’ ‘solvePIChart’ ‘superSet’ ‘toString’
    See the information on DESCRIPTION files in the chapter ‘Creating R
    packages’ of the ‘Writing R Extensions’ manual.
Flavors: r-devel-linux-x86_64-debian-clang, r-devel-linux-x86_64-debian-gcc, r-devel-linux-x86_64-fedora-clang, r-devel-linux-x86_64-fedora-gcc, r-devel-macosx-x86_64-clang, r-devel-macosx-x86_64-gcc, r-devel-windows-ix86+x86_64, r-patched-linux-x86_64, r-patched-solaris-sparc, r-patched-solaris-x86, r-release-linux-ix86, r-release-linux-x86_64, r-release-macosx-x86_64, r-release-windows-ix86+x86_64, r-oldrel-windows-ix86+x86_64

Version: 0.0-5
Check: Rd line widths
Result: NOTE
    Rd file 'CoD.Rd':
     \examples lines wider than 100 characters:
     round(apply(CoD[,c("econdev","eduhi","ethlihom","close","demex","nocom","parlia","efpahi","decent")],2,FUN=function(x) consistency(x,Co ... [TRUNCATED]
     round(apply(CoD[,c("econdev","eduhi","ethlihom","close","demex","nocom","parlia","efpahi","decent")],2,FUN=function(x) consistency(1-x, ... [TRUNCATED]
     round(apply(CoD[,c("econdev","eduhi","ethlihom","close","demex","nocom","parlia","efpahi","decent")],2,FUN=function(x) consistency(x,1- ... [TRUNCATED]
     round(apply(CoD[,c("econdev","eduhi","ethlihom","close","demex","nocom","parlia","efpahi","decent")],2,FUN=function(x) consistency(1-x, ... [TRUNCATED]
     reduce(CoD,'cod',c('econdev','ethlihom','close','demex','nocom'),'positive','include',case='label',pre='fs_truthTable',keep=FALSE)
     round(apply(CoD[,c("econdev","ethlihom","nocom")],2,FUN=function(x) consistency(x,CoD$cod,'less')),3)
     reduce(CoD,'cod',c('parlia','efpahi','decent'),'positive','include',case='label',pre='fs_truthTable')
     reduce(CoD,'cod',c('econdev','ethlihom','nocom','parlia','efpahi','decent'),'positive','include',case='label',pre='fs_truthTable')
    
    Rd file 'HuangGui2009.Rd':
     \examples lines wider than 100 characters:
     ans1 <- reduce(HuangGui2009,"outcome",c("network","big","grievance","ha","BBS"),"pos",case="code",rem="include")
     ans2 <- reduce(HuangGui2009,"outcome",c("network","big","grievance","ha","BBS"),"neg",case="code",rem="incl")
    
    Rd file 'Lipsets.rd':
     \examples lines wider than 100 characters:
     reduce(Lipset_fs,"Survived.FZ",conditions,explain="positive",remaind="exclude",prepro="fs",consistency=0.7)
     reduce(Lipset_fs,"Survived.FZ",conditions,explain="positive",remaind="include",prepro="fs",consistency=0.7)
     reduce(Lipset_fs,"Survived.FZ",conditions,explain="negative",remaind="exclude",prepro="fs",consistency=0.7)
     reduce(Lipset_fs,"Survived.FZ",conditions,explain="negative",remaind="include",prepro="fs",consistency=0.7)
    
    Rd file 'McCammonVanDyke.Rd':
     \examples lines wider than 100 characters:
     reduce(McCammonVanDyke,"coalition",c("ideology","threats","opportunity","ties","resources"),cdontcare='negative')
     reduce(McCammonVanDyke,"coalition",c("ideology","threats","opportunity","ties","resources"),cdontcare='remainder')
    
    Rd file 'Yamasaki2009.Rd':
     \examples lines wider than 100 characters:
     cstt <- cs_truthTable(Yamasaki2009, "policyChange",c("soc","pol","ind","are","foc"), cases="country")
    
    Rd file 'consistGap.Rd':
     \examples lines wider than 100 characters:
     fst <- fs_truthTable(Lipset_fs,"Survived.FZ",c("Developed.FZ","Urban.FZ","Literate.FZ","Industrial.FZ",
    
    Rd file 'constrReduce.rd':
     \examples lines wider than 100 characters:
     comp <- reduce(Stokke,"success",c("advice","commitment","shadow",'inconvenience',"reverberation"),explain="positive")
     pars <- reduce(Stokke,"success",c("advice","commitment","shadow",'inconvenience',"reverberation"),explain="positive",remaind="include")
     easy2 <- implicantsToDF(x="ADVICE*SHADOW*REVERBERATION+ADVICE*COMMITMENT*SHADOW*inconvenience+ADVICE*inconvenience",
     conditions=c("advice","commitment","shadow",'inconvenience',"reverberation"))
    
    Rd file 'coverage.Rd':
     \examples lines wider than 100 characters:
     tb6.4 <- reduce(CoD,'cod',c('econdev','eduhi','ethlihom','close','demex','nocom'),exp="positive",remainder='include',pre="fs")
    
    Rd file 'cs_truthTable.rd':
     \usage lines wider than 90 characters:
     "probabilistic", "mixed"), weight = NULL, complete=FALSE, show.cases = TRUE, cases = NULL,
    
    Rd file 'directCalibration.Rd':
     \usage lines wider than 90 characters:
     directCalibration(x, fullin, fullout, crossover, infz = 0.953, outfz = 0.047, details = FALSE)
    
    Rd file 'fs_truthTable.rd':
     \examples lines wider than 100 characters:
     fst <- fs_truthTable(Lipset_fs,"Survived.FZ",c("Developed.FZ","Urban.FZ","Literate.FZ","Industrial.FZ",
    
    Rd file 'reduce.rd':
     \examples lines wider than 100 characters:
     reduce(Lipset_mv,"SURVIVAL",conditions,explain="positive",remainder="exclude",case="CASEID",prep="mv_truthTable")
     reduce(Lipset_mv,"SURVIVAL",conditions,explain="positive",remainder="include",case="CASEID",prep="mv_truthTable")
     reduce(Lipset_mv,"SURVIVAL",conditions,explain="negative",remainder="exclude",case="CASEID",prep="mv_truthTable")
     reduce(Lipset_mv,"SURVIVAL",conditions,explain="negative",remainder="include",contrad="positive",case="CASEID",prep="mv_truthTable")
     reduce(Lipset_fs,"Survived.FZ",conditions,explain="positive",remaind="exclude",prepro="fs",consistency=0.7)
     reduce(Lipset_fs,"Survived.FZ",conditions,explain="positive",remaind="include",prepro="fs",consistency=0.7)
     reduce(Lipset_fs,"Survived.FZ",conditions,explain="negative",remaind="exclude",prepro="fs",consistency=0.7)
     reduce(Lipset_fs,"Survived.FZ",conditions,explain="negative",remaind="include",prepro="fs",consistency=0.7)
    
    Rd file 'remainderReduce.Rd':
     \examples lines wider than 100 characters:
     fst <- fs_truthTable(Lipset_fs,"Survived.FZ",c("Developed.FZ","Urban.FZ","Literate.FZ","Industrial.FZ",
    
    Rd file 'setOUT.Rd':
     \examples lines wider than 100 characters:
     fst <- fs_truthTable(Lipset_fs,"Survived.FZ",c("Developed.FZ","Urban.FZ","Literate.FZ","Industrial.FZ",
    
    These lines will be truncated in the PDF manual.
Flavors: r-devel-linux-x86_64-fedora-clang, r-devel-linux-x86_64-fedora-gcc

Version: 0.0-5
Check: top-level files
Result: NOTE
    File
     inst/LICENSE
    will install at top-level and is not mentioned in the DESCRIPTION file.
Flavors: r-devel-macosx-x86_64-clang, r-devel-macosx-x86_64-gcc, r-devel-windows-ix86+x86_64, r-release-macosx-x86_64, r-release-windows-ix86+x86_64, r-oldrel-windows-ix86+x86_64