CRAN Package Check Results for Package QCA3

Last updated on 2015-07-06 19:47:48.

Flavor Version Tinstall Tcheck Ttotal Status Flags
r-devel-linux-x86_64-debian-clang 0.0-7 0.87 23.07 23.94 NOTE
r-devel-linux-x86_64-debian-gcc 0.0-7 0.90 23.45 24.35 NOTE
r-devel-linux-x86_64-fedora-clang 0.0-7 45.81 NOTE
r-devel-linux-x86_64-fedora-gcc 0.0-7 42.67 NOTE
r-devel-osx-x86_64-clang 0.0-7 46.41 OK
r-devel-windows-ix86+x86_64 0.0-7 5.00 39.00 44.00 NOTE
r-patched-linux-x86_64 0.0-7 0.85 22.93 23.78 OK
r-patched-solaris-sparc 0.0-7 292.10 OK
r-patched-solaris-x86 0.0-7 59.80 OK
r-release-linux-x86_64 0.0-7 0.86 23.24 24.10 OK
r-release-osx-x86_64-mavericks 0.0-7 OK
r-release-windows-ix86+x86_64 0.0-7 5.00 39.00 44.00 OK
r-oldrel-windows-ix86+x86_64 0.0-7 8.00 41.00 49.00 OK

Check Details

Version: 0.0-7
Check: R code for possible problems
Result: NOTE
    coincid: no visible global function definition for ‘na.exclude’
    coincid: no visible global function definition for ‘combn’
    cs_truthTable: no visible global function definition for ‘na.exclude’
    fs_truthTable: no visible global function definition for ‘na.exclude’
    fsgof.nec: no visible global function definition for ‘pf’
    fsgof.suff: no visible global function definition for ‘pf’
    fsgof.suffnec: no visible global function definition for ‘pf’
    fsplot: no visible global function definition for ‘as.formula’
    fsplot: no visible global function definition for ‘model.matrix’
    fsplot: no visible global function definition for ‘model.response’
    fsplot: no visible global function definition for ‘model.frame’
    fsplot: no visible global function definition for ‘plot’
    fsplot: no visible global function definition for ‘abline’
    fsplot: no visible global function definition for ‘mtext’
    lowerLimite: no visible global function definition for ‘qbeta’
    mv_truthTable: no visible global function definition for ‘na.exclude’
    print.truthTable: no visible global function definition for
     ‘addmargins’
    print.truthTable: no visible global function definition for ‘aggregate’
    reduce.formula: no visible global function definition for ‘terms’
    solvePIChart: no visible global function definition for ‘combn’
    suffnec: no visible global function definition for ‘na.exclude’
    suffnec: no visible global function definition for ‘combn’
    thresholdssetter: no visible global function definition for ‘cutree’
    thresholdssetter: no visible global function definition for ‘hclust’
    thresholdssetter: no visible global function definition for ‘dist’
    thresholdssetter: no visible global function definition for ‘barplot’
    thresholdssetter: no visible global function definition for ‘box’
    timeDiff: no visible binding for global variable ‘na.omit’
    tsData_tdiff: no visible binding for global variable ‘na.omit’
    zTransform: no visible global function definition for ‘qnorm’
    Undefined global functions or variables:
     abline addmargins aggregate as.formula barplot box combn cutree dist
     hclust model.frame model.matrix model.response mtext na.exclude
     na.omit pf plot qbeta qnorm terms
Flavors: r-devel-linux-x86_64-debian-clang, r-devel-linux-x86_64-debian-gcc, r-devel-linux-x86_64-fedora-clang, r-devel-linux-x86_64-fedora-gcc, r-devel-windows-ix86+x86_64