CRAN Package Check Results for Package QCA3

Last updated on 2016-12-09 09:52:42.

Flavor Version Tinstall Tcheck Ttotal Status Flags
r-devel-linux-x86_64-debian-clang 0.0-8 0.96 29.23 30.19 WARN
r-devel-linux-x86_64-debian-gcc 0.0-8 1.00 28.35 29.35 WARN
r-devel-linux-x86_64-fedora-clang 0.0-8 55.73 WARN --no-stop-on-test-error
r-devel-linux-x86_64-fedora-gcc 0.0-8 53.62 WARN --no-stop-on-test-error
r-devel-macos-x86_64-clang 0.0-8 45.16 WARN --no-stop-on-test-error
r-devel-windows-ix86+x86_64 0.0-8 9.00 77.00 86.00 WARN
r-patched-linux-x86_64 0.0-8 0.90 24.39 25.29 WARN
r-patched-solaris-sparc 0.0-8 259.80 WARN
r-patched-solaris-x86 0.0-8 52.90 WARN
r-release-linux-x86_64 0.0-8 0.90 23.72 24.62 WARN
r-release-osx-x86_64-mavericks 0.0-8 OK
r-release-windows-ix86+x86_64 0.0-8 4.00 56.00 60.00 OK
r-oldrel-windows-ix86+x86_64 0.0-8 5.00 51.00 56.00 OK

Check Details

Version: 0.0-8
Check: Rd cross-references
Result: WARN
    Missing link or links in documentation object 'reduce.rd':
     ‘[QCAGUI]{eqmcc}’ ‘[QCAGUI]{factorize}’
    
    See section 'Cross-references' in the 'Writing R Extensions' manual.
Flavors: r-devel-linux-x86_64-debian-clang, r-devel-linux-x86_64-debian-gcc, r-devel-windows-ix86+x86_64, r-patched-linux-x86_64, r-patched-solaris-sparc, r-patched-solaris-x86, r-release-linux-x86_64

Version: 0.0-8
Flags: --no-stop-on-test-error
Check: Rd cross-references
Result: WARN
    Missing link or links in documentation object 'reduce.rd':
     ‘[QCAGUI]{eqmcc}’ ‘[QCAGUI]{factorize}’
    
    See section 'Cross-references' in the 'Writing R Extensions' manual.
Flavors: r-devel-linux-x86_64-fedora-clang, r-devel-linux-x86_64-fedora-gcc, r-devel-macos-x86_64-clang