CRAN Package Check Results for Package QCA3

Last updated on 2016-06-30 23:47:57.

Flavor Version Tinstall Tcheck Ttotal Status Flags
r-devel-linux-x86_64-debian-gcc 0.0-7 0.86 26.17 27.04 WARN
r-devel-linux-x86_64-fedora-clang 0.0-7 43.04 WARN
r-devel-linux-x86_64-fedora-gcc 0.0-7 39.67 WARN
r-devel-osx-x86_64-clang 0.0-7 38.16 WARN
r-devel-windows-ix86+x86_64 0.0-7 10.00 54.00 64.00 WARN
r-patched-linux-x86_64 0.0-7 1.18 27.24 28.42 WARN
r-patched-solaris-sparc 0.0-7 266.70 WARN
r-patched-solaris-x86 0.0-7 53.80 WARN
r-release-linux-x86_64 0.0-7 0.88 24.78 25.66 WARN
r-release-osx-x86_64-mavericks 0.0-7 WARN
r-release-windows-ix86+x86_64 0.0-7 4.00 74.00 78.00 WARN
r-oldrel-windows-ix86+x86_64 0.0-7 8.00 51.00 59.00 WARN

Check Details

Version: 0.0-7
Check: R code for possible problems
Result: NOTE
    coincid: no visible global function definition for ‘na.exclude’
    coincid: no visible global function definition for ‘combn’
    cs_truthTable: no visible global function definition for ‘na.exclude’
    fs_truthTable: no visible global function definition for ‘na.exclude’
    fsgof.nec: no visible global function definition for ‘pf’
    fsgof.suff: no visible global function definition for ‘pf’
    fsgof.suffnec: no visible global function definition for ‘pf’
    fsplot: no visible global function definition for ‘as.formula’
    fsplot: no visible global function definition for ‘model.matrix’
    fsplot: no visible global function definition for ‘model.response’
    fsplot: no visible global function definition for ‘model.frame’
    fsplot: no visible global function definition for ‘plot’
    fsplot: no visible global function definition for ‘abline’
    fsplot: no visible global function definition for ‘mtext’
    lowerLimite: no visible global function definition for ‘qbeta’
    mv_truthTable: no visible global function definition for ‘na.exclude’
    print.truthTable: no visible global function definition for
     ‘addmargins’
    print.truthTable: no visible global function definition for ‘aggregate’
    reduce.formula: no visible global function definition for ‘terms’
    solvePIChart: no visible global function definition for ‘combn’
    suffnec: no visible global function definition for ‘na.exclude’
    suffnec: no visible global function definition for ‘combn’
    thresholdssetter: no visible global function definition for ‘cutree’
    thresholdssetter: no visible global function definition for ‘hclust’
    thresholdssetter: no visible global function definition for ‘dist’
    thresholdssetter: no visible global function definition for ‘barplot’
    thresholdssetter: no visible global function definition for ‘box’
    timeDiff: no visible binding for global variable ‘na.omit’
    tsData_tdiff: no visible binding for global variable ‘na.omit’
    zTransform: no visible global function definition for ‘qnorm’
    Undefined global functions or variables:
     abline addmargins aggregate as.formula barplot box combn cutree dist
     hclust model.frame model.matrix model.response mtext na.exclude
     na.omit pf plot qbeta qnorm terms
    Consider adding
     importFrom("graphics", "abline", "barplot", "box", "mtext", "plot")
     importFrom("stats", "addmargins", "aggregate", "as.formula", "cutree",
     "dist", "hclust", "model.frame", "model.matrix",
     "model.response", "na.exclude", "na.omit", "pf", "qbeta",
     "qnorm", "terms")
     importFrom("utils", "combn")
    to your NAMESPACE file.
Flavors: r-devel-linux-x86_64-debian-gcc, r-devel-linux-x86_64-fedora-clang, r-devel-linux-x86_64-fedora-gcc, r-devel-osx-x86_64-clang, r-devel-windows-ix86+x86_64, r-patched-linux-x86_64, r-patched-solaris-sparc, r-patched-solaris-x86, r-release-linux-x86_64, r-release-osx-x86_64-mavericks, r-release-windows-ix86+x86_64

Version: 0.0-7
Check: Rd cross-references
Result: WARN
    Missing link or links in documentation object 'reduce.rd':
     ‘[QCA]{eqmcc}’ ‘[QCA]{factorize}’
    
    See section 'Cross-references' in the 'Writing R Extensions' manual.
Flavors: r-devel-linux-x86_64-debian-gcc, r-devel-linux-x86_64-fedora-clang, r-devel-linux-x86_64-fedora-gcc, r-devel-osx-x86_64-clang, r-devel-windows-ix86+x86_64, r-patched-linux-x86_64, r-patched-solaris-sparc, r-patched-solaris-x86, r-release-linux-x86_64, r-release-osx-x86_64-mavericks, r-release-windows-ix86+x86_64, r-oldrel-windows-ix86+x86_64