CRAN Package Check Results for Package QCAGUI

Last updated on 2016-07-28 17:48:28.

Flavor Version Tinstall Tcheck Ttotal Status Flags
r-devel-linux-x86_64-debian-clang 2.4 2.02 39.47 41.49 OK
r-devel-linux-x86_64-debian-gcc 2.4 2.16 38.37 40.54 OK
r-devel-linux-x86_64-fedora-clang 2.4 61.49 OK
r-devel-linux-x86_64-fedora-gcc 2.4 57.87 OK
r-devel-osx-x86_64-clang 2.4 53.45 OK
r-devel-windows-ix86+x86_64 2.4 10.00 75.00 85.00 OK
r-patched-linux-x86_64 2.4 2.35 37.65 40.00 OK
r-patched-solaris-sparc 2.4 372.10 NOTE
r-patched-solaris-x86 2.4 74.50 NOTE
r-release-linux-x86_64 2.4 1.94 38.01 39.95 OK
r-release-osx-x86_64-mavericks 2.4 ERROR
r-release-windows-ix86+x86_64 2.4 12.00 76.00 88.00 OK
r-oldrel-windows-ix86+x86_64 2.4 14.00 60.00 74.00 OK

Check Details

Version: 2.4
Check: installed package size
Result: NOTE
     installed size is 5.2Mb
     sub-directories of 1Mb or more:
     gui 1.7Mb
     staticdocs 2.9Mb
Flavors: r-patched-solaris-sparc, r-patched-solaris-x86

Version: 2.4
Check: dependencies in R code
Result: NOTE
    Missing or unexported objects:
     ‘QCA::asNumeric’ ‘QCA::callAllSol’ ‘QCA::callFindSubsets’
     ‘QCA::callRemoveRedundants’ ‘QCA::callSolveChart’
     ‘QCA::callSuperSubset’ ‘QCA::callSuperSubsetMem’
     ‘QCA::callTruthTable’ ‘QCA::createString’ ‘QCA::curlyBrackets’
     ‘QCA::getBigList’ ‘QCA::getName’ ‘QCA::getSolution’ ‘QCA::nec’
     ‘QCA::negateValues’ ‘QCA::possibleNumeric’ ‘QCA::prettyString’
     ‘QCA::removeDuplicates’ ‘QCA::rowDominance’ ‘QCA::sortMatrix’
     ‘QCA::sortVector’ ‘QCA::splitstr’ ‘QCA::suf’ ‘QCA::trimst’
     ‘QCA::writePrimeimp’
Flavor: r-release-osx-x86_64-mavericks

Version: 2.4
Check: examples
Result: ERROR
    Running examples in ‘QCAGUI-Ex.R’ failed
    The error most likely occurred in:
    
    > ### Name: Interpret SOP expressions: translate, compute, findRows
    > ### Title: Functions to interpret a SOP expression
    > ### Aliases: translate compute findRows
    > ### Keywords: functions
    >
    > ### ** Examples
    >
    > if (require("QCA")) {
    +
    + translate("A + B*C")
    +
    + # same thing in multivalue notation
    + translate("A{1} + B{1}*C{1}")
    +
    + # using upper/lower letters
    + translate("A + b*C")
    +
    + # the negation with tilde is recognised
    + translate("~A + b*C")
    +
    + # even in combination of upper/lower letters
    + translate("~A + ~b*C")
    +
    + # and even for multivalue variables
    + translate("~A{1} + ~B{0}*C{1}")
    +
    + # in multivalue notation, the product sign * is redundant
    + translate("C{1} + T{2} + T{1}V{0} + C{0}")
    +
    + # multiple values can be specified
    + translate("C{1} + T{1,2} + T{1}V{0} + C{0}")
    +
    + # or even negated
    + translate("C{1} + ~T{1,2} + T{1}V{0} + C{0}")
    +
    + # if the expression does not contain the product sign *
    + # snames are required to complete the translation
    + translate("AB + cD", "A, B, C, D")
    +
    + # snames are not required
    + translate("PER*FECT + str*ing")
    +
    + # snames are required
    + translate("PERFECT + string", "PER, FECT, STR, ING")
    +
    + # it works even with overlapping columns
    + # SU overlaps with SUB in SUBER, but the result is still correct
    + translate("SUBER + subset", "SU, BER, SUB, SET")
    +
    + ## Not run:
    + ##D # error because combinations of condition names clash
    + ##D translate("SUPER + subset", "SUP, ER, SU, PER, SUB, SET")
    + ## End(Not run)
    +
    + # to print _all_ codes from the standard output matrix
    + (obj <- translate("A + b*C"))
    + print(obj, original = TRUE) # also prints the -1 code
    +
    +
    +
    + # for compute()
    + data(CVF)
    + compute("natpride + GEOCON", data = CVF)
    +
    + # calculating individual paths
    + compute("natpride + GEOCON", data = CVF, separate = TRUE)
    +
    +
    +
    + # for findRows()
    + data(LC)
    + ttLC <- truthTable(LC, "SURV", show.cases = TRUE)
    +
    + findRows("DEV*ind*STB", ttLC)
    +
    +
    + findRows("DEV*ind*STB", ttLC, remainders = TRUE)
    + }
    Loading required package: QCA
    Error: 'trimst' is not an exported object from 'namespace:QCA'
    Execution halted
Flavor: r-release-osx-x86_64-mavericks