CRAN Package Check Results for Package QCAGUI

Last updated on 2015-08-02 11:47:33.

Flavor Version Tinstall Tcheck Ttotal Status Flags
r-devel-linux-x86_64-debian-clang 1.9-6 7.20 30.45 37.65 NOTE
r-devel-linux-x86_64-debian-gcc 1.9-6 6.70 30.74 37.44 NOTE
r-devel-linux-x86_64-fedora-clang 1.9-6 67.33 NOTE
r-devel-linux-x86_64-fedora-gcc 1.9-6 63.74 NOTE
r-devel-osx-x86_64-clang 1.9-6 64.74 NOTE
r-devel-windows-ix86+x86_64 1.9-6 15.00 50.00 65.00 NOTE
r-patched-linux-x86_64 1.9-6 6.67 30.93 37.60 NOTE
r-patched-solaris-sparc 1.9-6 421.20 NOTE
r-patched-solaris-x86 1.9-6 86.10 NOTE
r-release-linux-x86_64 1.9-6 6.29 30.89 37.18 NOTE
r-release-osx-x86_64-mavericks 1.9-6 NOTE
r-release-windows-ix86+x86_64 1.9-6 23.00 52.00 75.00 NOTE
r-oldrel-windows-ix86+x86_64 1.9-6 26.00 57.00 83.00 NOTE

Check Details

Version: 1.9-6
Check: dependencies in R code
Result: NOTE
    'library' or 'require' calls to packages already attached by Depends:
     ‘QCA’ ‘abind’ ‘tcltk’
     Please remove these calls from your code.
    'library' or 'require' calls in package code:
     ‘RODBC’ ‘car’
     Please use :: or requireNamespace() instead.
     See section 'Suggested packages' in the 'Writing R Extensions' manual.
    Packages in Depends field not imported from:
     ‘QCA’ ‘abind’
     These packages need to be imported from (in the NAMESPACE file)
     for when this namespace is loaded but not attached.
Flavors: r-devel-linux-x86_64-debian-clang, r-devel-linux-x86_64-debian-gcc, r-devel-linux-x86_64-fedora-clang, r-devel-linux-x86_64-fedora-gcc, r-devel-osx-x86_64-clang, r-devel-windows-ix86+x86_64, r-patched-linux-x86_64, r-patched-solaris-sparc, r-patched-solaris-x86, r-release-linux-x86_64, r-release-osx-x86_64-mavericks, r-release-windows-ix86+x86_64, r-oldrel-windows-ix86+x86_64

Version: 1.9-6
Check: R code for possible problems
Result: NOTE
    .onAttach: no visible global function definition for ‘compareVersion’
    .onLoad : onHelp: no visible global function definition for ‘help’
    Commander: no visible global function definition for
     ‘assignInMyNamespace’
    Commander: no visible global function definition for ‘read.table’
    Commander : addMenus: no visible global function definition for
     ‘read.table’
    Hist: no visible global function definition for ‘na.omit’
    Hist: no visible global function definition for ‘hist’
    Hist: no visible global function definition for ‘axis’
    Hist: no visible global function definition for ‘par’
    Hist: no visible global function definition for ‘box’
    Hist: no visible global function definition for ‘abline’
    browseManual: no visible global function definition for ‘browseURL’
    checkWarnings: no visible global function definition for ‘head’
    checkWarnings: no visible global function definition for ‘tail’
    confint.glm: no visible global function definition for ‘coef’
    confint.glm: no visible global function definition for ‘profile’
    confint.glm: no visible global function definition for ‘confint’
    doItAndPrint: no visible global function definition for ‘show’
    enterTable : onOK: no visible global function definition for ‘na.omit’
    exists.method: no visible global function definition for ‘methods’
    frequencyDistribution : onOK : onOKsub: no visible global function
     definition for ‘na.omit’
    helpAboutCommander: no visible global function definition for ‘help’
    helpCommander: no visible global function definition for ‘browseURL’
    helpCommander: no visible global function definition for ‘help’
    helpSciViews: no visible global function definition for ‘help’
    importRODBCtable: no visible global function definition for
     ‘odbcCloseAll’
    importRODBCtable : onOK: no visible global function definition for
     ‘sqlTables’
    importRODBCtable : onOK: no visible global function definition for
     ‘sqlQuery’
    importRODBCtable : onOK: no visible global function definition for
     ‘odbcCloseAll’
    indexPlot : onOK: no visible global function definition for ‘par’
    isS4object: no visible global function definition for ‘isVirtualClass’
    isS4object: no visible global function definition for ‘getClass’
    justDoIt: no visible global function definition for ‘capture.output’
    linePlot : onOK: no visible global function definition for ‘na.omit’
    linePlot : onOK: no visible global function definition for ‘par’
    linePlot : onOK: no visible global function definition for ‘strheight’
    numSummary: no visible global function definition for ‘quantile’
    numSummary: no visible binding for global variable ‘quantile’
    numericToFactor : onOK: no visible binding for global variable ‘var’
    partial.cor: no visible global function definition for ‘cor’
    plotMeans: no visible global function definition for ‘palette’
    plotMeans: no visible global function definition for ‘complete.cases’
    plotMeans: no visible binding for global variable ‘sd’
    plotMeans: no visible global function definition for ‘qt’
    plotMeans: no visible global function definition for ‘plot’
    plotMeans: no visible global function definition for ‘points’
    plotMeans: no visible global function definition for ‘box’
    plotMeans: no visible global function definition for ‘axis’
    plotMeans: no visible global function definition for ‘arrows’
    plotMeans: no visible global function definition for ‘par’
    plotMeans: no visible global function definition for ‘text’
    plotMeans: no visible global function definition for ‘legend’
    print.numSummary: no visible global function definition for ‘abind’
    readDataFromPackage : <anonymous>: no visible global function
     definition for ‘data’
    readDataFromPackage : onPackageSelect: no visible global function
     definition for ‘data’
    readDataFromPackage : onDataHelp: no visible global function definition
     for ‘data’
    saveBitmap : updateSize: no visible global function definition for
     ‘dev.size’
    saveBitmap: no visible global function definition for ‘dev.cur’
    saveBitmap: no visible global function definition for ‘dev.size’
    savePDF : updateSize: no visible global function definition for
     ‘dev.size’
    savePDF: no visible global function definition for ‘dev.cur’
    savePDF: no visible global function definition for ‘dev.size’
    setPalette : contrasting: no visible global function definition for
     ‘optim’
    setPalette : convert: no visible global function definition for
     ‘col2rgb’
    setPalette: no visible global function definition for ‘palette’
    setPalette: no visible global function definition for ‘colorConverter’
    setPalette : <anonymous>: no visible global function definition for
     ‘col2rgb’
    setPalette : <anonymous>: no visible binding for global variable
     ‘colorspaces’
    setPalette: no visible global function definition for ‘col2rgb’
    setPalette: no visible global function definition for ‘convertColor’
    setPalette : onOK: no visible global function definition for ‘palette’
    splitCmd: no visible global function definition for ‘na.omit’
    startHelp: no visible global function definition for ‘help.start’
    Undefined global functions or variables:
     abind abline arrows assignInMyNamespace axis box browseURL
     capture.output coef col2rgb colorConverter colorspaces compareVersion
     complete.cases confint convertColor cor data dev.cur dev.size
     getClass head help help.start hist isVirtualClass legend methods
     na.omit odbcCloseAll optim palette par plot points profile qt
     quantile read.table sd show sqlQuery sqlTables strheight tail text
     var
    Consider adding
     importFrom("grDevices", "col2rgb", "colorConverter", "colorspaces",
     "convertColor", "dev.cur", "dev.size", "palette")
     importFrom("graphics", "abline", "arrows", "axis", "box", "hist",
     "legend", "par", "plot", "points", "strheight", "text")
     importFrom("methods", "getClass", "isVirtualClass", "show")
     importFrom("stats", "coef", "complete.cases", "confint", "cor",
     "na.omit", "optim", "profile", "qt", "quantile", "sd",
     "var")
     importFrom("utils", "assignInMyNamespace", "browseURL",
     "capture.output", "compareVersion", "data", "head", "help",
     "help.start", "methods", "read.table", "tail")
    to your NAMESPACE.
Flavors: r-devel-linux-x86_64-debian-clang, r-devel-linux-x86_64-debian-gcc, r-devel-linux-x86_64-fedora-clang, r-devel-linux-x86_64-fedora-gcc, r-devel-windows-ix86+x86_64

Version: 1.9-6
Check: R code for possible problems
Result: NOTE
    importRODBCtable: no visible global function definition for
     ‘odbcCloseAll’
    importRODBCtable : onOK: no visible global function definition for
     ‘sqlTables’
    importRODBCtable : onOK: no visible global function definition for
     ‘sqlQuery’
    importRODBCtable : onOK: no visible global function definition for
     ‘odbcCloseAll’
    print.numSummary: no visible global function definition for ‘abind’
    Undefined global functions or variables:
     abind odbcCloseAll sqlQuery sqlTables
Flavor: r-devel-osx-x86_64-clang

Version: 1.9-6
Check: R code for possible problems
Result: NOTE
    importRODBCtable: no visible global function definition for
     ‘odbcCloseAll’
    importRODBCtable : onOK: no visible global function definition for
     ‘sqlTables’
    importRODBCtable : onOK: no visible global function definition for
     ‘sqlQuery’
    importRODBCtable : onOK: no visible global function definition for
     ‘odbcCloseAll’
    print.numSummary: no visible global function definition for ‘abind’
Flavors: r-patched-linux-x86_64, r-patched-solaris-sparc, r-patched-solaris-x86, r-release-linux-x86_64, r-release-osx-x86_64-mavericks, r-release-windows-ix86+x86_64, r-oldrel-windows-ix86+x86_64

Version: 1.9-6
Check: package dependencies
Result: NOTE
    Packages suggested but not available for checking: ‘RODBC’ ‘car’
Flavor: r-release-osx-x86_64-mavericks

Version: 1.9-6
Check: Rd cross-references
Result: NOTE
    Package unavailable to check Rd xrefs: ‘car’
Flavor: r-release-osx-x86_64-mavericks