CRAN Package Check Results for Package QCAGUI

Last updated on 2016-05-31 05:47:39.

Flavor Version Tinstall Tcheck Ttotal Status Flags
r-devel-linux-x86_64-debian-gcc 2.2 1.60 32.50 34.10 OK
r-devel-linux-x86_64-fedora-clang 2.2 60.33 OK
r-devel-linux-x86_64-fedora-gcc 2.2 57.30 OK
r-devel-osx-x86_64-clang 2.2 72.43 OK
r-devel-windows-ix86+x86_64 2.2 9.00 60.00 69.00 OK
r-patched-linux-x86_64 2.2 1.75 32.76 34.51 OK
r-patched-solaris-sparc 2.2 392.40 OK
r-patched-solaris-x86 2.2 75.40 OK
r-release-linux-x86_64 2.2 1.64 32.44 34.08 OK
r-release-osx-x86_64-mavericks 2.2 ERROR
r-release-windows-ix86+x86_64 2.2 10.00 61.00 71.00 OK
r-oldrel-windows-ix86+x86_64 2.2 7.00 51.00 58.00 OK

Check Details

Version: 2.2
Check: dependencies in R code
Result: NOTE
    Missing or unexported objects:
     ‘QCA::asNumeric’ ‘QCA::callAllSol’ ‘QCA::callFindSubsets’
     ‘QCA::callRemoveRedundants’ ‘QCA::callSolveChart’
     ‘QCA::callSuperSubset’ ‘QCA::callSuperSubsetMem’
     ‘QCA::callTruthTable’ ‘QCA::createString’ ‘QCA::curlyBrackets’
     ‘QCA::getBigList’ ‘QCA::getName’ ‘QCA::getSolution’ ‘QCA::nec’
     ‘QCA::negateValues’ ‘QCA::possibleNumeric’ ‘QCA::prettyString’
     ‘QCA::removeDuplicates’ ‘QCA::rowDominance’ ‘QCA::sortMatrix’
     ‘QCA::sortVector’ ‘QCA::splitstr’ ‘QCA::suf’ ‘QCA::trimst’
     ‘QCA::writePrimeimp’
Flavor: r-release-osx-x86_64-mavericks

Version: 2.2
Check: examples
Result: ERROR
    Running examples in ‘QCAGUI-Ex.R’ failed
    The error most likely occurred in:
    
    > ### Name: XYplot
    > ### Title: Create an XY plot
    > ### Aliases: XYplot
    > ### Keywords: functions
    >
    > ### ** Examples
    >
    > # Cebotari & Vink (2013)
    > data(CVF)
    >
    > # necessity relation between NATPRIDE and PROTEST
    > XYplot(CVF[, 5:6])
    Error: 'possibleNumeric' is not an exported object from 'namespace:QCA'
    Execution halted
Flavor: r-release-osx-x86_64-mavericks