CRAN Package Check Results for Package QCAGUI

Last updated on 2015-03-01 16:47:04.

Flavor Version Tinstall Tcheck Ttotal Status Flags
r-devel-linux-x86_64-debian-clang 1.9-6 6.57 30.55 37.12 NOTE
r-devel-linux-x86_64-debian-gcc 1.9-6 6.48 29.77 36.25 NOTE
r-devel-linux-x86_64-fedora-clang 1.9-6 65.97 NOTE
r-devel-linux-x86_64-fedora-gcc 1.9-6 35.93 NOTE
r-devel-osx-x86_64-clang 1.9-6 71.17 NOTE
r-devel-windows-ix86+x86_64 1.9-6 21.00 46.00 67.00 NOTE
r-patched-linux-x86_64 1.9-6 7.90 34.22 42.12 NOTE
r-patched-solaris-sparc 1.9-6 508.00 NOTE
r-patched-solaris-x86 1.9-6 102.80 NOTE
r-release-linux-ix86 1.9-6 9.77 44.92 54.68 NOTE
r-release-linux-x86_64 1.9-6 8.25 32.95 41.20 NOTE
r-release-osx-x86_64-mavericks 1.9-6 NOTE
r-release-osx-x86_64-snowleopard 1.9-6 NOTE
r-release-windows-ix86+x86_64 1.9-6 17.00 51.00 68.00 NOTE
r-oldrel-windows-ix86+x86_64 1.9-6 18.00 54.00 72.00 NOTE

Check Details

Version: 1.9-6
Check: dependencies in R code
Result: NOTE
    'library' or 'require' calls to packages already attached by Depends:
     ‘QCA’ ‘abind’ ‘tcltk’
     Please remove these calls from your code.
    'library' or 'require' calls in package code:
     ‘RODBC’ ‘car’
     Please use :: or requireNamespace() instead.
     See section 'Suggested packages' in the 'Writing R Extensions' manual.
    Packages in Depends field not imported from:
     ‘QCA’ ‘abind’
     These packages need to be imported from (in the NAMESPACE file)
     for when this namespace is loaded but not attached.
Flavors: r-devel-linux-x86_64-debian-clang, r-devel-linux-x86_64-debian-gcc, r-devel-linux-x86_64-fedora-clang, r-devel-linux-x86_64-fedora-gcc, r-devel-osx-x86_64-clang, r-devel-windows-ix86+x86_64, r-patched-linux-x86_64, r-patched-solaris-sparc, r-patched-solaris-x86

Version: 1.9-6
Check: R code for possible problems
Result: NOTE
    importRODBCtable: no visible global function definition for
     ‘odbcCloseAll’
    importRODBCtable : onOK: no visible global function definition for
     ‘sqlTables’
    importRODBCtable : onOK: no visible global function definition for
     ‘sqlQuery’
    importRODBCtable : onOK: no visible global function definition for
     ‘odbcCloseAll’
    print.numSummary: no visible global function definition for ‘abind’
Flavors: r-devel-linux-x86_64-debian-clang, r-devel-linux-x86_64-debian-gcc, r-devel-linux-x86_64-fedora-clang, r-devel-linux-x86_64-fedora-gcc, r-devel-osx-x86_64-clang, r-devel-windows-ix86+x86_64, r-patched-linux-x86_64, r-patched-solaris-sparc, r-patched-solaris-x86, r-release-linux-ix86, r-release-linux-x86_64, r-release-osx-x86_64-mavericks, r-release-windows-ix86+x86_64

Version: 1.9-6
Check: dependencies in R code
Result: NOTE
    'library' or 'require' calls to packages already attached by Depends:
     ‘QCA’ ‘abind’ ‘tcltk’
     Please remove these calls from your code.
    Packages in Depends field not imported from:
     ‘QCA’ ‘abind’
     These packages need to be imported from (in the NAMESPACE file)
     for when this namespace is loaded but not attached.
    See the information on DESCRIPTION files in the chapter ‘Creating R
    packages’ of the ‘Writing R Extensions’ manual.
Flavors: r-release-linux-ix86, r-release-linux-x86_64, r-release-osx-x86_64-mavericks, r-release-windows-ix86+x86_64, r-oldrel-windows-ix86+x86_64

Version: 1.9-6
Check: package dependencies
Result: NOTE
    Package suggested but not available for checking: ‘RODBC’
Flavor: r-release-osx-x86_64-mavericks

Version: 1.9-6
Check: dependencies in R code
Result: NOTE
    'library' or 'require' calls to packages already attached by Depends:
     'QCA' 'abind' 'tcltk'
     Please remove these calls from your code.
    Packages in Depends field not imported from:
     'QCA' 'abind'
     These packages need to be imported from for the case when
     this namespace is loaded but not attached.
    See the information on DESCRIPTION files in the chapter 'Creating R
    packages' of the 'Writing R Extensions' manual.
Flavor: r-release-osx-x86_64-snowleopard