CRAN Package Check Results for Package QCAGUI

Last updated on 2015-05-24 08:48:39.

Flavor Version Tinstall Tcheck Ttotal Status Flags
r-devel-linux-x86_64-debian-clang 1.9-6 6.54 29.81 36.35 NOTE
r-devel-linux-x86_64-debian-gcc 1.9-6 6.61 29.61 36.22 NOTE
r-devel-linux-x86_64-fedora-clang 1.9-6 68.09 NOTE
r-devel-linux-x86_64-fedora-gcc 1.9-6 64.09 NOTE
r-devel-osx-x86_64-clang 1.9-6 69.33 NOTE
r-devel-windows-ix86+x86_64 1.9-6 15.00 43.00 58.00 NOTE
r-patched-linux-x86_64 1.9-6 6.66 29.53 36.19 NOTE
r-patched-solaris-sparc 1.9-6 418.00 NOTE
r-patched-solaris-x86 1.9-6 87.70 NOTE
r-release-linux-x86_64 1.9-6 6.29 29.74 36.03 NOTE
r-release-osx-x86_64-mavericks 1.9-6 NOTE
r-release-osx-x86_64-snowleopard 1.9-6 NOTE
r-release-windows-ix86+x86_64 1.9-6 17.00 41.00 58.00 NOTE
r-oldrel-windows-ix86+x86_64 1.9-6 18.00 48.00 66.00 NOTE

Check Details

Version: 1.9-6
Check: dependencies in R code
Result: NOTE
    'library' or 'require' calls to packages already attached by Depends:
     ‘QCA’ ‘abind’ ‘tcltk’
     Please remove these calls from your code.
    'library' or 'require' calls in package code:
     ‘RODBC’ ‘car’
     Please use :: or requireNamespace() instead.
     See section 'Suggested packages' in the 'Writing R Extensions' manual.
    Packages in Depends field not imported from:
     ‘QCA’ ‘abind’
     These packages need to be imported from (in the NAMESPACE file)
     for when this namespace is loaded but not attached.
Flavors: r-devel-linux-x86_64-debian-clang, r-devel-linux-x86_64-debian-gcc, r-devel-linux-x86_64-fedora-clang, r-devel-linux-x86_64-fedora-gcc, r-devel-osx-x86_64-clang, r-devel-windows-ix86+x86_64, r-patched-linux-x86_64, r-patched-solaris-sparc, r-patched-solaris-x86, r-release-linux-x86_64, r-release-osx-x86_64-mavericks, r-release-osx-x86_64-snowleopard, r-release-windows-ix86+x86_64, r-oldrel-windows-ix86+x86_64

Version: 1.9-6
Check: R code for possible problems
Result: NOTE
    importRODBCtable: no visible global function definition for
     ‘odbcCloseAll’
    importRODBCtable : onOK: no visible global function definition for
     ‘sqlTables’
    importRODBCtable : onOK: no visible global function definition for
     ‘sqlQuery’
    importRODBCtable : onOK: no visible global function definition for
     ‘odbcCloseAll’
    print.numSummary: no visible global function definition for ‘abind’
Flavors: r-devel-linux-x86_64-debian-clang, r-devel-linux-x86_64-debian-gcc, r-devel-linux-x86_64-fedora-clang, r-devel-linux-x86_64-fedora-gcc, r-devel-osx-x86_64-clang, r-devel-windows-ix86+x86_64, r-patched-linux-x86_64, r-patched-solaris-sparc, r-patched-solaris-x86, r-release-linux-x86_64, r-release-osx-x86_64-mavericks, r-release-osx-x86_64-snowleopard, r-release-windows-ix86+x86_64, r-oldrel-windows-ix86+x86_64

Version: 1.9-6
Check: package dependencies
Result: NOTE
    Packages suggested but not available for checking: ‘RODBC’ ‘car’
Flavor: r-release-osx-x86_64-mavericks

Version: 1.9-6
Check: Rd cross-references
Result: NOTE
    Package unavailable to check Rd xrefs: ‘car’
Flavors: r-release-osx-x86_64-mavericks, r-release-osx-x86_64-snowleopard

Version: 1.9-6
Check: package dependencies
Result: NOTE
    Packages suggested but not available for checking: ‘XML’ ‘car’
Flavor: r-release-osx-x86_64-snowleopard