CRAN Package Check Results for Package QCAGUI

Last updated on 2014-09-30 23:47:49.

Flavor Version Tinstall Tcheck Ttotal Status Flags
r-devel-linux-x86_64-debian-clang 1.9-6 7.24 33.75 40.99 NOTE
r-devel-linux-x86_64-debian-gcc 1.9-6 6.82 32.92 39.74 NOTE
r-devel-linux-x86_64-fedora-clang 1.9-6 74.57 NOTE
r-devel-linux-x86_64-fedora-gcc 1.9-6 71.47 NOTE
r-devel-osx-x86_64-clang 1.9-6 69.86 NOTE
r-devel-windows-ix86+x86_64 1.9-6 17.00 48.00 65.00 NOTE
r-patched-linux-x86_64 1.9-6 7.96 34.56 42.52 NOTE
r-patched-solaris-sparc 1.9-6 481.80 NOTE
r-patched-solaris-x86 1.9-6 96.80 NOTE
r-release-linux-ix86 1.9-6 10.11 42.50 52.62 NOTE
r-release-linux-x86_64 1.9-6 7.88 34.80 42.68 NOTE
r-release-osx-x86_64-mavericks 1.9-6 NOTE
r-release-osx-x86_64-snowleopard 1.9-6 NOTE
r-release-windows-ix86+x86_64 1.9-6 16.00 54.00 70.00 NOTE
r-oldrel-windows-ix86+x86_64 1.9-6 17.00 51.00 68.00 NOTE

Check Details

Version: 1.9-6
Check: dependencies in R code
Result: NOTE
    'library' or 'require' calls to packages already attached by Depends:
     ‘QCA’ ‘abind’ ‘tcltk’
     Please remove these calls from your code.
    Packages in Depends field not imported from:
     ‘QCA’ ‘abind’
     These packages need to be imported from (in the NAMESPACE file)
     for when this namespace is loaded but not attached.
    See the information on DESCRIPTION files in the chapter ‘Creating R
    packages’ of the ‘Writing R Extensions’ manual.
Flavors: r-devel-linux-x86_64-debian-clang, r-devel-linux-x86_64-debian-gcc, r-devel-linux-x86_64-fedora-clang, r-devel-linux-x86_64-fedora-gcc, r-devel-osx-x86_64-clang, r-devel-windows-ix86+x86_64, r-patched-linux-x86_64, r-patched-solaris-sparc, r-patched-solaris-x86, r-release-linux-ix86, r-release-linux-x86_64, r-release-osx-x86_64-mavericks, r-release-windows-ix86+x86_64, r-oldrel-windows-ix86+x86_64

Version: 1.9-6
Check: R code for possible problems
Result: NOTE
    importRODBCtable: no visible global function definition for
     ‘odbcCloseAll’
    importRODBCtable : onOK: no visible global function definition for
     ‘sqlTables’
    importRODBCtable : onOK: no visible global function definition for
     ‘sqlQuery’
    importRODBCtable : onOK: no visible global function definition for
     ‘odbcCloseAll’
    print.numSummary: no visible global function definition for ‘abind’
Flavors: r-devel-linux-x86_64-debian-clang, r-devel-linux-x86_64-debian-gcc, r-devel-linux-x86_64-fedora-clang, r-devel-linux-x86_64-fedora-gcc, r-devel-osx-x86_64-clang, r-devel-windows-ix86+x86_64

Version: 1.9-6
Check: package dependencies
Result: NOTE
    Package suggested but not available for checking: ‘RODBC’
Flavor: r-release-osx-x86_64-mavericks

Version: 1.9-6
Check: R code for possible problems
Result: NOTE
    importRODBCtable: no visible global function definition for
     ‘odbcCloseAll’
    importRODBCtable : onOK: no visible global function definition for
     ‘sqlTables’
    importRODBCtable : onOK: no visible global function definition for
     ‘sqlQuery’
    importRODBCtable : onOK: no visible global function definition for
     ‘odbcCloseAll’
Flavor: r-release-osx-x86_64-mavericks

Version: 1.9-6
Check: dependencies in R code
Result: NOTE
    'library' or 'require' calls to packages already attached by Depends:
     'QCA' 'abind' 'tcltk'
     Please remove these calls from your code.
    Packages in Depends field not imported from:
     'QCA' 'abind'
     These packages need to be imported from for the case when
     this namespace is loaded but not attached.
    See the information on DESCRIPTION files in the chapter 'Creating R
    packages' of the 'Writing R Extensions' manual.
Flavor: r-release-osx-x86_64-snowleopard