CRAN Package Check Results for Package QCAGUI

Last updated on 2016-08-24 19:54:06.

Flavor Version Tinstall Tcheck Ttotal Status Flags
r-devel-linux-x86_64-debian-clang 2.4 1.67 35.05 36.72 OK
r-devel-linux-x86_64-debian-gcc 2.4 1.68 34.62 36.30 OK
r-devel-linux-x86_64-fedora-clang 2.4 62.75 OK
r-devel-linux-x86_64-fedora-gcc 2.4 58.33 OK
r-devel-osx-x86_64-clang 2.4 53.40 OK
r-devel-windows-ix86+x86_64 2.4 11.00 72.00 83.00 OK
r-patched-linux-x86_64 2.4 1.84 35.38 37.22 OK
r-patched-solaris-sparc 2.4 372.10 NOTE
r-patched-solaris-x86 2.4 75.70 NOTE
r-release-linux-x86_64 2.4 1.72 34.06 35.78 OK
r-release-osx-x86_64-mavericks 2.4 NOTE
r-release-windows-ix86+x86_64 2.4 11.00 54.00 65.00 OK
r-oldrel-windows-ix86+x86_64 2.4 9.00 54.00 63.00 OK

Check Details

Version: 2.4
Check: installed package size
Result: NOTE
     installed size is 5.2Mb
     sub-directories of 1Mb or more:
     gui 1.7Mb
     staticdocs 2.9Mb
Flavors: r-patched-solaris-sparc, r-patched-solaris-x86

Version: 2.4
Check: package dependencies
Result: NOTE
    Package suggested but not available for checking: ‘QCA’
Flavor: r-release-osx-x86_64-mavericks