CRAN Package Check Results for Package QCAGUI

Last updated on 2016-09-30 06:47:41.

Flavor Version Tinstall Tcheck Ttotal Status Flags
r-devel-linux-x86_64-debian-clang 2.4 1.94 36.03 37.97 OK
r-devel-linux-x86_64-debian-gcc 2.4 1.83 35.67 37.50 OK
r-devel-linux-x86_64-fedora-clang 2.4 70.87 OK
r-devel-linux-x86_64-fedora-gcc 2.4 59.09 OK
r-devel-macos-x86_64-clang 2.4 51.54 OK
r-devel-windows-ix86+x86_64 2.4 17.00 77.00 94.00 OK
r-patched-linux-x86_64 2.4 1.77 34.63 36.40 OK
r-patched-solaris-sparc 2.4 372.10 NOTE
r-patched-solaris-x86 2.4 75.10 NOTE
r-release-linux-x86_64 2.4 1.78 35.47 37.25 OK
r-release-osx-x86_64-mavericks 2.4 NOTE
r-release-windows-ix86+x86_64 2.4 9.00 59.00 68.00 OK
r-oldrel-windows-ix86+x86_64 2.4 15.00 78.00 93.00 OK

Check Details

Version: 2.4
Check: installed package size
Result: NOTE
     installed size is 5.2Mb
     sub-directories of 1Mb or more:
     gui 1.7Mb
     staticdocs 2.9Mb
Flavors: r-patched-solaris-sparc, r-patched-solaris-x86

Version: 2.4
Check: package dependencies
Result: NOTE
    Package suggested but not available for checking: ‘QCA’
Flavor: r-release-osx-x86_64-mavericks