Last updated on 2022-07-06 06:52:58 CEST.
Flavor | Version | Tinstall | Tcheck | Ttotal | Status | Flags |
---|---|---|---|---|---|---|
r-devel-linux-x86_64-debian-clang | 1.1.1 | 216.52 | 103.61 | 320.13 | OK | |
r-devel-linux-x86_64-debian-gcc | 1.1.1 | 189.01 | 75.59 | 264.60 | OK | |
r-devel-linux-x86_64-fedora-clang | 1.1.1 | 443.18 | NOTE | |||
r-devel-linux-x86_64-fedora-gcc | 1.1.1 | 446.20 | NOTE | |||
r-devel-windows-x86_64 | 1.1.1 | 150.00 | 176.00 | 326.00 | NOTE | |
r-patched-linux-x86_64 | 1.1.1 | 197.36 | 96.94 | 294.30 | OK | |
r-release-linux-x86_64 | 1.1.1 | 158.99 | 97.07 | 256.06 | OK | |
r-release-macos-arm64 | 1.1.1 | 108.00 | NOTE | |||
r-release-macos-x86_64 | 1.1.1 | 202.00 | NOTE | |||
r-release-windows-x86_64 | 1.1.1 | 160.00 | 178.00 | 338.00 | NOTE | |
r-oldrel-macos-arm64 | 1.1.1 | 122.00 | NOTE | |||
r-oldrel-macos-x86_64 | 1.1.1 | 135.00 | NOTE | |||
r-oldrel-windows-ix86+x86_64 | 1.1.1 | 201.00 | 147.00 | 348.00 | NOTE |
Version: 1.1.1
Check: package dependencies
Result: NOTE
Suggests orphaned package: ‘gtools’
Flavors: r-devel-linux-x86_64-fedora-clang, r-devel-linux-x86_64-fedora-gcc
Version: 1.1.1
Check: installed package size
Result: NOTE
installed size is 50.2Mb
sub-directories of 1Mb or more:
libs 49.6Mb
Flavors: r-devel-linux-x86_64-fedora-clang, r-devel-windows-x86_64, r-release-macos-arm64, r-release-macos-x86_64, r-release-windows-x86_64, r-oldrel-macos-arm64, r-oldrel-macos-x86_64, r-oldrel-windows-ix86+x86_64