CRAN Package Check Results for Package QFRM

Last updated on 2022-05-19 20:49:09 CEST.

Flavor Version Tinstall Tcheck Ttotal Status Flags
r-devel-linux-x86_64-debian-clang 1.0.1 6.95 51.59 58.54 NOTE
r-devel-linux-x86_64-debian-gcc 1.0.1 4.52 38.83 43.35 NOTE
r-devel-linux-x86_64-fedora-clang 1.0.1 70.20 NOTE
r-devel-linux-x86_64-fedora-gcc 1.0.1 69.27 NOTE
r-devel-windows-x86_64 1.0.1 25.00 67.00 92.00 NOTE
r-patched-linux-x86_64 1.0.1 6.67 51.07 57.74 NOTE
r-release-linux-x86_64 1.0.1 4.42 50.93 55.35 NOTE
r-release-macos-arm64 1.0.1 23.00 NOTE
r-release-macos-x86_64 1.0.1 31.00 NOTE
r-release-windows-x86_64 1.0.1 13.00 66.00 79.00 NOTE
r-oldrel-macos-arm64 1.0.1 25.00 NOTE
r-oldrel-macos-x86_64 1.0.1 40.00 NOTE
r-oldrel-windows-ix86+x86_64 1.0.1 11.00 63.00 74.00 NOTE

Check Details

Version: 1.0.1
Check: LazyData
Result: NOTE
     'LazyData' is specified without a 'data' directory
Flavors: r-devel-linux-x86_64-debian-clang, r-devel-linux-x86_64-debian-gcc, r-devel-linux-x86_64-fedora-clang, r-devel-linux-x86_64-fedora-gcc, r-devel-windows-x86_64, r-patched-linux-x86_64, r-release-linux-x86_64, r-release-macos-arm64, r-release-macos-x86_64, r-release-windows-x86_64, r-oldrel-macos-arm64, r-oldrel-macos-x86_64, r-oldrel-windows-ix86+x86_64