CRAN Package Check Results for Package QRM

Last updated on 2017-08-17 09:47:20.

Flavor Version Tinstall Tcheck Ttotal Status Flags
r-devel-linux-x86_64-debian-clang 0.4-13 11.78 66.04 77.82 NOTE
r-devel-linux-x86_64-debian-gcc 0.4-13 11.36 64.32 75.68 NOTE
r-devel-linux-x86_64-fedora-clang 0.4-13 165.92 NOTE
r-devel-linux-x86_64-fedora-gcc 0.4-13 166.88 NOTE
r-devel-windows-ix86+x86_64 0.4-13 32.00 147.00 179.00 OK
r-patched-linux-x86_64 0.4-13 11.34 71.63 82.97 NOTE
r-patched-solaris-x86 0.4-13 202.70 OK
r-release-linux-x86_64 0.4-13 11.37 67.13 78.50 NOTE
r-release-windows-ix86+x86_64 0.4-13 35.00 169.00 204.00 OK
r-release-osx-x86_64 0.4-13 OK
r-oldrel-windows-ix86+x86_64 0.4-13 34.00 151.00 185.00 OK
r-oldrel-osx-x86_64 0.4-13 OK

Check Details

Version: 0.4-13
Check: compiled code
Result: NOTE
    File ‘QRM/libs/QRM.so’:
     Found no calls to: ‘R_registerRoutines’, ‘R_useDynamicSymbols’
    
    It is good practice to register native routines and to disable symbol
    search.
    
    See ‘Writing portable packages’ in the ‘Writing R Extensions’ manual.
Flavors: r-devel-linux-x86_64-debian-clang, r-devel-linux-x86_64-debian-gcc, r-devel-linux-x86_64-fedora-clang, r-devel-linux-x86_64-fedora-gcc, r-patched-linux-x86_64, r-release-linux-x86_64