CRAN Package Check Results for Package QRM

Last updated on 2017-12-16 05:48:04 CET.

Flavor Version Tinstall Tcheck Ttotal Status Flags
r-devel-linux-x86_64-debian-clang 0.4-13 14.92 99.82 114.74 NOTE
r-devel-linux-x86_64-debian-gcc 0.4-13 12.94 78.29 91.23 NOTE
r-devel-linux-x86_64-fedora-clang 0.4-13 147.12 NOTE
r-devel-linux-x86_64-fedora-gcc 0.4-13 140.92 NOTE
r-devel-windows-ix86+x86_64 0.4-13 47.00 178.00 225.00 OK
r-patched-linux-x86_64 0.4-13 16.31 108.70 125.01 NOTE
r-patched-solaris-x86 0.4-13 197.00 OK
r-release-linux-x86_64 0.4-13 14.97 107.00 121.97 NOTE
r-release-windows-ix86+x86_64 0.4-13 32.00 151.00 183.00 OK
r-release-osx-x86_64 0.4-13 OK
r-oldrel-windows-ix86+x86_64 0.4-13 49.00 190.00 239.00 OK
r-oldrel-osx-x86_64 0.4-13 OK

Check Details

Version: 0.4-13
Check: compiled code
Result: NOTE
    File ‘QRM/libs/QRM.so’:
     Found no calls to: ‘R_registerRoutines’, ‘R_useDynamicSymbols’
    
    It is good practice to register native routines and to disable symbol
    search.
    
    See ‘Writing portable packages’ in the ‘Writing R Extensions’ manual.
Flavors: r-devel-linux-x86_64-debian-clang, r-devel-linux-x86_64-debian-gcc, r-devel-linux-x86_64-fedora-clang, r-devel-linux-x86_64-fedora-gcc, r-patched-linux-x86_64, r-release-linux-x86_64