CRAN Package Check Results for Package QRM

Last updated on 2015-02-27 13:47:12.

Flavor Version Tinstall Tcheck Ttotal Status Flags
r-devel-linux-x86_64-debian-clang 0.4-10 10.19 63.93 74.12 NOTE
r-devel-linux-x86_64-debian-gcc 0.4-10 10.02 62.11 72.13 NOTE
r-devel-linux-x86_64-fedora-clang 0.4-10 154.68 NOTE
r-devel-linux-x86_64-fedora-gcc 0.4-10 140.23 NOTE
r-devel-osx-x86_64-clang 0.4-10 132.13 NOTE
r-devel-windows-ix86+x86_64 0.4-10 47.00 142.00 189.00 NOTE
r-patched-linux-x86_64 0.4-10 12.59 81.56 94.15 NOTE
r-patched-solaris-sparc 0.4-10 1168.00 NOTE
r-patched-solaris-x86 0.4-10 256.10 NOTE
r-release-linux-ix86 0.4-10 14.77 94.21 108.98 NOTE
r-release-linux-x86_64 0.4-10 13.19 79.96 93.15 NOTE
r-release-osx-x86_64-mavericks 0.4-10 NOTE
r-release-osx-x86_64-snowleopard 0.4-10 OK
r-release-windows-ix86+x86_64 0.4-10 33.00 184.00 217.00 NOTE
r-oldrel-windows-ix86+x86_64 0.4-10 34.00 166.00 200.00 OK

Check Details

Version: 0.4-10
Check: R code for possible problems
Result: NOTE
    fit.NH: no visible global function definition for ‘kurtosis’
Flavors: r-devel-linux-x86_64-debian-clang, r-devel-linux-x86_64-debian-gcc, r-devel-linux-x86_64-fedora-clang, r-devel-linux-x86_64-fedora-gcc, r-devel-osx-x86_64-clang, r-devel-windows-ix86+x86_64, r-patched-linux-x86_64, r-patched-solaris-sparc, r-patched-solaris-x86, r-release-linux-ix86, r-release-linux-x86_64, r-release-osx-x86_64-mavericks, r-release-windows-ix86+x86_64