CRAN Package Check Results for Package QRM

Last updated on 2014-07-26 17:47:15.

Flavor Version Tinstall Tcheck Ttotal Status Flags
r-devel-linux-x86_64-debian-clang 0.4-10 11.28 80.26 91.54 OK
r-devel-linux-x86_64-debian-gcc 0.4-10 11.88 77.51 89.39 OK
r-devel-linux-x86_64-fedora-clang 0.4-10 211.70 OK
r-devel-linux-x86_64-fedora-gcc 0.4-10 199.66 OK
r-devel-osx-x86_64-clang 0.4-10 156.48 OK
r-devel-windows-ix86+x86_64 0.4-10 37.00 159.00 196.00 OK
r-patched-linux-x86_64 0.4-10 13.21 79.14 92.35 OK
r-patched-solaris-sparc 0.4-10 1076.40 OK
r-patched-solaris-x86 0.4-10 253.10 OK
r-release-linux-ix86 0.4-10 14.97 93.48 108.44 OK
r-release-linux-x86_64 0.4-10 11.96 79.38 91.34 OK
r-release-osx-x86_64-mavericks 0.4-10 ERROR
r-release-osx-x86_64-snowleopard 0.4-10 OK
r-release-windows-ix86+x86_64 0.4-10 37.00 167.00 204.00 OK
r-oldrel-windows-ix86+x86_64 0.4-10 38.00 165.00 203.00 OK

Check Details

Version: 0.4-10
Check: package dependencies
Result: ERROR
    Package required but not available: ‘gsl’
    
    See the information on DESCRIPTION files in the chapter ‘Creating R
    packages’ of the ‘Writing R Extensions’ manual.
Flavor: r-release-osx-x86_64-mavericks