CRAN Package Check Results for Package QRM

Last updated on 2016-06-28 23:50:50.

Flavor Version Tinstall Tcheck Ttotal Status Flags
r-devel-linux-x86_64-debian-gcc 0.4-13 12.48 66.58 79.06 OK
r-devel-linux-x86_64-fedora-clang 0.4-13 145.21 OK
r-devel-linux-x86_64-fedora-gcc 0.4-13 135.77 OK
r-devel-osx-x86_64-clang 0.4-13 108.93 OK
r-devel-windows-ix86+x86_64 0.4-13 32.00 143.00 175.00 OK
r-patched-linux-x86_64 0.4-13 10.15 69.66 79.81 OK
r-patched-solaris-sparc 0.4-13 861.60 NOTE
r-patched-solaris-x86 0.4-13 174.70 NOTE
r-release-linux-x86_64 0.4-13 9.69 62.80 72.49 OK
r-release-osx-x86_64-mavericks 0.4-13 OK
r-release-windows-ix86+x86_64 0.4-13 43.00 183.00 226.00 OK
r-oldrel-windows-ix86+x86_64 0.4-13 45.00 153.00 198.00 OK

Check Details

Version: 0.4-13
Check: installed package size
Result: NOTE
     installed size is 6.6Mb
     sub-directories of 1Mb or more:
     data 1.3Mb
     libs 4.9Mb
Flavors: r-patched-solaris-sparc, r-patched-solaris-x86