CRAN Package Check Results for Package QRM

Last updated on 2015-05-30 17:46:50.

Flavor Version Tinstall Tcheck Ttotal Status Flags
r-devel-linux-x86_64-debian-clang 0.4-10 10.17 64.60 74.77 NOTE
r-devel-linux-x86_64-debian-gcc 0.4-10 10.17 62.97 73.14 NOTE
r-devel-linux-x86_64-fedora-clang 0.4-10 158.06 NOTE
r-devel-linux-x86_64-fedora-gcc 0.4-10 141.85 NOTE
r-devel-osx-x86_64-clang 0.4-10 129.29 NOTE
r-devel-windows-ix86+x86_64 0.4-10 34.00 138.00 172.00 NOTE
r-patched-linux-x86_64 0.4-10 10.43 62.67 73.10 NOTE
r-patched-solaris-sparc 0.4-10 904.40 NOTE
r-patched-solaris-x86 0.4-10 190.50 NOTE
r-release-linux-x86_64 0.4-10 10.12 64.15 74.28 NOTE
r-release-osx-x86_64-mavericks 0.4-10 NOTE
r-release-osx-x86_64-snowleopard 0.4-10 NOTE
r-release-windows-ix86+x86_64 0.4-10 31.00 141.00 172.00 NOTE
r-oldrel-windows-ix86+x86_64 0.4-10 35.00 166.00 201.00 NOTE

Check Details

Version: 0.4-10
Check: R code for possible problems
Result: NOTE
    fit.NH: no visible global function definition for ‘kurtosis’
Flavors: r-devel-linux-x86_64-debian-clang, r-devel-linux-x86_64-debian-gcc, r-devel-linux-x86_64-fedora-clang, r-devel-linux-x86_64-fedora-gcc, r-devel-osx-x86_64-clang, r-devel-windows-ix86+x86_64, r-patched-linux-x86_64, r-patched-solaris-sparc, r-patched-solaris-x86, r-release-linux-x86_64, r-release-osx-x86_64-mavericks, r-release-osx-x86_64-snowleopard, r-release-windows-ix86+x86_64, r-oldrel-windows-ix86+x86_64