CRAN Package Check Results for Package QRM

Last updated on 2014-12-21 11:46:41.

Flavor Version Tinstall Tcheck Ttotal Status Flags
r-devel-linux-x86_64-debian-clang 0.4-10 11.22 77.95 89.16 NOTE
r-devel-linux-x86_64-debian-gcc 0.4-10 12.66 74.53 87.19 NOTE
r-devel-linux-x86_64-fedora-clang 0.4-10 206.73 NOTE
r-devel-linux-x86_64-fedora-gcc 0.4-10 190.36 NOTE
r-devel-osx-x86_64-clang 0.4-10 165.06 NOTE
r-devel-windows-ix86+x86_64 0.4-10 37.00 152.00 189.00 NOTE
r-patched-linux-x86_64 0.4-10 12.60 82.66 95.26 NOTE
r-patched-solaris-sparc 0.4-10 1145.60 NOTE
r-patched-solaris-x86 0.4-10 255.30 NOTE
r-release-linux-ix86 0.4-10 14.17 90.73 104.90 NOTE
r-release-linux-x86_64 0.4-10 12.36 81.82 94.18 NOTE
r-release-osx-x86_64-mavericks 0.4-10 ERROR
r-release-osx-x86_64-snowleopard 0.4-10 OK
r-release-windows-ix86+x86_64 0.4-10 36.00 165.00 201.00 NOTE
r-oldrel-windows-ix86+x86_64 0.4-10 32.00 167.00 199.00 OK

Check Details

Version: 0.4-10
Check: R code for possible problems
Result: NOTE
    fit.NH: no visible global function definition for ‘kurtosis’
Flavors: r-devel-linux-x86_64-debian-clang, r-devel-linux-x86_64-debian-gcc, r-devel-linux-x86_64-fedora-clang, r-devel-linux-x86_64-fedora-gcc, r-devel-osx-x86_64-clang, r-devel-windows-ix86+x86_64, r-patched-linux-x86_64, r-patched-solaris-sparc, r-patched-solaris-x86, r-release-linux-ix86, r-release-linux-x86_64, r-release-windows-ix86+x86_64

Version: 0.4-10
Check: package dependencies
Result: ERROR
    Package required but not available: ‘gsl’
    
    See the information on DESCRIPTION files in the chapter ‘Creating R
    packages’ of the ‘Writing R Extensions’ manual.
Flavor: r-release-osx-x86_64-mavericks