CRAN Package Check Results for Package QRM

Last updated on 2014-09-21 07:47:13.

Flavor Version Tinstall Tcheck Ttotal Status Flags
r-devel-linux-x86_64-debian-clang 0.4-10 11.36 76.25 87.61 NOTE
r-devel-linux-x86_64-debian-gcc 0.4-10 11.59 76.37 87.96 NOTE
r-devel-linux-x86_64-fedora-clang 0.4-10 206.30 NOTE
r-devel-linux-x86_64-fedora-gcc 0.4-10 200.89 NOTE
r-devel-osx-x86_64-clang 0.4-10 152.31 NOTE
r-devel-windows-ix86+x86_64 0.4-10 36.00 150.00 186.00 NOTE
r-patched-linux-x86_64 0.4-10 11.93 80.50 92.43 OK
r-patched-solaris-sparc 0.4-10 1136.70 OK
r-patched-solaris-x86 0.4-10 261.40 OK
r-release-linux-ix86 0.4-10 14.90 96.29 111.20 OK
r-release-linux-x86_64 0.4-10 11.82 82.48 94.29 OK
r-release-osx-x86_64-mavericks 0.4-10 ERROR
r-release-osx-x86_64-snowleopard 0.4-10 OK
r-release-windows-ix86+x86_64 0.4-10 33.00 160.00 193.00 OK
r-oldrel-windows-ix86+x86_64 0.4-10 34.00 161.00 195.00 OK

Check Details

Version: 0.4-10
Check: R code for possible problems
Result: NOTE
    fit.NH: no visible global function definition for ‘kurtosis’
Flavors: r-devel-linux-x86_64-debian-clang, r-devel-linux-x86_64-debian-gcc, r-devel-linux-x86_64-fedora-clang, r-devel-linux-x86_64-fedora-gcc, r-devel-osx-x86_64-clang, r-devel-windows-ix86+x86_64

Version: 0.4-10
Check: package dependencies
Result: ERROR
    Package required but not available: ‘gsl’
    
    See the information on DESCRIPTION files in the chapter ‘Creating R
    packages’ of the ‘Writing R Extensions’ manual.
Flavor: r-release-osx-x86_64-mavericks