CRAN Package Check Results for Package QRM

Last updated on 2018-07-23 06:46:51 CEST.

Flavor Version Tinstall Tcheck Ttotal Status Flags
r-devel-linux-x86_64-debian-clang 0.4-13 22.22 106.62 128.84 NOTE
r-devel-linux-x86_64-debian-gcc 0.4-13 17.98 90.80 108.78 NOTE
r-devel-linux-x86_64-fedora-clang 0.4-13 169.00 NOTE
r-devel-linux-x86_64-fedora-gcc 0.4-13 162.70 NOTE
r-devel-windows-ix86+x86_64 0.4-13 55.00 229.00 284.00 OK
r-patched-linux-x86_64 0.4-13 NOTE
r-patched-solaris-x86 0.4-13 194.30 OK
r-release-linux-x86_64 0.4-13 20.85 100.15 121.00 NOTE
r-release-windows-ix86+x86_64 0.4-13 35.00 155.00 190.00 OK
r-release-osx-x86_64 0.4-13 OK
r-oldrel-windows-ix86+x86_64 0.4-13 35.00 185.00 220.00 OK
r-oldrel-osx-x86_64 0.4-13 OK

Check Details

Version: 0.4-13
Check: compiled code
Result: NOTE
    File ‘QRM/libs/QRM.so’:
     Found no calls to: ‘R_registerRoutines’, ‘R_useDynamicSymbols’
    
    It is good practice to register native routines and to disable symbol
    search.
    
    See ‘Writing portable packages’ in the ‘Writing R Extensions’ manual.
Flavors: r-devel-linux-x86_64-debian-clang, r-devel-linux-x86_64-debian-gcc, r-devel-linux-x86_64-fedora-clang, r-devel-linux-x86_64-fedora-gcc, r-patched-linux-x86_64, r-release-linux-x86_64