CRAN Package Check Results for Package QRM

Last updated on 2015-03-26 19:47:48.

Flavor Version Tinstall Tcheck Ttotal Status Flags
r-devel-linux-x86_64-debian-clang 0.4-10 10.76 64.84 75.60 NOTE
r-devel-linux-x86_64-debian-gcc 0.4-10 10.16 62.06 72.22 NOTE
r-devel-linux-x86_64-fedora-clang 0.4-10 153.12 NOTE
r-devel-linux-x86_64-fedora-gcc 0.4-10 137.91 NOTE
r-devel-osx-x86_64-clang 0.4-10 136.22 NOTE
r-prerel-windows-ix86+x86_64 0.4-10 37.00 144.00 181.00 NOTE
r-prerel-linux-x86_64 0.4-10 10.21 63.02 73.23 NOTE
r-prerel-solaris-sparc 0.4-10 921.10 NOTE
r-prerel-solaris-x86 0.4-10 182.20 NOTE
r-release-linux-x86_64 0.4-10 12.26 79.93 92.19 NOTE
r-release-osx-x86_64-mavericks 0.4-10 NOTE
r-release-osx-x86_64-snowleopard 0.4-10 OK
r-release-windows-ix86+x86_64 0.4-10 36.00 171.00 207.00 NOTE
r-oldrel-windows-ix86+x86_64 0.4-10 37.00 165.00 202.00 OK

Check Details

Version: 0.4-10
Check: R code for possible problems
Result: NOTE
    fit.NH: no visible global function definition for ‘kurtosis’
Flavors: r-devel-linux-x86_64-debian-clang, r-devel-linux-x86_64-debian-gcc, r-devel-linux-x86_64-fedora-clang, r-devel-linux-x86_64-fedora-gcc, r-devel-osx-x86_64-clang, r-prerel-windows-ix86+x86_64, r-prerel-linux-x86_64, r-prerel-solaris-sparc, r-prerel-solaris-x86, r-release-linux-x86_64, r-release-osx-x86_64-mavericks, r-release-windows-ix86+x86_64