CRAN Package Check Results for Package QRM

Last updated on 2017-04-27 23:50:09.

Flavor Version Tinstall Tcheck Ttotal Status Flags
r-devel-linux-x86_64-debian-clang 0.4-13 11.06 66.44 77.50 NOTE
r-devel-linux-x86_64-debian-gcc 0.4-13 10.74 64.62 75.36 NOTE
r-devel-linux-x86_64-fedora-clang 0.4-13 165.85 NOTE --no-stop-on-test-error
r-devel-linux-x86_64-fedora-gcc 0.4-13 157.49 NOTE --no-stop-on-test-error
r-devel-windows-ix86+x86_64 0.4-13 30.00 209.00 239.00 OK
r-patched-linux-x86_64 0.4-13 10.39 64.65 75.04 NOTE
r-patched-solaris-sparc 0.4-13 942.20 OK
r-patched-solaris-x86 0.4-13 196.60 OK
r-release-linux-x86_64 0.4-13 9.56 68.37 77.93 NOTE
r-release-windows-ix86+x86_64 0.4-13 36.00 172.00 208.00 OK
r-release-osx-x86_64 0.4-13 OK
r-oldrel-windows-ix86+x86_64 0.4-13 45.00 147.00 192.00 OK
r-oldrel-osx-x86_64 0.4-13 OK

Check Details

Version: 0.4-13
Check: compiled code
Result: NOTE
    File ‘QRM/libs/QRM.so’:
     Found no calls to: ‘R_registerRoutines’, ‘R_useDynamicSymbols’
    
    It is good practice to register native routines and to disable symbol
    search.
    
    See ‘Writing portable packages’ in the ‘Writing R Extensions’ manual.
Flavors: r-devel-linux-x86_64-debian-clang, r-devel-linux-x86_64-debian-gcc, r-patched-linux-x86_64, r-release-linux-x86_64

Version: 0.4-13
Flags: --no-stop-on-test-error
Check: compiled code
Result: NOTE
    File ‘QRM/libs/QRM.so’:
     Found no calls to: ‘R_registerRoutines’, ‘R_useDynamicSymbols’
    
    It is good practice to register native routines and to disable symbol
    search.
    
    See ‘Writing portable packages’ in the ‘Writing R Extensions’ manual.
Flavors: r-devel-linux-x86_64-fedora-clang, r-devel-linux-x86_64-fedora-gcc