CRAN Package Check Results for Package QRM

Last updated on 2015-04-19 17:48:45.

Flavor Version Tinstall Tcheck Ttotal Status Flags
r-devel-linux-x86_64-debian-clang 0.4-10 11.21 64.31 75.52 NOTE
r-devel-linux-x86_64-debian-gcc 0.4-10 10.17 62.85 73.02 NOTE
r-devel-linux-x86_64-fedora-clang 0.4-10 153.04 NOTE
r-devel-linux-x86_64-fedora-gcc 0.4-10 141.49 NOTE
r-devel-osx-x86_64-clang 0.4-10 135.57 NOTE
r-devel-windows-ix86+x86_64 0.4-10 40.00 186.00 226.00 NOTE
r-patched-linux-x86_64 0.4-10 10.28 63.73 74.02 NOTE
r-patched-solaris-sparc 0.4-10 921.10 NOTE
r-patched-solaris-x86 0.4-10 185.20 NOTE
r-release-linux-x86_64 0.4-10 10.18 62.66 72.84 NOTE
r-release-osx-x86_64-mavericks 0.4-10 NOTE
r-release-osx-x86_64-snowleopard 0.4-10 NOTE
r-release-windows-ix86+x86_64 0.4-10 28.00 142.00 170.00 NOTE
r-oldrel-windows-ix86+x86_64 0.4-10 44.00 230.00 274.00 NOTE

Check Details

Version: 0.4-10
Check: R code for possible problems
Result: NOTE
    fit.NH: no visible global function definition for ‘kurtosis’
Flavors: r-devel-linux-x86_64-debian-clang, r-devel-linux-x86_64-debian-gcc, r-devel-linux-x86_64-fedora-clang, r-devel-linux-x86_64-fedora-gcc, r-devel-osx-x86_64-clang, r-devel-windows-ix86+x86_64, r-patched-linux-x86_64, r-patched-solaris-sparc, r-patched-solaris-x86, r-release-linux-x86_64, r-release-osx-x86_64-mavericks, r-release-osx-x86_64-snowleopard, r-release-windows-ix86+x86_64, r-oldrel-windows-ix86+x86_64