CRAN Package Check Results for Package QRM

Last updated on 2014-08-20 23:46:45.

Flavor Version Tinstall Tcheck Ttotal Status Flags
r-devel-linux-x86_64-debian-clang 0.4-10 11.03 78.04 89.08 OK
r-devel-linux-x86_64-debian-gcc 0.4-10 12.71 76.31 89.02 OK
r-devel-linux-x86_64-fedora-clang 0.4-10 236.02 NOTE
r-devel-linux-x86_64-fedora-gcc 0.4-10 205.17 NOTE
r-devel-osx-x86_64-clang 0.4-10 157.59 NOTE
r-devel-windows-ix86+x86_64 0.4-10 34.00 169.00 203.00 OK
r-patched-linux-x86_64 0.4-10 12.95 78.52 91.47 OK
r-patched-solaris-sparc 0.4-10 1136.70 OK
r-patched-solaris-x86 0.4-10 248.80 OK
r-release-linux-ix86 0.4-10 15.09 94.86 109.95 OK
r-release-linux-x86_64 0.4-10 13.08 80.16 93.24 OK
r-release-osx-x86_64-mavericks 0.4-10 ERROR
r-release-osx-x86_64-snowleopard 0.4-10 OK
r-release-windows-ix86+x86_64 0.4-10 34.00 168.00 202.00 OK
r-oldrel-windows-ix86+x86_64 0.4-10 35.00 155.00 190.00 OK

Check Details

Version: 0.4-10
Check: R code for possible problems
Result: NOTE
    fit.NH: no visible global function definition for ‘kurtosis’
Flavors: r-devel-linux-x86_64-fedora-clang, r-devel-linux-x86_64-fedora-gcc, r-devel-osx-x86_64-clang

Version: 0.4-10
Check: package dependencies
Result: ERROR
    Package required but not available: ‘gsl’
    
    See the information on DESCRIPTION files in the chapter ‘Creating R
    packages’ of the ‘Writing R Extensions’ manual.
Flavor: r-release-osx-x86_64-mavericks