CRAN Package Check Results for Package QRM

Last updated on 2014-11-24 05:47:39.

Flavor Version Tinstall Tcheck Ttotal Status Flags
r-devel-linux-x86_64-debian-clang 0.4-10 12.02 78.17 90.19 NOTE
r-devel-linux-x86_64-debian-gcc 0.4-10 11.41 75.55 86.96 NOTE
r-devel-linux-x86_64-fedora-clang 0.4-10 208.81 NOTE
r-devel-linux-x86_64-fedora-gcc 0.4-10 190.92 NOTE
r-devel-osx-x86_64-clang 0.4-10 162.59 NOTE
r-devel-windows-ix86+x86_64 0.4-10 39.00 156.00 195.00 NOTE
r-patched-linux-x86_64 0.4-10 12.42 79.91 92.33 NOTE
r-patched-solaris-sparc 0.4-10 1145.60 NOTE
r-patched-solaris-x86 0.4-10 248.60 NOTE
r-release-linux-ix86 0.4-10 14.77 91.09 105.86 NOTE
r-release-linux-x86_64 0.4-10 11.84 79.05 90.89 NOTE
r-release-osx-x86_64-mavericks 0.4-10 ERROR
r-release-osx-x86_64-snowleopard 0.4-10 OK
r-release-windows-ix86+x86_64 0.4-10 37.00 170.00 207.00 NOTE
r-oldrel-windows-ix86+x86_64 0.4-10 32.00 163.00 195.00 OK

Check Details

Version: 0.4-10
Check: R code for possible problems
Result: NOTE
    fit.NH: no visible global function definition for ‘kurtosis’
Flavors: r-devel-linux-x86_64-debian-clang, r-devel-linux-x86_64-debian-gcc, r-devel-linux-x86_64-fedora-clang, r-devel-linux-x86_64-fedora-gcc, r-devel-osx-x86_64-clang, r-devel-windows-ix86+x86_64, r-patched-linux-x86_64, r-patched-solaris-sparc, r-patched-solaris-x86, r-release-linux-ix86, r-release-linux-x86_64, r-release-windows-ix86+x86_64

Version: 0.4-10
Check: package dependencies
Result: ERROR
    Package required but not available: ‘gsl’
    
    See the information on DESCRIPTION files in the chapter ‘Creating R
    packages’ of the ‘Writing R Extensions’ manual.
Flavor: r-release-osx-x86_64-mavericks