CRAN Package Check Results for Package QRM

Last updated on 2015-08-30 23:47:53.

Flavor Version Tinstall Tcheck Ttotal Status Flags
r-devel-linux-x86_64-debian-clang 0.4-10 10.26 61.59 71.85 NOTE
r-devel-linux-x86_64-debian-gcc 0.4-10 10.56 61.70 72.26 NOTE
r-devel-linux-x86_64-fedora-clang 0.4-10 139.84 NOTE
r-devel-linux-x86_64-fedora-gcc 0.4-10 138.40 NOTE
r-devel-osx-x86_64-clang 0.4-10 117.50 NOTE
r-devel-windows-ix86+x86_64 0.4-10 50.00 152.00 202.00 NOTE
r-patched-linux-x86_64 0.4-10 12.21 65.66 77.87 NOTE
r-patched-solaris-sparc 0.4-10 925.00 NOTE
r-patched-solaris-x86 0.4-10 193.10 NOTE
r-release-linux-x86_64 0.4-10 10.26 63.00 73.26 NOTE
r-release-osx-x86_64-mavericks 0.4-10 NOTE
r-release-windows-ix86+x86_64 0.4-10 45.00 162.00 207.00 NOTE
r-oldrel-windows-ix86+x86_64 0.4-10 51.00 199.00 250.00 NOTE

Check Details

Version: 0.4-10
Check: R code for possible problems
Result: NOTE
    BiDensPlot: no visible global function definition for ‘persp’
    BiDensPlot: no visible global function definition for ‘contour’
    EMupdate: no visible global function definition for ‘mahalanobis’
    ESnorm: no visible global function definition for ‘dnorm’
    ESnorm: no visible global function definition for ‘qnorm’
    ESst: no visible global function definition for ‘dt’
    ESst: no visible global function definition for ‘qt’
    GPD.predict: no visible global function definition for ‘predict’
    Kendall: no visible global function definition for ‘cor’
    MCECMupdate: no visible global function definition for ‘mahalanobis’
    MCECMupdate: no visible global function definition for ‘optim’
    MardiaTest: no visible global function definition for ‘var’
    MardiaTest: no visible global function definition for ‘mahalanobis’
    MardiaTest: no visible global function definition for ‘pchisq’
    MardiaTest: no visible global function definition for ‘pnorm’
    QQplot: no visible global function definition for ‘ppoints’
    QQplot: no visible binding for global variable ‘qnorm’
    QQplot: no visible binding for global variable ‘qexp’
    QQplot: no visible binding for global variable ‘qt’
    Spearman: no visible global function definition for ‘cor’
    cal.claytonmix: no visible global function definition for ‘uniroot’
    cal.probitnorm : rootfunc: no visible global function definition for
     ‘qnorm’
    cal.probitnorm: no visible global function definition for ‘uniroot’
    cal.probitnorm: no visible global function definition for ‘qnorm’
    dGPD: no visible global function definition for ‘dexp’
    dclaytonmix: no visible global function definition for ‘dgamma’
    dcopula.gauss: no visible binding for global variable ‘qnorm’
    dcopula.gauss: no visible binding for global variable ‘dnorm’
    dcopula.t: no visible binding for global variable ‘qt’
    dcopula.t: no visible binding for global variable ‘dt’
    dmghyp: no visible global function definition for ‘mahalanobis’
    dmnorm: no visible global function definition for ‘mahalanobis’
    dmt: no visible global function definition for ‘mahalanobis’
    dprobitnorm: no visible global function definition for ‘dnorm’
    dprobitnorm: no visible global function definition for ‘qnorm’
    dsmghyp: no visible global function definition for ‘mahalanobis’
    fit.AC: no visible global function definition for ‘nlminb’
    fit.GEV: no visible global function definition for ‘var’
    fit.GEV: no visible global function definition for ‘optim’
    fit.GPD: no visible global function definition for ‘optim’
    fit.GPD: no visible global function definition for ‘nlminb’
    fit.NH: no visible global function definition for ‘var’
    fit.NH: no visible global function definition for ‘kurtosis’
    fit.NH: no visible global function definition for ‘optim’
    fit.binomialBeta: no visible global function definition for ‘optim’
    fit.binomialLogitnorm : integrand: no visible global function
     definition for ‘qnorm’
    fit.binomialLogitnorm : integrand2: no visible global function
     definition for ‘qnorm’
    fit.binomialLogitnorm : negloglik: no visible global function
     definition for ‘integrate’
    fit.binomialLogitnorm: no visible global function definition for
     ‘nlminb’
    fit.binomialLogitnorm: no visible global function definition for
     ‘integrate’
    fit.binomialProbitnorm: no visible binding for global variable ‘pnorm’
    fit.binomialProbitnorm : integrand: no visible global function
     definition for ‘qnorm’
    fit.binomialProbitnorm : integrand2: no visible global function
     definition for ‘qnorm’
    fit.binomialProbitnorm : negloglik: no visible global function
     definition for ‘integrate’
    fit.binomialProbitnorm: no visible global function definition for
     ‘nlminb’
    fit.binomialProbitnorm: no visible global function definition for
     ‘integrate’
    fit.gausscopula: no visible global function definition for ‘nlminb’
    fit.mNH: no visible global function definition for ‘var’
    fit.mst: no visible global function definition for ‘var’
    fit.norm: no visible global function definition for ‘var’
    fit.seMPP: no visible global function definition for ‘nlminb’
    fit.sePP: no visible global function definition for ‘nlminb’
    fit.st : negloglik: no visible global function definition for ‘dt’
    fit.st: no visible global function definition for ‘optim’
    fit.tcopula: no visible global function definition for ‘nlminb’
    gamGPDboot: no visible global function definition for ‘txtProgressBar’
    gamGPDboot: no visible global function definition for
     ‘setTxtProgressBar’
    gamGPDboot : <anonymous>: no visible global function definition for
     ‘ave’
    gamGPDboot : <anonymous>: no visible global function definition for
     ‘setTxtProgressBar’
    gamGPDfit: no visible binding for global variable ‘fitted’
    gamGPDfitUp: no visible global function definition for ‘is’
    gamGPDfitUp: no visible global function definition for ‘fitted’
    get.GPD.fit: no visible global function definition for ‘as.formula’
    get.lambda.fit: no visible global function definition for ‘as.formula’
    hillPlot: no visible global function definition for ‘qnorm’
    hillPlot: no visible global function definition for ‘axis’
    hillPlot: no visible global function definition for ‘box’
    hillPlot: no visible global function definition for ‘title’
    hillPlot: no visible global function definition for ‘mtext’
    jointnormalTest: no visible global function definition for ‘var’
    jointnormalTest: no visible global function definition for
     ‘mahalanobis’
    jointnormalTest: no visible global function definition for ‘qchisq’
    jointnormalTest: no visible global function definition for ‘ppoints’
    jointnormalTest: no visible global function definition for ‘abline’
    jointnormalTest: no visible global function definition for ‘ks.test’
    jointnormalTest: no visible global function definition for ‘qbeta’
    lambda.predict: no visible global function definition for ‘predict’
    lambda.predict: no visible global function definition for ‘qnorm’
    pGPD: no visible global function definition for ‘pexp’
    pclaytonmix: no visible global function definition for ‘pgamma’
    plot.PP: no visible global function definition for ‘stepfun’
    plot.PP: no visible global function definition for ‘plot.stepfun’
    plot.sePP: no visible global function definition for ‘abline’
    plotTail: no visible global function definition for ‘ppoints’
    pprobitnorm: no visible global function definition for ‘pnorm’
    pprobitnorm: no visible global function definition for ‘qnorm’
    qGPD: no visible global function definition for ‘qexp’
    qst: no visible global function definition for ‘qt’
    rAC: no visible global function definition for ‘runif’
    rAC: no visible global function definition for ‘rgamma’
    rBB9Mix: no visible global function definition for ‘runif’
    rGEV: no visible global function definition for ‘runif’
    rGIG: no visible global function definition for ‘rgamma’
    rGIG: no visible global function definition for ‘optim’
    rGIG: no visible global function definition for ‘abline’
    rGPD: no visible global function definition for ‘runif’
    rGumbel: no visible global function definition for ‘runif’
    rbinomial.mixture: no visible global function definition for ‘rbinom’
    rclaytonmix: no visible global function definition for ‘rgamma’
    rcopula.GumbelNested: no visible global function definition for ‘runif’
    rcopula.gauss: no visible global function definition for ‘pnorm’
    rcopula.t: no visible global function definition for ‘pt’
    rghyp: no visible global function definition for ‘rnorm’
    rlogitnorm: no visible global function definition for ‘rnorm’
    rmnorm: no visible global function definition for ‘rnorm’
    rmt: no visible global function definition for ‘rgamma’
    rprobitnorm: no visible global function definition for ‘pnorm’
    rprobitnorm: no visible global function definition for ‘rnorm’
    rstable: no visible global function definition for ‘runif’
    rtcopulamix: no visible global function definition for ‘rchisq’
    rtcopulamix: no visible global function definition for ‘rnorm’
    rtcopulamix: no visible global function definition for ‘pnorm’
    rtcopulamix: no visible global function definition for ‘qt’
    showRM: no visible global function definition for ‘ppoints’
    showRM : <anonymous>: no visible global function definition for ‘optim’
    showRM: no visible global function definition for ‘qchisq’
    showRM: no visible global function definition for ‘spline’
    showRM: no visible global function definition for ‘par’
    showRM: no visible global function definition for ‘abline’
    showRM: no visible global function definition for ‘axis’
    showRM: no visible global function definition for ‘mtext’
    showRM: no visible global function definition for ‘legend’
    xiplot: no visible global function definition for ‘qnorm’
    xiplot: no visible global function definition for ‘axis’
    xiplot: no visible global function definition for ‘box’
    xiplot: no visible global function definition for ‘title’
    xiplot: no visible global function definition for ‘mtext’
    Undefined global functions or variables:
     abline as.formula ave axis box contour cor dexp dgamma dnorm dt
     fitted integrate is ks.test kurtosis legend mahalanobis mtext nlminb
     optim par pchisq persp pexp pgamma plot.stepfun pnorm ppoints predict
     pt qbeta qchisq qexp qnorm qt rbinom rchisq rgamma rnorm runif
     setTxtProgressBar spline stepfun title txtProgressBar uniroot var
    Consider adding
     importFrom("graphics", "abline", "axis", "box", "contour", "legend",
     "mtext", "par", "persp", "title")
     importFrom("methods", "is")
     importFrom("stats", "as.formula", "ave", "cor", "dexp", "dgamma",
     "dnorm", "dt", "fitted", "integrate", "ks.test",
     "mahalanobis", "nlminb", "optim", "pchisq", "pexp",
     "pgamma", "plot.stepfun", "pnorm", "ppoints", "predict",
     "pt", "qbeta", "qchisq", "qexp", "qnorm", "qt", "rbinom",
     "rchisq", "rgamma", "rnorm", "runif", "spline", "stepfun",
     "uniroot", "var")
     importFrom("utils", "setTxtProgressBar", "txtProgressBar")
    to your NAMESPACE (and ensure that your DESCRIPTION Imports field
    contains 'methods').
Flavors: r-devel-linux-x86_64-debian-clang, r-devel-linux-x86_64-debian-gcc, r-devel-linux-x86_64-fedora-clang, r-devel-linux-x86_64-fedora-gcc, r-devel-windows-ix86+x86_64

Version: 0.4-10
Check: R code for possible problems
Result: NOTE
    fit.NH: no visible global function definition for ‘kurtosis’
    Undefined global functions or variables:
     kurtosis
Flavor: r-devel-osx-x86_64-clang

Version: 0.4-10
Check: R code for possible problems
Result: NOTE
    fit.NH: no visible global function definition for ‘kurtosis’
Flavors: r-patched-linux-x86_64, r-patched-solaris-sparc, r-patched-solaris-x86, r-release-linux-x86_64, r-release-osx-x86_64-mavericks, r-release-windows-ix86+x86_64, r-oldrel-windows-ix86+x86_64