CRAN Package Check Results for Package QRM

Last updated on 2017-10-17 19:48:06.

Flavor Version Tinstall Tcheck Ttotal Status Flags
r-devel-linux-x86_64-debian-clang 0.4-13 11.74 65.92 77.66 NOTE
r-devel-linux-x86_64-debian-gcc 0.4-13 12.32 69.02 81.33 NOTE
r-devel-linux-x86_64-fedora-clang 0.4-13 167.32 NOTE
r-devel-linux-x86_64-fedora-gcc 0.4-13 160.92 NOTE
r-devel-windows-ix86+x86_64 0.4-13 35.00 152.00 187.00 OK
r-patched-linux-x86_64 0.4-13 11.45 66.26 77.71 NOTE
r-patched-solaris-x86 0.4-13 204.90 OK
r-release-linux-x86_64 0.4-13 11.40 65.05 76.45 NOTE
r-release-windows-ix86+x86_64 0.4-13 50.00 183.00 233.00 OK
r-release-osx-x86_64 0.4-13 OK
r-oldrel-windows-ix86+x86_64 0.4-13 43.00 199.00 242.00 OK
r-oldrel-osx-x86_64 0.4-13 OK

Check Details

Version: 0.4-13
Check: compiled code
Result: NOTE
    File ‘QRM/libs/QRM.so’:
     Found no calls to: ‘R_registerRoutines’, ‘R_useDynamicSymbols’
    
    It is good practice to register native routines and to disable symbol
    search.
    
    See ‘Writing portable packages’ in the ‘Writing R Extensions’ manual.
Flavors: r-devel-linux-x86_64-debian-clang, r-devel-linux-x86_64-debian-gcc, r-devel-linux-x86_64-fedora-clang, r-devel-linux-x86_64-fedora-gcc, r-patched-linux-x86_64, r-release-linux-x86_64