CRAN Package Check Results for Package QRM

Last updated on 2014-04-24 07:52:34.

Flavor Version Tinstall Tcheck Ttotal Status Flags
r-devel-linux-x86_64-debian-clang 0.4-9 7.20 79.40 86.60 OK
r-devel-linux-x86_64-debian-gcc 0.4-9 6.89 79.44 86.33 OK
r-devel-linux-x86_64-fedora-clang 0.4-9 194.77 OK
r-devel-linux-x86_64-fedora-gcc 0.4-9 188.50 OK
r-devel-osx-x86_64-clang 0.4-9 153.40 OK
r-devel-osx-x86_64-gcc 0.4-9 OK
r-devel-windows-ix86+x86_64 0.4-9 18.00 150.00 168.00 OK
r-patched-linux-x86_64 0.4-9 6.84 78.57 85.41 OK
r-patched-solaris-sparc 0.4-9 1062.50 OK
r-patched-solaris-x86 0.4-9 231.40 OK
r-release-linux-ix86 0.4-9 10.00 118.00 128.00 OK
r-release-linux-x86_64 0.4-9 6.85 79.30 86.15 OK
r-release-osx-x86_64-mavericks 0.4-9 ERROR
r-release-osx-x86_64-snowleopard 0.4-9 OK
r-release-windows-ix86+x86_64 0.4-9 19.00 151.00 170.00 OK
r-oldrel-windows-ix86+x86_64 0.4-9 19.00 153.00 172.00 OK

Memtest notes: valgrind

Check Details

Version: 0.4-9
Check: package dependencies
Result: ERROR
    Package required but not available: ‘gsl’
    
    See the information on DESCRIPTION files in the chapter ‘Creating R
    packages’ of the ‘Writing R Extensions’ manual.
Flavor: r-release-osx-x86_64-mavericks