CRAN Package Check Results for Package QRM

Last updated on 2014-10-31 23:47:36.

Flavor Version Tinstall Tcheck Ttotal Status Flags
r-devel-linux-x86_64-debian-clang 0.4-10 11.23 77.12 88.35 NOTE
r-devel-linux-x86_64-debian-gcc 0.4-10 11.45 78.67 90.12 NOTE
r-devel-linux-x86_64-fedora-clang 0.4-10 207.46 NOTE
r-devel-linux-x86_64-fedora-gcc 0.4-10 190.41 NOTE
r-devel-osx-x86_64-clang 0.4-10 160.45 NOTE
r-devel-windows-ix86+x86_64 0.4-10 34.00 159.00 193.00 NOTE
r-patched-linux-x86_64 0.4-10 11.77 83.94 95.71 NOTE
r-patched-solaris-sparc 0.4-10 1145.60 NOTE
r-patched-solaris-x86 0.4-10 252.30 NOTE
r-release-linux-ix86 0.4-10 15.27 96.30 111.56 OK
r-release-linux-x86_64 0.4-10 11.98 80.07 92.04 OK
r-release-osx-x86_64-mavericks 0.4-10 ERROR
r-release-osx-x86_64-snowleopard 0.4-10 OK
r-release-windows-ix86+x86_64 0.4-10 35.00 164.00 199.00 OK
r-oldrel-windows-ix86+x86_64 0.4-10 37.00 161.00 198.00 OK

Check Details

Version: 0.4-10
Check: R code for possible problems
Result: NOTE
    fit.NH: no visible global function definition for ‘kurtosis’
Flavors: r-devel-linux-x86_64-debian-clang, r-devel-linux-x86_64-debian-gcc, r-devel-linux-x86_64-fedora-clang, r-devel-linux-x86_64-fedora-gcc, r-devel-osx-x86_64-clang, r-devel-windows-ix86+x86_64, r-patched-linux-x86_64, r-patched-solaris-sparc, r-patched-solaris-x86

Version: 0.4-10
Check: package dependencies
Result: ERROR
    Package required but not available: ‘gsl’
    
    See the information on DESCRIPTION files in the chapter ‘Creating R
    packages’ of the ‘Writing R Extensions’ manual.
Flavor: r-release-osx-x86_64-mavericks