CRAN Package Check Results for Package QRM

Last updated on 2017-02-27 23:03:48.

Flavor Version Tinstall Tcheck Ttotal Status Flags
r-devel-linux-x86_64-debian-clang 0.4-13 10.84 64.33 75.17 NOTE
r-devel-linux-x86_64-debian-gcc 0.4-13 10.86 69.98 80.84 NOTE
r-devel-linux-x86_64-fedora-clang 0.4-13 163.77 NOTE --no-stop-on-test-error
r-devel-linux-x86_64-fedora-gcc 0.4-13 155.89 NOTE --no-stop-on-test-error
r-devel-macos-x86_64-clang 0.4-13 120.00 NOTE --no-stop-on-test-error
r-devel-windows-ix86+x86_64 0.4-13 31.00 204.00 235.00 OK
r-patched-linux-x86_64 0.4-13 9.39 59.90 69.28 OK
r-patched-solaris-sparc 0.4-13 875.60 OK
r-patched-solaris-x86 0.4-13 161.40 OK
r-release-linux-x86_64 0.4-13 9.39 61.02 70.41 OK
r-release-osx-x86_64-mavericks 0.4-13 OK
r-release-windows-ix86+x86_64 0.4-13 47.00 199.00 246.00 OK
r-oldrel-windows-ix86+x86_64 0.4-13 35.00 209.00 244.00 OK

Check Details

Version: 0.4-13
Check: compiled code
Result: NOTE
    File ‘QRM/libs/QRM.so’:
     Found no calls to: ‘R_registerRoutines’, ‘R_useDynamicSymbols’
    
    It is good practice to register native routines and to disable symbol
    search.
    
    See ‘Writing portable packages’ in the ‘Writing R Extensions’ manual.
Flavors: r-devel-linux-x86_64-debian-clang, r-devel-linux-x86_64-debian-gcc

Version: 0.4-13
Flags: --no-stop-on-test-error
Check: compiled code
Result: NOTE
    File ‘QRM/libs/QRM.so’:
     Found no calls to: ‘R_registerRoutines’, ‘R_useDynamicSymbols’
    
    It is good practice to register native routines and to disable symbol
    search.
    
    See ‘Writing portable packages’ in the ‘Writing R Extensions’ manual.
Flavors: r-devel-linux-x86_64-fedora-clang, r-devel-linux-x86_64-fedora-gcc, r-devel-macos-x86_64-clang