CRAN Package Check Results for Package QSARdata

Last updated on 2022-10-02 20:52:52 CEST.

Flavor Version Tinstall Tcheck Ttotal Status Flags
r-devel-linux-x86_64-debian-clang 1.3 2.11 32.65 34.76 NOTE
r-devel-linux-x86_64-debian-gcc 1.3 1.83 25.99 27.82 NOTE
r-devel-linux-x86_64-fedora-clang 1.3 54.61 NOTE
r-devel-linux-x86_64-fedora-gcc 1.3 52.02 NOTE
r-devel-windows-x86_64 1.3 11.00 64.00 75.00 NOTE
r-patched-linux-x86_64 1.3 3.01 31.96 34.97 NOTE
r-release-linux-x86_64 1.3 2.85 31.20 34.05 NOTE
r-release-macos-arm64 1.3 20.00 NOTE
r-release-macos-x86_64 1.3 28.00 NOTE
r-release-windows-x86_64 1.3 6.00 57.00 63.00 NOTE
r-oldrel-macos-arm64 1.3 22.00 NOTE
r-oldrel-macos-x86_64 1.3 35.00 NOTE
r-oldrel-windows-ix86+x86_64 1.3 6.00 46.00 52.00 NOTE

Check Details

Version: 1.3
Check: DESCRIPTION meta-information
Result: NOTE
    Malformed Description field: should contain one or more complete sentences.
Flavors: r-devel-linux-x86_64-debian-clang, r-devel-linux-x86_64-debian-gcc, r-devel-linux-x86_64-fedora-clang, r-devel-linux-x86_64-fedora-gcc, r-devel-windows-x86_64, r-patched-linux-x86_64, r-release-linux-x86_64, r-release-macos-arm64, r-release-macos-x86_64, r-release-windows-x86_64, r-oldrel-macos-arm64, r-oldrel-macos-x86_64, r-oldrel-windows-ix86+x86_64

Version: 1.3
Check: installed package size
Result: NOTE
     installed size is 12.7Mb
     sub-directories of 1Mb or more:
     data 12.5Mb
Flavors: r-devel-linux-x86_64-fedora-clang, r-devel-windows-x86_64, r-release-macos-arm64, r-release-macos-x86_64, r-release-windows-x86_64, r-oldrel-macos-arm64, r-oldrel-macos-x86_64, r-oldrel-windows-ix86+x86_64