CRAN Package Check Results for Package QSARdata

Last updated on 2018-07-23 18:48:42 CEST.

Flavor Version Tinstall Tcheck Ttotal Status Flags
r-devel-linux-x86_64-debian-clang 1.3 1.17 20.03 21.20 NOTE
r-devel-linux-x86_64-debian-gcc 1.3 1.16 18.27 19.43 NOTE
r-devel-linux-x86_64-fedora-clang 1.3 27.24 NOTE
r-devel-linux-x86_64-fedora-gcc 1.3 25.97 NOTE
r-devel-windows-ix86+x86_64 1.3 5.00 43.00 48.00 NOTE
r-patched-linux-x86_64 1.3 1.32 21.46 22.78 NOTE
r-patched-solaris-x86 1.3 45.30 NOTE
r-release-linux-x86_64 1.3 1.64 21.56 23.20 NOTE
r-release-windows-ix86+x86_64 1.3 5.00 33.00 38.00 NOTE
r-release-osx-x86_64 1.3 NOTE
r-oldrel-windows-ix86+x86_64 1.3 5.00 31.00 36.00 NOTE
r-oldrel-osx-x86_64 1.3 NOTE

Check Details

Version: 1.3
Check: DESCRIPTION meta-information
Result: NOTE
    Malformed Description field: should contain one or more complete sentences.
Flavors: r-devel-linux-x86_64-debian-clang, r-devel-linux-x86_64-debian-gcc, r-devel-linux-x86_64-fedora-clang, r-devel-linux-x86_64-fedora-gcc, r-devel-windows-ix86+x86_64, r-patched-linux-x86_64, r-patched-solaris-x86, r-release-linux-x86_64, r-release-windows-ix86+x86_64, r-release-osx-x86_64, r-oldrel-windows-ix86+x86_64, r-oldrel-osx-x86_64

Version: 1.3
Check: installed package size
Result: NOTE
     installed size is 12.7Mb
     sub-directories of 1Mb or more:
     data 12.5Mb
Flavors: r-devel-linux-x86_64-fedora-clang, r-devel-windows-ix86+x86_64, r-patched-solaris-x86, r-release-windows-ix86+x86_64, r-release-osx-x86_64, r-oldrel-windows-ix86+x86_64, r-oldrel-osx-x86_64