Last updated on 2023-10-01 10:57:56 CEST.
Flavor | Version | Tinstall | Tcheck | Ttotal | Status | Flags |
---|---|---|---|---|---|---|
r-devel-linux-x86_64-debian-clang | 1.3 | 2.62 | 31.78 | 34.40 | NOTE | |
r-devel-linux-x86_64-debian-gcc | 1.3 | 2.25 | 25.43 | 27.68 | NOTE | |
r-devel-linux-x86_64-fedora-clang | 1.3 | 42.04 | NOTE | |||
r-devel-linux-x86_64-fedora-gcc | 1.3 | 43.44 | NOTE | |||
r-devel-windows-x86_64 | 1.3 | 3.00 | 51.00 | 54.00 | NOTE | |
r-patched-linux-x86_64 | 1.3 | 2.81 | 31.91 | 34.72 | NOTE | |
r-release-linux-x86_64 | 1.3 | 2.68 | 31.82 | 34.50 | NOTE | |
r-release-macos-arm64 | 1.3 | 21.00 | NOTE | |||
r-release-macos-x86_64 | 1.3 | 28.00 | NOTE | |||
r-release-windows-x86_64 | 1.3 | 3.00 | 58.00 | 61.00 | NOTE | |
r-oldrel-macos-arm64 | 1.3 | 20.00 | NOTE | |||
r-oldrel-macos-x86_64 | 1.3 | 28.00 | NOTE | |||
r-oldrel-windows-x86_64 | 1.3 | 6.00 | 57.00 | 63.00 | NOTE |
Version: 1.3
Check: DESCRIPTION meta-information
Result: NOTE
Malformed Description field: should contain one or more complete sentences.
Flavors: r-devel-linux-x86_64-debian-clang, r-devel-linux-x86_64-debian-gcc, r-devel-linux-x86_64-fedora-clang, r-devel-linux-x86_64-fedora-gcc, r-devel-windows-x86_64, r-patched-linux-x86_64, r-release-linux-x86_64, r-release-macos-arm64, r-release-macos-x86_64, r-release-windows-x86_64, r-oldrel-macos-arm64, r-oldrel-macos-x86_64, r-oldrel-windows-x86_64
Version: 1.3
Check: installed package size
Result: NOTE
installed size is 12.7Mb
sub-directories of 1Mb or more:
data 12.6Mb
Flavors: r-devel-linux-x86_64-fedora-clang, r-devel-windows-x86_64, r-release-macos-arm64, r-release-macos-x86_64, r-release-windows-x86_64, r-oldrel-macos-arm64, r-oldrel-macos-x86_64, r-oldrel-windows-x86_64