CRAN Package Check Results for Package QSARdata

Last updated on 2025-01-22 08:49:24 CET.

Flavor Version Tinstall Tcheck Ttotal Status Flags
r-devel-linux-x86_64-debian-clang 1.3 2.44 26.42 28.86 NOTE
r-devel-linux-x86_64-debian-gcc 1.3 1.86 21.24 23.10 NOTE
r-devel-linux-x86_64-fedora-clang 1.3 43.56 NOTE
r-devel-linux-x86_64-fedora-gcc 1.3 41.79 NOTE
r-devel-windows-x86_64 1.3 4.00 50.00 54.00 NOTE
r-patched-linux-x86_64 1.3 2.46 25.99 28.45 NOTE
r-release-linux-x86_64 1.3 2.27 25.79 28.06 NOTE
r-release-macos-arm64 1.3 20.00 NOTE
r-release-macos-x86_64 1.3 28.00 NOTE
r-release-windows-x86_64 1.3 3.00 49.00 52.00 NOTE
r-oldrel-macos-arm64 1.3 21.00 NOTE
r-oldrel-macos-x86_64 1.3 28.00 NOTE
r-oldrel-windows-x86_64 1.3 3.00 50.00 53.00 NOTE

Check Details

Version: 1.3
Check: DESCRIPTION meta-information
Result: NOTE Malformed Description field: should contain one or more complete sentences. Flavors: r-devel-linux-x86_64-debian-clang, r-devel-linux-x86_64-debian-gcc, r-devel-linux-x86_64-fedora-clang, r-devel-linux-x86_64-fedora-gcc, r-devel-windows-x86_64, r-patched-linux-x86_64, r-release-linux-x86_64, r-release-macos-arm64, r-release-macos-x86_64, r-release-windows-x86_64, r-oldrel-macos-arm64, r-oldrel-macos-x86_64, r-oldrel-windows-x86_64

Version: 1.3
Check: installed package size
Result: NOTE installed size is 12.6Mb sub-directories of 1Mb or more: data 12.5Mb Flavors: r-release-macos-arm64, r-release-macos-x86_64, r-release-windows-x86_64, r-oldrel-macos-arm64, r-oldrel-macos-x86_64, r-oldrel-windows-x86_64