CRAN Package Check Results for Package QSARdata

Last updated on 2018-09-19 07:48:39 CEST.

Flavor Version Tinstall Tcheck Ttotal Status Flags
r-devel-linux-x86_64-debian-clang 1.3 1.63 22.93 24.56 NOTE
r-devel-linux-x86_64-debian-gcc 1.3 1.25 18.51 19.76 NOTE
r-devel-linux-x86_64-fedora-clang 1.3 28.85 NOTE
r-devel-linux-x86_64-fedora-gcc 1.3 27.04 NOTE
r-devel-windows-ix86+x86_64 1.3 3.00 33.00 36.00 NOTE
r-patched-linux-x86_64 1.3 1.56 21.49 23.05 NOTE
r-patched-solaris-x86 1.3 44.80 NOTE
r-release-linux-x86_64 1.3 1.43 21.70 23.13 NOTE
r-release-windows-ix86+x86_64 1.3 5.00 33.00 38.00 NOTE
r-release-osx-x86_64 1.3 NOTE
r-oldrel-windows-ix86+x86_64 1.3 5.00 31.00 36.00 NOTE
r-oldrel-osx-x86_64 1.3 NOTE

Check Details

Version: 1.3
Check: DESCRIPTION meta-information
Result: NOTE
    Malformed Description field: should contain one or more complete sentences.
Flavors: r-devel-linux-x86_64-debian-clang, r-devel-linux-x86_64-debian-gcc, r-devel-linux-x86_64-fedora-clang, r-devel-linux-x86_64-fedora-gcc, r-devel-windows-ix86+x86_64, r-patched-linux-x86_64, r-patched-solaris-x86, r-release-linux-x86_64, r-release-windows-ix86+x86_64, r-release-osx-x86_64, r-oldrel-windows-ix86+x86_64, r-oldrel-osx-x86_64

Version: 1.3
Check: installed package size
Result: NOTE
     installed size is 12.7Mb
     sub-directories of 1Mb or more:
     data 12.5Mb
Flavors: r-devel-linux-x86_64-fedora-clang, r-devel-windows-ix86+x86_64, r-patched-solaris-x86, r-release-windows-ix86+x86_64, r-release-osx-x86_64, r-oldrel-windows-ix86+x86_64, r-oldrel-osx-x86_64