CRAN Package Check Results for Package QSARdata

Last updated on 2020-09-23 15:28:11 CEST.

Flavor Version Tinstall Tcheck Ttotal Status Flags
r-devel-linux-x86_64-debian-clang 1.3 2.32 29.19 31.51 NOTE
r-devel-linux-x86_64-debian-gcc 1.3 2.27 23.48 25.75 NOTE
r-devel-linux-x86_64-fedora-clang 1.3 46.94 NOTE
r-devel-linux-x86_64-fedora-gcc 1.3 37.28 NOTE
r-devel-windows-ix86+x86_64 1.3 5.00 44.00 49.00 NOTE
r-patched-linux-x86_64 1.3 2.67 28.26 30.93 NOTE
r-patched-solaris-x86 1.3 63.00 NOTE
r-release-linux-x86_64 1.3 2.92 28.29 31.21 NOTE
r-release-macos-x86_64 1.3 NOTE
r-release-windows-ix86+x86_64 1.3 5.00 40.00 45.00 NOTE
r-oldrel-macos-x86_64 1.3 NOTE
r-oldrel-windows-ix86+x86_64 1.3 5.00 49.00 54.00 NOTE

Check Details

Version: 1.3
Check: DESCRIPTION meta-information
Result: NOTE
    Malformed Description field: should contain one or more complete sentences.
Flavors: r-devel-linux-x86_64-debian-clang, r-devel-linux-x86_64-debian-gcc, r-devel-linux-x86_64-fedora-clang, r-devel-linux-x86_64-fedora-gcc, r-devel-windows-ix86+x86_64, r-patched-linux-x86_64, r-patched-solaris-x86, r-release-linux-x86_64, r-release-macos-x86_64, r-release-windows-ix86+x86_64, r-oldrel-macos-x86_64, r-oldrel-windows-ix86+x86_64

Version: 1.3
Check: installed package size
Result: NOTE
     installed size is 12.7Mb
     sub-directories of 1Mb or more:
     data 12.5Mb
Flavors: r-devel-linux-x86_64-fedora-clang, r-devel-windows-ix86+x86_64, r-patched-solaris-x86, r-release-macos-x86_64, r-release-windows-ix86+x86_64, r-oldrel-macos-x86_64, r-oldrel-windows-ix86+x86_64