CRAN Package Check Results for Package QTLRel

Last updated on 2017-05-24 05:50:18.

Flavor Version Tinstall Tcheck Ttotal Status Flags
r-devel-linux-x86_64-debian-clang 0.2-15 2.97 31.67 34.64 NOTE
r-devel-linux-x86_64-debian-gcc 0.2-15 3.12 31.66 34.78 NOTE
r-devel-linux-x86_64-fedora-clang 0.2-15 60.22 NOTE --no-stop-on-test-error
r-devel-linux-x86_64-fedora-gcc 0.2-15 56.52 NOTE --no-stop-on-test-error
r-devel-windows-ix86+x86_64 0.2-15 15.00 66.00 81.00 OK
r-patched-linux-x86_64 0.2-15 2.89 31.47 34.36 NOTE
r-patched-solaris-sparc 0.2-15 344.50 OK
r-patched-solaris-x86 0.2-15 71.50 OK
r-release-linux-x86_64 0.2-15 2.90 32.30 35.20 NOTE
r-release-windows-ix86+x86_64 0.2-15 16.00 84.00 100.00 OK
r-release-osx-x86_64 0.2-15 OK
r-oldrel-windows-ix86+x86_64 0.2-15 19.00 79.00 98.00 OK
r-oldrel-osx-x86_64 0.2-15 OK

Check Details

Version: 0.2-15
Check: compiled code
Result: NOTE
    File ‘QTLRel/libs/QTLRel.so’:
     Found no calls to: ‘R_registerRoutines’, ‘R_useDynamicSymbols’
    
    It is good practice to register native routines and to disable symbol
    search.
    
    See ‘Writing portable packages’ in the ‘Writing R Extensions’ manual.
Flavors: r-devel-linux-x86_64-debian-clang, r-devel-linux-x86_64-debian-gcc, r-patched-linux-x86_64, r-release-linux-x86_64

Version: 0.2-15
Flags: --no-stop-on-test-error
Check: compiled code
Result: NOTE
    File ‘QTLRel/libs/QTLRel.so’:
     Found no calls to: ‘R_registerRoutines’, ‘R_useDynamicSymbols’
    
    It is good practice to register native routines and to disable symbol
    search.
    
    See ‘Writing portable packages’ in the ‘Writing R Extensions’ manual.
Flavors: r-devel-linux-x86_64-fedora-clang, r-devel-linux-x86_64-fedora-gcc