CRAN Package Check Results for Package QTLRel

Last updated on 2017-03-29 20:49:45.

Flavor Version Tinstall Tcheck Ttotal Status Flags
r-devel-linux-x86_64-debian-clang 0.2-15 3.00 31.16 34.16 NOTE
r-devel-linux-x86_64-debian-gcc 0.2-15 3.09 30.95 34.04 NOTE
r-devel-linux-x86_64-fedora-clang 0.2-15 59.53 NOTE --no-stop-on-test-error
r-devel-linux-x86_64-fedora-gcc 0.2-15 57.64 NOTE --no-stop-on-test-error
r-devel-macos-x86_64-clang 0.2-15 46.28 NOTE --no-stop-on-test-error
r-devel-windows-ix86+x86_64 0.2-15 13.00 60.00 73.00 OK
r-patched-linux-x86_64 0.2-15 3.00 31.77 34.77 NOTE
r-patched-solaris-sparc 0.2-15 344.50 OK
r-patched-solaris-x86 0.2-15 71.20 OK
r-release-linux-x86_64 0.2-15 2.58 29.74 32.32 OK
r-release-osx-x86_64-mavericks 0.2-15 OK
r-release-windows-ix86+x86_64 0.2-15 26.00 115.00 141.00 OK
r-oldrel-windows-ix86+x86_64 0.2-15 32.00 64.00 96.00 OK

Check Details

Version: 0.2-15
Check: compiled code
Result: NOTE
    File ‘QTLRel/libs/QTLRel.so’:
     Found no calls to: ‘R_registerRoutines’, ‘R_useDynamicSymbols’
    
    It is good practice to register native routines and to disable symbol
    search.
    
    See ‘Writing portable packages’ in the ‘Writing R Extensions’ manual.
Flavors: r-devel-linux-x86_64-debian-clang, r-devel-linux-x86_64-debian-gcc, r-patched-linux-x86_64

Version: 0.2-15
Flags: --no-stop-on-test-error
Check: compiled code
Result: NOTE
    File ‘QTLRel/libs/QTLRel.so’:
     Found no calls to: ‘R_registerRoutines’, ‘R_useDynamicSymbols’
    
    It is good practice to register native routines and to disable symbol
    search.
    
    See ‘Writing portable packages’ in the ‘Writing R Extensions’ manual.
Flavors: r-devel-linux-x86_64-fedora-clang, r-devel-linux-x86_64-fedora-gcc, r-devel-macos-x86_64-clang