CRAN Package Check Results for Package QTLRel

Last updated on 2017-02-23 05:49:19.

Flavor Version Tinstall Tcheck Ttotal Status Flags
r-devel-linux-x86_64-debian-clang 0.2-15 3.08 31.85 34.93 NOTE
r-devel-linux-x86_64-debian-gcc 0.2-15 3.06 32.18 35.24 NOTE
r-devel-linux-x86_64-fedora-clang 0.2-15 58.38 NOTE --no-stop-on-test-error
r-devel-linux-x86_64-fedora-gcc 0.2-15 56.61 NOTE --no-stop-on-test-error
r-devel-macos-x86_64-clang 0.2-15 47.13 NOTE --no-stop-on-test-error
r-devel-windows-ix86+x86_64 0.2-15 23.00 126.00 149.00 OK
r-patched-linux-x86_64 0.2-15 2.82 28.69 31.51 OK
r-patched-solaris-sparc 0.2-15 332.60 OK
r-patched-solaris-x86 0.2-15 64.40 OK
r-release-linux-x86_64 0.2-15 2.65 28.63 31.28 OK
r-release-osx-x86_64-mavericks 0.2-15 OK
r-release-windows-ix86+x86_64 0.2-15 24.00 80.00 104.00 OK
r-oldrel-windows-ix86+x86_64 0.2-15 22.00 73.00 95.00 OK

Check Details

Version: 0.2-15
Check: compiled code
Result: NOTE
    File ‘QTLRel/libs/QTLRel.so’:
     Found no calls to: ‘R_registerRoutines’, ‘R_useDynamicSymbols’
    
    It is good practice to register native routines and to disable symbol
    search.
    
    See ‘Writing portable packages’ in the ‘Writing R Extensions’ manual.
Flavors: r-devel-linux-x86_64-debian-clang, r-devel-linux-x86_64-debian-gcc

Version: 0.2-15
Flags: --no-stop-on-test-error
Check: compiled code
Result: NOTE
    File ‘QTLRel/libs/QTLRel.so’:
     Found no calls to: ‘R_registerRoutines’, ‘R_useDynamicSymbols’
    
    It is good practice to register native routines and to disable symbol
    search.
    
    See ‘Writing portable packages’ in the ‘Writing R Extensions’ manual.
Flavors: r-devel-linux-x86_64-fedora-clang, r-devel-linux-x86_64-fedora-gcc, r-devel-macos-x86_64-clang