CRAN Package Check Results for Package QTLRel

Last updated on 2017-06-29 17:50:26.

Flavor Version Tinstall Tcheck Ttotal Status Flags
r-devel-linux-x86_64-debian-clang 0.2-15 2.96 31.72 34.69 NOTE
r-devel-linux-x86_64-debian-gcc 0.2-15 3.05 31.58 34.63 NOTE
r-devel-linux-x86_64-fedora-clang 0.2-15 59.45 NOTE
r-devel-linux-x86_64-fedora-gcc 0.2-15 57.88 NOTE
r-devel-windows-ix86+x86_64 0.2-15 24.00 60.00 84.00 OK
r-patched-linux-x86_64 0.2-15 3.00 32.36 35.35 NOTE
r-patched-solaris-sparc 0.2-15 344.50 OK
r-patched-solaris-x86 0.2-15 70.70 OK
r-release-linux-x86_64 0.2-15 3.39 32.22 35.60 NOTE
r-release-windows-ix86+x86_64 0.2-15 20.00 122.00 142.00 OK
r-release-osx-x86_64 0.2-15 OK
r-oldrel-windows-ix86+x86_64 0.2-15 19.00 80.00 99.00 OK
r-oldrel-osx-x86_64 0.2-15 OK

Check Details

Version: 0.2-15
Check: compiled code
Result: NOTE
    File ‘QTLRel/libs/QTLRel.so’:
     Found no calls to: ‘R_registerRoutines’, ‘R_useDynamicSymbols’
    
    It is good practice to register native routines and to disable symbol
    search.
    
    See ‘Writing portable packages’ in the ‘Writing R Extensions’ manual.
Flavors: r-devel-linux-x86_64-debian-clang, r-devel-linux-x86_64-debian-gcc, r-devel-linux-x86_64-fedora-clang, r-devel-linux-x86_64-fedora-gcc, r-patched-linux-x86_64, r-release-linux-x86_64