CRAN Package Check Results for Package QTOCen

Last updated on 2020-02-27 23:49:35 CET.

Flavor Version Tinstall Tcheck Ttotal Status Flags
r-devel-linux-x86_64-debian-clang 0.1.1 8.75 106.91 115.66 OK
r-devel-linux-x86_64-debian-gcc 0.1.1 7.67 81.06 88.73 OK
r-devel-linux-x86_64-fedora-clang 0.1.1 136.77 NOTE
r-devel-linux-x86_64-fedora-gcc 0.1.1 133.03 NOTE
r-devel-windows-ix86+x86_64 0.1.1 16.00 116.00 132.00 OK
r-devel-windows-ix86+x86_64-gcc8 0.1.1 18.00 107.00 125.00 OK
r-patched-linux-x86_64 0.1.1 7.01 92.21 99.22 OK
r-patched-solaris-x86 0.1.1 174.40 NOTE
r-release-linux-x86_64 0.1.1 6.59 91.73 98.32 OK
r-release-windows-ix86+x86_64 0.1.1 14.00 110.00 124.00 OK
r-release-osx-x86_64 0.1.1 NOTE
r-oldrel-windows-ix86+x86_64 0.1.1 8.00 107.00 115.00 OK
r-oldrel-osx-x86_64 0.1.1 NOTE

Check Details

Version: 0.1.1
Check: dependencies in R code
Result: NOTE
    Namespace in Imports field not imported from: ‘MatrixModels’
     All declared Imports should be used.
Flavors: r-devel-linux-x86_64-fedora-clang, r-devel-linux-x86_64-fedora-gcc, r-patched-solaris-x86, r-release-osx-x86_64, r-oldrel-osx-x86_64