CRAN Package Check Results for Package QTOCen

Last updated on 2019-09-22 07:48:24 CEST.

Flavor Version Tinstall Tcheck Ttotal Status Flags
r-devel-linux-x86_64-debian-clang 0.1.1 7.35 93.08 100.43 OK
r-devel-linux-x86_64-debian-gcc 0.1.1 7.18 72.58 79.76 OK
r-devel-linux-x86_64-fedora-clang 0.1.1 121.74 NOTE
r-devel-linux-x86_64-fedora-gcc 0.1.1 118.14 NOTE
r-devel-windows-ix86+x86_64 0.1.1 21.00 148.00 169.00 OK
r-patched-linux-x86_64 0.1.1 6.33 90.54 96.87 OK
r-patched-solaris-x86 0.1.1 174.20 NOTE
r-release-linux-x86_64 0.1.1 6.69 90.87 97.56 OK
r-release-windows-ix86+x86_64 0.1.1 12.00 102.00 114.00 OK
r-release-osx-x86_64 0.1.1 NOTE
r-oldrel-windows-ix86+x86_64 0.1.1 9.00 108.00 117.00 OK
r-oldrel-osx-x86_64 0.1.1 NOTE

Check Details

Version: 0.1.1
Check: dependencies in R code
Result: NOTE
    Namespace in Imports field not imported from: ‘MatrixModels’
     All declared Imports should be used.
Flavors: r-devel-linux-x86_64-fedora-clang, r-devel-linux-x86_64-fedora-gcc, r-patched-solaris-x86, r-release-osx-x86_64, r-oldrel-osx-x86_64