CRAN Package Check Results for Package QUIC

Last updated on 2014-11-28 19:51:26.

Flavor Version Tinstall Tcheck Ttotal Status Flags
r-devel-linux-x86_64-debian-clang 1.1 1.20 9.41 10.62 NOTE
r-devel-linux-x86_64-debian-gcc 1.1 1.24 9.46 10.70 NOTE
r-devel-linux-x86_64-fedora-clang 1.1 22.75 NOTE
r-devel-linux-x86_64-fedora-gcc 1.1 22.15 NOTE
r-devel-osx-x86_64-clang 1.1 23.26 NOTE
r-devel-windows-ix86+x86_64 1.1 6.00 19.00 25.00 NOTE
r-patched-linux-x86_64 1.1 1.30 9.53 10.83 NOTE
r-patched-solaris-sparc 1.1 131.50 NOTE
r-patched-solaris-x86 1.1 32.00 NOTE
r-release-linux-ix86 1.1 1.82 14.90 16.72 NOTE
r-release-linux-x86_64 1.1 1.25 9.20 10.46 NOTE
r-release-osx-x86_64-mavericks 1.1 OK
r-release-windows-ix86+x86_64 1.1 7.00 21.00 28.00 NOTE
r-oldrel-windows-ix86+x86_64 1.1 5.00 20.00 25.00 OK

Check Details

Version: 1.1
Check: compiled code
Result: NOTE
    File ‘QUIC/libs/QUIC.so’:
     Found ‘rand’, possibly from ‘rand’ (C)
     Object: ‘QUIC.o’
     Found ‘srand’, possibly from ‘srand’ (C)
     Object: ‘QUIC.o’
    
    Compiled code should not call entry points which might terminate R nor
    write to stdout/stderr instead of to the console, nor the C RNG.
    
    See ‘Writing portable packages’ in the ‘Writing R Extensions’ manual.
Flavors: r-devel-linux-x86_64-debian-clang, r-devel-linux-x86_64-debian-gcc, r-devel-linux-x86_64-fedora-clang, r-devel-linux-x86_64-fedora-gcc, r-patched-linux-x86_64, r-patched-solaris-sparc, r-patched-solaris-x86, r-release-linux-ix86, r-release-linux-x86_64

Version: 1.1
Check: compiled code
Result: NOTE
    File ‘QUIC/libs/QUIC.so’:
     Found ‘_rand’, possibly from ‘rand’ (C)
     Object: ‘QUIC.o’
     Found ‘_srand’, possibly from ‘srand’ (C)
     Object: ‘QUIC.o’
    
    Compiled code should not call entry points which might terminate R nor
    write to stdout/stderr instead of to the console, nor the C RNG.
    
    See ‘Writing portable packages’ in the ‘Writing R Extensions’ manual.
Flavor: r-devel-osx-x86_64-clang

Version: 1.1
Check: compiled code
Result: NOTE
    File 'QUIC/libs/i386/QUIC.dll':
     Found 'rand', possibly from 'rand' (C)
     Object: 'QUIC.o'
     Found 'srand', possibly from 'srand' (C)
     Object: 'QUIC.o'
    File 'QUIC/libs/x64/QUIC.dll':
     Found 'rand', possibly from 'rand' (C)
     Object: 'QUIC.o'
     Found 'srand', possibly from 'srand' (C)
     Object: 'QUIC.o'
    
    Compiled code should not call entry points which might terminate R nor
    write to stdout/stderr instead of to the console, nor the C RNG.
    
    See 'Writing portable packages' in the 'Writing R Extensions' manual.
Flavors: r-devel-windows-ix86+x86_64, r-release-windows-ix86+x86_64