CRAN Package Check Results for Package QUIC

Last updated on 2017-03-31 01:49:20.

Flavor Version Tinstall Tcheck Ttotal Status Flags
r-devel-linux-x86_64-debian-clang 1.1 1.53 10.51 12.04 NOTE
r-devel-linux-x86_64-debian-gcc 1.1 1.50 10.37 11.88 NOTE
r-devel-linux-x86_64-fedora-clang 1.1 19.57 NOTE --no-stop-on-test-error
r-devel-linux-x86_64-fedora-gcc 1.1 18.53 NOTE --no-stop-on-test-error
r-devel-macos-x86_64-clang 1.1 17.49 NOTE --no-stop-on-test-error
r-devel-windows-ix86+x86_64 1.1 7.00 28.00 35.00 NOTE
r-patched-linux-x86_64 1.1 1.38 10.58 11.95 NOTE
r-patched-solaris-sparc 1.1 122.30 NOTE
r-patched-solaris-x86 1.1 31.20 NOTE
r-release-linux-x86_64 1.1 1.32 8.77 10.09 NOTE
r-release-osx-x86_64-mavericks 1.1 NOTE
r-release-windows-ix86+x86_64 1.1 7.00 26.00 33.00 OK
r-oldrel-windows-ix86+x86_64 1.1 7.00 24.00 31.00 NOTE

Check Details

Version: 1.1
Check: DESCRIPTION meta-information
Result: NOTE
    BugReports field is not a suitable URL but appears to contain an email address
     not specified by mailto: nor contained in < >
Flavors: r-devel-linux-x86_64-debian-clang, r-devel-linux-x86_64-debian-gcc, r-devel-windows-ix86+x86_64, r-patched-linux-x86_64, r-patched-solaris-sparc, r-patched-solaris-x86

Version: 1.1
Check: compiled code
Result: NOTE
    File ‘QUIC/libs/QUIC.so’:
     Found ‘rand’, possibly from ‘rand’ (C)
     Object: ‘QUIC.o’
     Found ‘srand’, possibly from ‘srand’ (C)
     Object: ‘QUIC.o’
    File ‘QUIC/libs/QUIC.so’:
     Found no calls to: ‘R_registerRoutines’, ‘R_useDynamicSymbols’
    
    Compiled code should not call entry points which might terminate R nor
    write to stdout/stderr instead of to the console, nor the system RNG.
    It is good practice to register native routines and to disable symbol
    search.
    
    See ‘Writing portable packages’ in the ‘Writing R Extensions’ manual.
Flavors: r-devel-linux-x86_64-debian-clang, r-devel-linux-x86_64-debian-gcc, r-patched-linux-x86_64

Version: 1.1
Flags: --no-stop-on-test-error
Check: DESCRIPTION meta-information
Result: NOTE
    BugReports field is not a suitable URL but appears to contain an email address
     not specified by mailto: nor contained in < >
Flavors: r-devel-linux-x86_64-fedora-clang, r-devel-linux-x86_64-fedora-gcc, r-devel-macos-x86_64-clang

Version: 1.1
Flags: --no-stop-on-test-error
Check: compiled code
Result: NOTE
    File ‘QUIC/libs/QUIC.so’:
     Found ‘rand’, possibly from ‘rand’ (C)
     Object: ‘QUIC.o’
     Found ‘srand’, possibly from ‘srand’ (C)
     Object: ‘QUIC.o’
    File ‘QUIC/libs/QUIC.so’:
     Found no calls to: ‘R_registerRoutines’, ‘R_useDynamicSymbols’
    
    Compiled code should not call entry points which might terminate R nor
    write to stdout/stderr instead of to the console, nor the system RNG.
    It is good practice to register native routines and to disable symbol
    search.
    
    See ‘Writing portable packages’ in the ‘Writing R Extensions’ manual.
Flavors: r-devel-linux-x86_64-fedora-clang, r-devel-linux-x86_64-fedora-gcc

Version: 1.1
Flags: --no-stop-on-test-error
Check: compiled code
Result: NOTE
    File ‘QUIC/libs/QUIC.so’:
     Found ‘_rand’, possibly from ‘rand’ (C)
     Object: ‘QUIC.o’
     Found ‘_srand’, possibly from ‘srand’ (C)
     Object: ‘QUIC.o’
    File ‘QUIC/libs/QUIC.so’:
     Found no calls to: ‘R_registerRoutines’, ‘R_useDynamicSymbols’
    
    Compiled code should not call entry points which might terminate R nor
    write to stdout/stderr instead of to the console, nor the system RNG.
    It is good practice to register native routines and to disable symbol
    search.
    
    See ‘Writing portable packages’ in the ‘Writing R Extensions’ manual.
Flavor: r-devel-macos-x86_64-clang

Version: 1.1
Check: compiled code
Result: NOTE
    File 'QUIC/libs/i386/QUIC.dll':
     Found 'rand', possibly from 'rand' (C)
     Object: 'QUIC.o'
     Found 'srand', possibly from 'srand' (C)
     Object: 'QUIC.o'
    File 'QUIC/libs/x64/QUIC.dll':
     Found 'rand', possibly from 'rand' (C)
     Object: 'QUIC.o'
     Found 'srand', possibly from 'srand' (C)
     Object: 'QUIC.o'
    
    Compiled code should not call entry points which might terminate R nor
    write to stdout/stderr instead of to the console, nor the system RNG.
    
    See 'Writing portable packages' in the 'Writing R Extensions' manual.
Flavors: r-devel-windows-ix86+x86_64, r-oldrel-windows-ix86+x86_64

Version: 1.1
Check: compiled code
Result: NOTE
    File ‘QUIC/libs/QUIC.so’:
     Found ‘rand’, possibly from ‘rand’ (C)
     Object: ‘QUIC.o’
     Found ‘srand’, possibly from ‘srand’ (C)
     Object: ‘QUIC.o’
    
    Compiled code should not call entry points which might terminate R nor
    write to stdout/stderr instead of to the console, nor the system RNG.
    
    See ‘Writing portable packages’ in the ‘Writing R Extensions’ manual.
Flavors: r-patched-solaris-sparc, r-patched-solaris-x86, r-release-linux-x86_64

Version: 1.1
Check: compiled code
Result: NOTE
    File ‘QUIC/libs/QUIC.so’:
     Found ‘_rand’, possibly from ‘rand’ (C)
     Object: ‘QUIC.o’
     Found ‘_srand’, possibly from ‘srand’ (C)
     Object: ‘QUIC.o’
    
    Compiled code should not call entry points which might terminate R nor
    write to stdout/stderr instead of to the console, nor the system RNG.
    
    See ‘Writing portable packages’ in the ‘Writing R Extensions’ manual.
Flavor: r-release-osx-x86_64-mavericks