CRAN Package Check Results for Package QUIC

Last updated on 2017-11-24 20:51:05 CET.

Flavor Version Tinstall Tcheck Ttotal Status Flags
r-devel-linux-x86_64-debian-clang 1.1 1.72 31.88 33.60 NOTE
r-devel-linux-x86_64-debian-gcc 1.1 2.60 31.08 33.68 NOTE
r-devel-linux-x86_64-fedora-clang 1.1 18.71 NOTE
r-devel-linux-x86_64-fedora-gcc 1.1 17.60 NOTE
r-devel-windows-ix86+x86_64 1.1 10.00 31.00 41.00 NOTE
r-patched-linux-x86_64 1.1 1.64 32.81 34.45 NOTE
r-patched-solaris-x86 1.1 31.00 NOTE
r-release-linux-x86_64 1.1 2.10 32.35 34.46 NOTE
r-release-windows-ix86+x86_64 1.1 6.00 30.00 36.00 NOTE
r-release-osx-x86_64 1.1 NOTE
r-oldrel-windows-ix86+x86_64 1.1 7.00 26.00 33.00 OK
r-oldrel-osx-x86_64 1.1 NOTE

Check Details

Version: 1.1
Check: DESCRIPTION meta-information
Result: NOTE
    BugReports field is not a suitable URL but appears to contain an email address
     not specified by mailto: nor contained in < >
Flavors: r-devel-linux-x86_64-debian-clang, r-devel-linux-x86_64-debian-gcc, r-devel-linux-x86_64-fedora-clang, r-devel-linux-x86_64-fedora-gcc, r-devel-windows-ix86+x86_64, r-patched-linux-x86_64, r-patched-solaris-x86, r-release-linux-x86_64, r-release-windows-ix86+x86_64, r-release-osx-x86_64

Version: 1.1
Check: compiled code
Result: NOTE
    File ‘QUIC/libs/QUIC.so’:
     Found ‘rand’, possibly from ‘rand’ (C)
     Object: ‘QUIC.o’
     Found ‘srand’, possibly from ‘srand’ (C)
     Object: ‘QUIC.o’
    File ‘QUIC/libs/QUIC.so’:
     Found no calls to: ‘R_registerRoutines’, ‘R_useDynamicSymbols’
    
    Compiled code should not call entry points which might terminate R nor
    write to stdout/stderr instead of to the console, nor the system RNG.
    It is good practice to register native routines and to disable symbol
    search.
    
    See ‘Writing portable packages’ in the ‘Writing R Extensions’ manual.
Flavors: r-devel-linux-x86_64-debian-clang, r-devel-linux-x86_64-debian-gcc, r-devel-linux-x86_64-fedora-clang, r-devel-linux-x86_64-fedora-gcc, r-patched-linux-x86_64, r-release-linux-x86_64

Version: 1.1
Check: compiled code
Result: NOTE
    File 'QUIC/libs/i386/QUIC.dll':
     Found 'rand', possibly from 'rand' (C)
     Object: 'QUIC.o'
     Found 'srand', possibly from 'srand' (C)
     Object: 'QUIC.o'
    File 'QUIC/libs/x64/QUIC.dll':
     Found 'rand', possibly from 'rand' (C)
     Object: 'QUIC.o'
     Found 'srand', possibly from 'srand' (C)
     Object: 'QUIC.o'
    
    Compiled code should not call entry points which might terminate R nor
    write to stdout/stderr instead of to the console, nor the system RNG.
    
    See 'Writing portable packages' in the 'Writing R Extensions' manual.
Flavors: r-devel-windows-ix86+x86_64, r-release-windows-ix86+x86_64

Version: 1.1
Check: compiled code
Result: NOTE
    File ‘QUIC/libs/QUIC.so’:
     Found ‘rand’, possibly from ‘rand’ (C)
     Object: ‘QUIC.o’
     Found ‘srand’, possibly from ‘srand’ (C)
     Object: ‘QUIC.o’
    
    Compiled code should not call entry points which might terminate R nor
    write to stdout/stderr instead of to the console, nor the system RNG.
    
    See ‘Writing portable packages’ in the ‘Writing R Extensions’ manual.
Flavor: r-patched-solaris-x86

Version: 1.1
Check: compiled code
Result: NOTE
    File ‘QUIC/libs/QUIC.so’:
     Found ‘_rand’, possibly from ‘rand’ (C)
     Object: ‘QUIC.o’
     Found ‘_srand’, possibly from ‘srand’ (C)
     Object: ‘QUIC.o’
    
    Compiled code should not call entry points which might terminate R nor
    write to stdout/stderr instead of to the console, nor the system RNG.
    
    See ‘Writing portable packages’ in the ‘Writing R Extensions’ manual.
Flavors: r-release-osx-x86_64, r-oldrel-osx-x86_64