CRAN Package Check Results for Package QUIC

Last updated on 2015-09-03 23:47:43.

Flavor Version Tinstall Tcheck Ttotal Status Flags
r-devel-linux-x86_64-debian-clang 1.1 1.13 8.53 9.66 NOTE
r-devel-linux-x86_64-debian-gcc 1.1 1.20 8.66 9.86 NOTE
r-devel-linux-x86_64-fedora-clang 1.1 17.24 NOTE
r-devel-linux-x86_64-fedora-gcc 1.1 16.52 NOTE
r-devel-osx-x86_64-clang 1.1 17.99 NOTE
r-devel-windows-ix86+x86_64 1.1 7.00 20.00 27.00 NOTE
r-patched-linux-x86_64 1.1 1.23 8.81 10.04 NOTE
r-patched-solaris-sparc 1.1 120.60 NOTE
r-patched-solaris-x86 1.1 29.60 NOTE
r-release-linux-x86_64 1.1 1.26 9.63 10.89 NOTE
r-release-osx-x86_64-mavericks 1.1 NOTE
r-release-windows-ix86+x86_64 1.1 7.00 30.00 37.00 NOTE
r-oldrel-windows-ix86+x86_64 1.1 10.00 20.00 30.00 NOTE

Check Details

Version: 1.1
Check: compiled code
Result: NOTE
    File ‘QUIC/libs/QUIC.so’:
     Found ‘rand’, possibly from ‘rand’ (C)
     Object: ‘QUIC.o’
     Found ‘srand’, possibly from ‘srand’ (C)
     Object: ‘QUIC.o’
    
    Compiled code should not call entry points which might terminate R nor
    write to stdout/stderr instead of to the console, nor the system RNG.
    
    See ‘Writing portable packages’ in the ‘Writing R Extensions’ manual.
Flavors: r-devel-linux-x86_64-debian-clang, r-devel-linux-x86_64-debian-gcc, r-devel-linux-x86_64-fedora-clang, r-devel-linux-x86_64-fedora-gcc, r-patched-linux-x86_64, r-patched-solaris-sparc, r-patched-solaris-x86, r-release-linux-x86_64

Version: 1.1
Check: compiled code
Result: NOTE
    File ‘QUIC/libs/QUIC.so’:
     Found ‘_rand’, possibly from ‘rand’ (C)
     Object: ‘QUIC.o’
     Found ‘_srand’, possibly from ‘srand’ (C)
     Object: ‘QUIC.o’
    
    Compiled code should not call entry points which might terminate R nor
    write to stdout/stderr instead of to the console, nor the system RNG.
    
    See ‘Writing portable packages’ in the ‘Writing R Extensions’ manual.
Flavors: r-devel-osx-x86_64-clang, r-release-osx-x86_64-mavericks

Version: 1.1
Check: compiled code
Result: NOTE
    File 'QUIC/libs/i386/QUIC.dll':
     Found 'rand', possibly from 'rand' (C)
     Object: 'QUIC.o'
     Found 'srand', possibly from 'srand' (C)
     Object: 'QUIC.o'
    File 'QUIC/libs/x64/QUIC.dll':
     Found 'rand', possibly from 'rand' (C)
     Object: 'QUIC.o'
     Found 'srand', possibly from 'srand' (C)
     Object: 'QUIC.o'
    
    Compiled code should not call entry points which might terminate R nor
    write to stdout/stderr instead of to the console, nor the system RNG.
    
    See 'Writing portable packages' in the 'Writing R Extensions' manual.
Flavors: r-devel-windows-ix86+x86_64, r-release-windows-ix86+x86_64, r-oldrel-windows-ix86+x86_64