Last updated on 2022-05-17 09:52:41 CEST.
Flavor | Version | Tinstall | Tcheck | Ttotal | Status | Flags |
---|---|---|---|---|---|---|
r-devel-linux-x86_64-debian-clang | 1.1.17 | 60.50 | 51.88 | 112.38 | OK | |
r-devel-linux-x86_64-debian-gcc | 1.1.17 | 45.38 | 42.47 | 87.85 | OK | |
r-devel-linux-x86_64-fedora-clang | 1.1.17 | 156.00 | NOTE | |||
r-devel-linux-x86_64-fedora-gcc | 1.1.17 | 145.02 | OK | |||
r-devel-windows-x86_64 | 1.1.17 | 53.00 | 96.00 | 149.00 | OK | |
r-patched-linux-x86_64 | 1.1.17 | 50.70 | 54.08 | 104.78 | OK | |
r-release-linux-x86_64 | 1.1.17 | 54.50 | 53.46 | 107.96 | OK | |
r-release-macos-arm64 | 1.1.17 | 42.00 | NOTE | |||
r-release-macos-x86_64 | 1.1.17 | 56.00 | NOTE | |||
r-release-windows-x86_64 | 1.1.17 | 59.00 | 98.00 | 157.00 | OK | |
r-oldrel-macos-arm64 | 1.1.17 | 42.00 | NOTE | |||
r-oldrel-macos-x86_64 | 1.1.17 | 53.00 | NOTE | |||
r-oldrel-windows-ix86+x86_64 | 1.1.17 | 133.00 | 98.00 | 231.00 | OK |
Version: 1.1.17
Check: installed package size
Result: NOTE
installed size is 12.1Mb
sub-directories of 1Mb or more:
libs 11.4Mb
Flavors: r-devel-linux-x86_64-fedora-clang, r-release-macos-arm64, r-release-macos-x86_64, r-oldrel-macos-arm64, r-oldrel-macos-x86_64