CRAN Package Check Results for Package QuACN

Last updated on 2015-02-01 05:48:02.

Flavor Version Tinstall Tcheck Ttotal Status Flags
r-devel-linux-x86_64-debian-clang 1.8.0 2.44 48.62 51.06 NOTE
r-devel-linux-x86_64-debian-gcc 1.8.0 2.30 47.22 49.52 NOTE
r-devel-linux-x86_64-fedora-clang 1.8.0 109.06 NOTE
r-devel-linux-x86_64-fedora-gcc 1.8.0 98.08 NOTE
r-devel-osx-x86_64-clang 1.8.0 102.46 NOTE
r-devel-windows-ix86+x86_64 1.8.0 19.00 82.00 101.00 NOTE
r-patched-linux-x86_64 1.8.0 2.70 53.67 56.37 OK
r-patched-solaris-sparc 1.8.0 689.60 OK
r-patched-solaris-x86 1.8.0 134.00 OK
r-release-linux-ix86 1.8.0 3.32 67.97 71.28 OK
r-release-linux-x86_64 1.8.0 2.63 55.75 58.38 OK
r-release-osx-x86_64-mavericks 1.8.0 OK
r-release-osx-x86_64-snowleopard 1.8.0 OK
r-release-windows-ix86+x86_64 1.8.0 11.00 98.00 109.00 OK
r-oldrel-windows-ix86+x86_64 1.8.0 10.00 104.00 114.00 OK

Check Details

Version: 1.8.0
Check: dependencies in R code
Result: NOTE
    'library' or 'require' call to ‘Rmpfr’ in package code.
     Please use :: or requireNamespace() instead.
     See section 'Suggested packages' in the 'Writing R Extensions' manual.
Flavors: r-devel-linux-x86_64-debian-clang, r-devel-linux-x86_64-debian-gcc, r-devel-linux-x86_64-fedora-clang, r-devel-linux-x86_64-fedora-gcc, r-devel-osx-x86_64-clang, r-devel-windows-ix86+x86_64