CRAN Package Check Results for Package QuACN

Last updated on 2015-07-28 11:51:48.

Flavor Version Tinstall Tcheck Ttotal Status Flags
r-devel-linux-x86_64-debian-clang 1.8.0 2.38 56.26 58.64 NOTE
r-devel-linux-x86_64-debian-gcc 1.8.0 2.30 53.16 55.47 NOTE
r-devel-linux-x86_64-fedora-clang 1.8.0 112.25 NOTE
r-devel-linux-x86_64-fedora-gcc 1.8.0 105.45 NOTE
r-devel-osx-x86_64-clang 1.8.0 101.31 NOTE
r-devel-windows-ix86+x86_64 1.8.0 11.00 100.00 111.00 NOTE
r-patched-linux-x86_64 1.8.0 2.29 54.09 56.38 NOTE
r-patched-solaris-sparc 1.8.0 686.80 NOTE
r-patched-solaris-x86 1.8.0 129.20 NOTE
r-release-linux-x86_64 1.8.0 2.60 53.33 55.92 NOTE
r-release-osx-x86_64-mavericks 1.8.0 NOTE
r-release-windows-ix86+x86_64 1.8.0 18.00 113.00 131.00 NOTE
r-oldrel-windows-ix86+x86_64 1.8.0 12.00 113.00 125.00 NOTE

Check Details

Version: 1.8.0
Check: dependencies in R code
Result: NOTE
    'library' or 'require' call to ‘Rmpfr’ in package code.
     Please use :: or requireNamespace() instead.
     See section 'Suggested packages' in the 'Writing R Extensions' manual.
Flavors: r-devel-linux-x86_64-debian-clang, r-devel-linux-x86_64-debian-gcc, r-devel-linux-x86_64-fedora-clang, r-devel-linux-x86_64-fedora-gcc, r-devel-osx-x86_64-clang, r-devel-windows-ix86+x86_64, r-patched-linux-x86_64, r-patched-solaris-sparc, r-patched-solaris-x86, r-release-linux-x86_64, r-release-osx-x86_64-mavericks, r-release-windows-ix86+x86_64, r-oldrel-windows-ix86+x86_64