CRAN Package Check Results for Package QuACN

Last updated on 2014-04-21 01:48:10.

Flavor Version Tinstall Tcheck Ttotal Status Flags
r-devel-linux-x86_64-debian-clang 1.7.4 4.24 67.28 71.51 NOTE
r-devel-linux-x86_64-debian-gcc 1.7.4 4.41 64.66 69.06 NOTE
r-devel-linux-x86_64-fedora-clang 1.7.4 150.38 NOTE
r-devel-linux-x86_64-fedora-gcc 1.7.4 145.57 NOTE
r-devel-macosx-x86_64-clang 1.7.4 121.38 NOTE
r-devel-macosx-x86_64-gcc 1.7.4 ERROR
r-devel-windows-ix86+x86_64 1.7.4 13.00 107.00 120.00 NOTE
r-patched-linux-x86_64 1.7.4 4.22 64.27 68.49 NOTE
r-patched-solaris-sparc 1.7.4 791.50 NOTE
r-patched-solaris-x86 1.7.4 159.90 NOTE
r-release-linux-ix86 NOTE
r-release-linux-x86_64 1.7.4 4.45 64.76 69.22 NOTE
r-release-macosx-x86_64 1.7.4 ERROR
r-release-windows-ix86+x86_64 1.7.4 17.00 114.00 131.00 NOTE
r-oldrel-windows-ix86+x86_64 1.7.4 14.00 114.00 128.00 NOTE

Check Details

Version: 1.7.4
Check: dependencies in R code
Result: NOTE
    'library' or 'require' calls to packages already attached by Depends:
     ‘RBGL’ ‘Rmpfr’ ‘combinat’ ‘graph’
     Please remove these calls from your code.
    Packages in Depends field not imported from:
     ‘RBGL’ ‘Rmpfr’ ‘combinat’ ‘graph’
     These packages need to be imported from (in the NAMESPACE file)
     for when this namespace is loaded but not attached.
    See the information on DESCRIPTION files in the chapter ‘Creating R
    packages’ of the ‘Writing R Extensions’ manual.
Flavors: r-devel-linux-x86_64-debian-clang, r-devel-linux-x86_64-debian-gcc, r-devel-linux-x86_64-fedora-clang, r-devel-linux-x86_64-fedora-gcc, r-devel-macosx-x86_64-clang, r-devel-windows-ix86+x86_64, r-patched-linux-x86_64, r-patched-solaris-sparc, r-patched-solaris-x86, r-release-linux-ix86, r-release-linux-x86_64, r-release-windows-ix86+x86_64, r-oldrel-windows-ix86+x86_64

Version: 1.7.4
Check: Rd line widths
Result: NOTE
    Rd file 'infoTheoreticLabeledV1.Rd':
     \usage lines wider than 90 characters:
     infoTheoreticLabeledV1(g, dist=NULL, coeff="lin", custCoeff=NULL, coeffMatrix=NULL, lambda=1000)
    
    These lines will be truncated in the PDF manual.
Flavors: r-devel-linux-x86_64-fedora-clang, r-devel-linux-x86_64-fedora-gcc

Version: 1.7.4
Check: package dependencies
Result: ERROR
    Packages required but not available: ‘graph’ ‘RBGL’ ‘igraph’
    
    See the information on DESCRIPTION files in the chapter ‘Creating R
    packages’ of the ‘Writing R Extensions’ manual.
Flavor: r-devel-macosx-x86_64-gcc

Version: 1.7.4
Check: package dependencies
Result: ERROR
    Packages required but not available: ‘graph’ ‘RBGL’
    
    See the information on DESCRIPTION files in the chapter ‘Creating R
    packages’ of the ‘Writing R Extensions’ manual.
Flavor: r-release-macosx-x86_64