CRAN Package Check Results for Package QuACN

Last updated on 2015-09-01 12:48:25.

Flavor Version Tinstall Tcheck Ttotal Status Flags
r-devel-linux-x86_64-debian-clang 1.8.0 2.30 52.85 55.16 NOTE
r-devel-linux-x86_64-debian-gcc 1.8.0 2.26 52.07 54.32 NOTE
r-devel-linux-x86_64-fedora-clang 1.8.0 109.74 NOTE
r-devel-linux-x86_64-fedora-gcc 1.8.0 106.17 NOTE
r-devel-osx-x86_64-clang 1.8.0 95.16 NOTE
r-devel-windows-ix86+x86_64 1.8.0 19.00 116.00 135.00 NOTE
r-patched-linux-x86_64 1.8.0 2.30 53.88 56.18 NOTE
r-patched-solaris-sparc 1.8.0 686.80 NOTE
r-patched-solaris-x86 1.8.0 133.20 NOTE
r-release-linux-x86_64 1.8.0 2.36 53.60 55.96 NOTE
r-release-osx-x86_64-mavericks 1.8.0 NOTE
r-release-windows-ix86+x86_64 1.8.0 16.00 121.00 137.00 NOTE
r-oldrel-windows-ix86+x86_64 1.8.0 17.00 143.00 160.00 NOTE

Check Details

Version: 1.8.0
Check: dependencies in R code
Result: NOTE
    'library' or 'require' call to ‘Rmpfr’ in package code.
     Please use :: or requireNamespace() instead.
     See section 'Suggested packages' in the 'Writing R Extensions' manual.
Flavors: r-devel-linux-x86_64-debian-clang, r-devel-linux-x86_64-debian-gcc, r-devel-linux-x86_64-fedora-clang, r-devel-linux-x86_64-fedora-gcc, r-devel-osx-x86_64-clang, r-devel-windows-ix86+x86_64, r-patched-linux-x86_64, r-patched-solaris-sparc, r-patched-solaris-x86, r-release-linux-x86_64, r-release-osx-x86_64-mavericks, r-release-windows-ix86+x86_64, r-oldrel-windows-ix86+x86_64