CRAN Package Check Results for Package QuACN

Last updated on 2017-04-28 17:47:52.

Flavor Version Tinstall Tcheck Ttotal Status Flags
r-devel-linux-x86_64-debian-clang 1.8.0 2.49 51.17 53.66 NOTE
r-devel-linux-x86_64-debian-gcc 1.8.0 2.43 51.68 54.12 NOTE
r-devel-linux-x86_64-fedora-clang 1.8.0 102.58 NOTE --no-stop-on-test-error
r-devel-linux-x86_64-fedora-gcc 1.8.0 97.92 NOTE --no-stop-on-test-error
r-devel-windows-ix86+x86_64 1.8.0 13.00 153.00 166.00 NOTE
r-patched-linux-x86_64 1.8.0 2.50 51.41 53.91 NOTE
r-patched-solaris-sparc 1.8.0 593.70 NOTE
r-patched-solaris-x86 1.8.0 114.00 NOTE
r-release-linux-x86_64 1.8.0 2.52 52.32 54.84 NOTE
r-release-windows-ix86+x86_64 1.8.0 25.00 160.00 185.00 NOTE
r-release-osx-x86_64 1.8.0 ERROR
r-oldrel-windows-ix86+x86_64 1.8.0 16.00 105.00 121.00 NOTE
r-oldrel-osx-x86_64 1.8.0 NOTE

Check Details

Version: 1.8.0
Check: dependencies in R code
Result: NOTE
    'library' or 'require' call to ‘Rmpfr’ in package code.
     Please use :: or requireNamespace() instead.
     See section 'Suggested packages' in the 'Writing R Extensions' manual.
Flavors: r-devel-linux-x86_64-debian-clang, r-devel-linux-x86_64-debian-gcc, r-devel-windows-ix86+x86_64, r-patched-linux-x86_64, r-patched-solaris-sparc, r-patched-solaris-x86, r-release-linux-x86_64, r-release-windows-ix86+x86_64, r-oldrel-windows-ix86+x86_64, r-oldrel-osx-x86_64

Version: 1.8.0
Check: R code for possible problems
Result: NOTE
    adjacencyMatrix: no visible global function definition for ‘as’
    Undefined global functions or variables:
     as
    Consider adding
     importFrom("methods", "as")
    to your NAMESPACE file (and ensure that your DESCRIPTION Imports field
    contains 'methods').
Flavors: r-devel-linux-x86_64-debian-clang, r-devel-linux-x86_64-debian-gcc, r-devel-windows-ix86+x86_64, r-patched-linux-x86_64, r-patched-solaris-sparc, r-patched-solaris-x86, r-release-linux-x86_64, r-release-windows-ix86+x86_64, r-oldrel-windows-ix86+x86_64

Version: 1.8.0
Check: compiled code
Result: NOTE
    File ‘QuACN/libs/QuACN.so’:
     Found no call to: ‘R_useDynamicSymbols’
    
    It is good practice to register native routines and to disable symbol
    search.
    
    See ‘Writing portable packages’ in the ‘Writing R Extensions’ manual.
Flavors: r-devel-linux-x86_64-debian-clang, r-devel-linux-x86_64-debian-gcc, r-patched-linux-x86_64, r-release-linux-x86_64

Version: 1.8.0
Flags: --no-stop-on-test-error
Check: dependencies in R code
Result: NOTE
    'library' or 'require' call to ‘Rmpfr’ in package code.
     Please use :: or requireNamespace() instead.
     See section 'Suggested packages' in the 'Writing R Extensions' manual.
Flavors: r-devel-linux-x86_64-fedora-clang, r-devel-linux-x86_64-fedora-gcc

Version: 1.8.0
Flags: --no-stop-on-test-error
Check: R code for possible problems
Result: NOTE
    adjacencyMatrix: no visible global function definition for ‘as’
    Undefined global functions or variables:
     as
    Consider adding
     importFrom("methods", "as")
    to your NAMESPACE file (and ensure that your DESCRIPTION Imports field
    contains 'methods').
Flavors: r-devel-linux-x86_64-fedora-clang, r-devel-linux-x86_64-fedora-gcc

Version: 1.8.0
Flags: --no-stop-on-test-error
Check: compiled code
Result: NOTE
    File ‘QuACN/libs/QuACN.so’:
     Found no call to: ‘R_useDynamicSymbols’
    
    It is good practice to register native routines and to disable symbol
    search.
    
    See ‘Writing portable packages’ in the ‘Writing R Extensions’ manual.
Flavors: r-devel-linux-x86_64-fedora-clang, r-devel-linux-x86_64-fedora-gcc

Version: 1.8.0
Check: package dependencies
Result: ERROR
    Packages required but not available: ‘graph’ ‘RBGL’
    
    Package suggested but not available for checking: ‘Rmpfr’
    
    See section ‘The DESCRIPTION file’ in the ‘Writing R Extensions’
    manual.
Flavor: r-release-osx-x86_64