CRAN Package Check Results for Package QuACN

Last updated on 2014-12-19 05:47:51.

Flavor Version Tinstall Tcheck Ttotal Status Flags
r-devel-linux-x86_64-debian-clang 1.8.0 2.61 53.20 55.81 OK
r-devel-linux-x86_64-debian-gcc 1.8.0 2.49 52.59 55.08 OK
r-devel-linux-x86_64-fedora-clang 1.8.0 117.18 OK
r-devel-linux-x86_64-fedora-gcc 1.8.0 110.08 OK
r-devel-osx-x86_64-clang 1.8.0 103.47 OK
r-devel-windows-ix86+x86_64 1.8.0 12.00 94.00 106.00 OK
r-patched-linux-x86_64 1.8.0 2.59 54.46 57.05 OK
r-patched-solaris-sparc 1.8.0 614.30 OK
r-patched-solaris-x86 1.8.0 135.30 OK
r-release-linux-ix86 1.8.0 3.22 64.46 67.68 OK
r-release-linux-x86_64 1.8.0 2.58 57.24 59.82 OK
r-release-osx-x86_64-mavericks 1.8.0 NOTE
r-release-osx-x86_64-snowleopard 1.8.0 OK
r-release-windows-ix86+x86_64 1.8.0 10.00 101.00 111.00 OK
r-oldrel-windows-ix86+x86_64 1.8.0 11.00 96.00 107.00 OK

Check Details

Version: 1.8.0
Check: re-building of vignette outputs
Result: NOTE
    Error in re-building vignettes:
     ...
    
    Attaching package: ‘Rmpfr’
    
    The following objects are masked from ‘package:stats’:
    
     dbinom, dnorm, dpois, pnorm
    
    The following objects are masked from ‘package:base’:
    
     cbind, pmax, pmin, rbind
    
    Warning in names(fvi) <- nodes(g) :
     class 'mpfr' has no 'names' slot; assigning a names attribute will create an invalid object
    Error in texi2dvi(file = file, pdf = TRUE, clean = clean, quiet = quiet, :
     Running 'texi2dvi' on 'QuACN.tex' failed.
    LaTeX errors:
    ! LaTeX Error: File `marginnote.sty' not found.
    
    Type X to quit or <RETURN> to proceed,
    or enter new name. (Default extension: sty)
    
    est/QuACN/vignettes/QuACN.tex:16: ==> Fatal error occurred, no output PDF file
     produced!
    Calls: buildVignettes -> texi2pdf -> texi2dvi
    Execution halted
Flavor: r-release-osx-x86_64-mavericks