CRAN Package Check Results for Package QuACN

Last updated on 2020-09-19 23:48:18 CEST.

Flavor Version Tinstall Tcheck Ttotal Status Flags
r-devel-linux-x86_64-debian-clang 1.8.0 8.81 85.16 93.97 NOTE
r-devel-linux-x86_64-debian-gcc 1.8.0 7.17 65.68 72.85 NOTE
r-devel-linux-x86_64-fedora-clang 1.8.0 121.93 NOTE
r-devel-linux-x86_64-fedora-gcc 1.8.0 121.17 NOTE
r-devel-windows-ix86+x86_64 1.8.0 18.00 159.00 177.00 NOTE
r-patched-linux-x86_64 1.8.0 8.57 84.40 92.97 NOTE
r-patched-solaris-x86 1.8.0 140.40 NOTE
r-release-linux-x86_64 1.8.0 9.08 84.63 93.71 NOTE
r-release-macos-x86_64 1.8.0 NOTE
r-release-windows-ix86+x86_64 1.8.0 18.00 127.00 145.00 NOTE
r-oldrel-macos-x86_64 1.8.0 NOTE
r-oldrel-windows-ix86+x86_64 1.8.0 13.00 139.00 152.00 NOTE

Check Details

Version: 1.8.0
Check: dependencies in R code
Result: NOTE
    'library' or 'require' call to 'Rmpfr' in package code.
     Please use :: or requireNamespace() instead.
     See section 'Suggested packages' in the 'Writing R Extensions' manual.
Flavors: r-devel-linux-x86_64-debian-clang, r-devel-linux-x86_64-debian-gcc, r-devel-linux-x86_64-fedora-clang, r-devel-linux-x86_64-fedora-gcc, r-devel-windows-ix86+x86_64, r-patched-linux-x86_64, r-patched-solaris-x86, r-release-linux-x86_64, r-release-macos-x86_64, r-release-windows-ix86+x86_64, r-oldrel-macos-x86_64, r-oldrel-windows-ix86+x86_64

Version: 1.8.0
Check: R code for possible problems
Result: NOTE
    adjacencyMatrix: no visible global function definition for 'as'
    Undefined global functions or variables:
     as
    Consider adding
     importFrom("methods", "as")
    to your NAMESPACE file (and ensure that your DESCRIPTION Imports field
    contains 'methods').
Flavors: r-devel-linux-x86_64-debian-clang, r-devel-linux-x86_64-debian-gcc, r-devel-linux-x86_64-fedora-clang, r-devel-linux-x86_64-fedora-gcc, r-devel-windows-ix86+x86_64, r-patched-linux-x86_64, r-patched-solaris-x86, r-release-linux-x86_64, r-release-macos-x86_64, r-release-windows-ix86+x86_64, r-oldrel-macos-x86_64, r-oldrel-windows-ix86+x86_64

Version: 1.8.0
Check: compiled code
Result: NOTE
    File ‘QuACN/libs/QuACN.so’:
     Found no call to: ‘R_useDynamicSymbols’
    
    It is good practice to register native routines and to disable symbol
    search.
    
    See ‘Writing portable packages’ in the ‘Writing R Extensions’ manual.
Flavors: r-devel-linux-x86_64-fedora-clang, r-devel-linux-x86_64-fedora-gcc