CRAN Package Check Results for Package QuACN

Last updated on 2015-03-03 03:49:03.

Flavor Version Tinstall Tcheck Ttotal Status Flags
r-devel-linux-x86_64-debian-clang 1.8.0 2.38 48.27 50.64 NOTE
r-devel-linux-x86_64-debian-gcc 1.8.0 2.31 47.73 50.04 NOTE
r-devel-linux-x86_64-fedora-clang 1.8.0 100.15 NOTE
r-devel-linux-x86_64-fedora-gcc 1.8.0 55.41 NOTE
r-devel-osx-x86_64-clang 1.8.0 97.67 NOTE
r-devel-windows-ix86+x86_64 1.8.0 22.00 119.00 141.00 NOTE
r-patched-linux-x86_64 1.8.0 2.90 54.38 57.28 NOTE
r-patched-solaris-sparc 1.8.0 715.90 NOTE
r-patched-solaris-x86 1.8.0 134.10 NOTE
r-release-linux-ix86 1.8.0 3.52 72.24 75.76 OK
r-release-linux-x86_64 1.8.0 2.84 56.76 59.60 OK
r-release-osx-x86_64-mavericks 1.8.0 OK
r-release-osx-x86_64-snowleopard 1.8.0 OK
r-release-windows-ix86+x86_64 1.8.0 20.00 106.00 126.00 OK
r-oldrel-windows-ix86+x86_64 1.8.0 11.00 106.00 117.00 OK

Check Details

Version: 1.8.0
Check: dependencies in R code
Result: NOTE
    'library' or 'require' call to ‘Rmpfr’ in package code.
     Please use :: or requireNamespace() instead.
     See section 'Suggested packages' in the 'Writing R Extensions' manual.
Flavors: r-devel-linux-x86_64-debian-clang, r-devel-linux-x86_64-debian-gcc, r-devel-linux-x86_64-fedora-clang, r-devel-linux-x86_64-fedora-gcc, r-devel-osx-x86_64-clang, r-devel-windows-ix86+x86_64, r-patched-linux-x86_64, r-patched-solaris-sparc, r-patched-solaris-x86