CRAN Package Check Results for Package QuACN

Last updated on 2016-05-01 20:47:31.

Flavor Version Tinstall Tcheck Ttotal Status Flags
r-devel-linux-x86_64-debian-gcc 1.8.0 2.47 45.73 48.19 NOTE
r-devel-linux-x86_64-fedora-clang 1.8.0 90.93 NOTE
r-devel-linux-x86_64-fedora-gcc 1.8.0 84.13 NOTE
r-devel-osx-x86_64-clang 1.8.0 98.21 NOTE
r-devel-windows-ix86+x86_64 1.8.0 12.00 109.00 121.00 NOTE
r-patched-linux-x86_64 1.8.0 2.52 44.57 47.09 NOTE
r-patched-solaris-sparc 1.8.0 516.00 NOTE
r-patched-solaris-x86 1.8.0 103.40 NOTE
r-release-linux-x86_64 1.8.0 2.73 56.13 58.86 NOTE
r-release-osx-x86_64-mavericks 1.8.0 NOTE
r-release-windows-ix86+x86_64 1.8.0 17.00 155.00 172.00 NOTE
r-oldrel-windows-ix86+x86_64 1.8.0 15.00 174.00 189.00 NOTE

Check Details

Version: 1.8.0
Check: dependencies in R code
Result: NOTE
    'library' or 'require' call to ‘Rmpfr’ in package code.
     Please use :: or requireNamespace() instead.
     See section 'Suggested packages' in the 'Writing R Extensions' manual.
Flavors: r-devel-linux-x86_64-debian-gcc, r-devel-linux-x86_64-fedora-clang, r-devel-linux-x86_64-fedora-gcc, r-devel-osx-x86_64-clang, r-devel-windows-ix86+x86_64, r-patched-linux-x86_64, r-patched-solaris-sparc, r-patched-solaris-x86, r-release-linux-x86_64, r-release-osx-x86_64-mavericks, r-release-windows-ix86+x86_64, r-oldrel-windows-ix86+x86_64