CRAN Package Check Results for Package QuACN

Last updated on 2014-07-25 10:52:03.

Flavor Version Tinstall Tcheck Ttotal Status Flags
r-devel-linux-x86_64-debian-clang 1.7.4 4.22 61.54 65.76 NOTE
r-devel-linux-x86_64-debian-gcc 1.7.4 4.23 59.85 64.08 NOTE
r-devel-linux-x86_64-fedora-clang 1.7.4 149.76 NOTE
r-devel-linux-x86_64-fedora-gcc 1.7.4 144.06 NOTE
r-devel-osx-x86_64-clang 1.7.4 115.19 NOTE
r-devel-windows-ix86+x86_64 1.7.4 13.00 115.00 128.00 NOTE
r-patched-linux-x86_64 1.7.4 4.28 60.66 64.95 NOTE
r-patched-solaris-sparc 1.7.4 809.50 NOTE
r-patched-solaris-x86 1.7.4 170.70 NOTE
r-release-linux-ix86 1.7.4 4.94 77.34 82.28 NOTE
r-release-linux-x86_64 1.7.4 4.10 63.58 67.68 NOTE
r-release-osx-x86_64-mavericks 1.7.4 NOTE
r-release-osx-x86_64-snowleopard 1.7.4 NOTE
r-release-windows-ix86+x86_64 1.7.4 13.00 114.00 127.00 NOTE
r-oldrel-windows-ix86+x86_64 1.7.4 15.00 115.00 130.00 NOTE

Check Details

Version: 1.7.4
Check: dependencies in R code
Result: NOTE
    'library' or 'require' calls to packages already attached by Depends:
     ‘RBGL’ ‘Rmpfr’ ‘combinat’ ‘graph’
     Please remove these calls from your code.
    Packages in Depends field not imported from:
     ‘RBGL’ ‘Rmpfr’ ‘combinat’ ‘graph’
     These packages need to be imported from (in the NAMESPACE file)
     for when this namespace is loaded but not attached.
    See the information on DESCRIPTION files in the chapter ‘Creating R
    packages’ of the ‘Writing R Extensions’ manual.
Flavors: r-devel-linux-x86_64-debian-clang, r-devel-linux-x86_64-debian-gcc, r-devel-linux-x86_64-fedora-clang, r-devel-linux-x86_64-fedora-gcc, r-devel-osx-x86_64-clang, r-devel-windows-ix86+x86_64, r-patched-linux-x86_64, r-patched-solaris-sparc, r-patched-solaris-x86, r-release-linux-ix86, r-release-linux-x86_64, r-release-osx-x86_64-mavericks, r-release-osx-x86_64-snowleopard, r-release-windows-ix86+x86_64, r-oldrel-windows-ix86+x86_64

Version: 1.7.4
Check: Rd line widths
Result: NOTE
    Rd file 'infoTheoreticLabeledV1.Rd':
     \usage lines wider than 90 characters:
     infoTheoreticLabeledV1(g, dist=NULL, coeff="lin", custCoeff=NULL, coeffMatrix=NULL, lambda=1000)
    
    These lines will be truncated in the PDF manual.
Flavors: r-devel-linux-x86_64-fedora-clang, r-devel-linux-x86_64-fedora-gcc

Version: 1.7.4
Check: re-building of vignette outputs
Result: NOTE
    Error in re-building vignettes:
     ...
    
    Attaching package: ‘Rmpfr’
    
    The following objects are masked from ‘package:stats’:
    
     dbinom, dnorm, dpois, pnorm
    
    The following objects are masked from ‘package:base’:
    
     cbind, pmax, pmin, rbind
    
    Warning in names(fvi) <- nodes(g) :
     class 'mpfr' has no 'names' slot; assigning a names attribute will create an invalid object
    Error in texi2dvi(file = file, pdf = TRUE, clean = clean, quiet = quiet, :
     Running 'texi2dvi' on 'QuACN.tex' failed.
    LaTeX errors:
    ! LaTeX Error: File `marginnote.sty' not found.
    
    Type X to quit or <RETURN> to proceed,
    or enter new name. (Default extension: sty)
    
    est/QuACN/vignettes/QuACN.tex:16: ==> Fatal error occurred, no output PDF file
     produced!
    Calls: buildVignettes -> texi2pdf -> texi2dvi
    Execution halted
Flavor: r-release-osx-x86_64-mavericks