CRAN Package Check Results for Package QuACN

Last updated on 2016-07-27 03:49:57.

Flavor Version Tinstall Tcheck Ttotal Status Flags
r-devel-linux-x86_64-debian-clang 1.8.0 0.74 1.75 2.49 ERROR
r-devel-linux-x86_64-debian-gcc 1.8.0 2.91 52.76 55.67 NOTE
r-devel-linux-x86_64-fedora-clang 1.8.0 91.63 NOTE
r-devel-linux-x86_64-fedora-gcc 1.8.0 86.69 NOTE
r-devel-osx-x86_64-clang 1.8.0 74.68 NOTE
r-devel-windows-ix86+x86_64 1.8.0 16.00 155.00 171.00 NOTE
r-patched-linux-x86_64 1.8.0 2.98 50.53 53.50 NOTE
r-patched-solaris-sparc 1.8.0 527.30 NOTE
r-patched-solaris-x86 1.8.0 100.00 NOTE
r-release-linux-x86_64 1.8.0 2.94 51.76 54.70 NOTE
r-release-osx-x86_64-mavericks 1.8.0 NOTE
r-release-windows-ix86+x86_64 1.8.0 18.00 151.00 169.00 NOTE
r-oldrel-windows-ix86+x86_64 1.8.0 13.00 166.00 179.00 NOTE

Check Details

Version: 1.8.0
Check: package dependencies
Result: ERROR
    Package required but not available: ‘RBGL’
    
    See section ‘The DESCRIPTION file’ in the ‘Writing R Extensions’
    manual.
Flavor: r-devel-linux-x86_64-debian-clang

Version: 1.8.0
Check: dependencies in R code
Result: NOTE
    'library' or 'require' call to ‘Rmpfr’ in package code.
     Please use :: or requireNamespace() instead.
     See section 'Suggested packages' in the 'Writing R Extensions' manual.
Flavors: r-devel-linux-x86_64-debian-gcc, r-devel-linux-x86_64-fedora-clang, r-devel-linux-x86_64-fedora-gcc, r-devel-osx-x86_64-clang, r-devel-windows-ix86+x86_64, r-patched-linux-x86_64, r-patched-solaris-sparc, r-patched-solaris-x86, r-release-linux-x86_64, r-release-osx-x86_64-mavericks, r-release-windows-ix86+x86_64, r-oldrel-windows-ix86+x86_64