CRAN Package Check Results for Package QuACN

Last updated on 2015-04-01 16:52:11.

Flavor Version Tinstall Tcheck Ttotal Status Flags
r-devel-linux-x86_64-debian-clang 1.8.0 2.46 49.17 51.63 NOTE
r-devel-linux-x86_64-debian-gcc 1.8.0 2.43 47.77 50.20 NOTE
r-devel-linux-x86_64-fedora-clang 1.8.0 101.82 NOTE
r-devel-linux-x86_64-fedora-gcc 1.8.0 95.97 NOTE
r-devel-osx-x86_64-clang 1.8.0 99.56 NOTE
r-prerel-windows-ix86+x86_64 1.8.0 12.00 88.00 100.00 NOTE
r-prerel-linux-x86_64 1.8.0 2.42 47.45 49.87 NOTE
r-prerel-solaris-sparc 1.8.0 640.20 NOTE
r-prerel-solaris-x86 1.8.0 117.20 NOTE
r-release-linux-x86_64 1.8.0 2.72 55.17 57.89 NOTE
r-release-osx-x86_64-mavericks 1.8.0 OK
r-release-osx-x86_64-snowleopard 1.8.0 OK
r-release-windows-ix86+x86_64 1.8.0 10.00 101.00 111.00 NOTE
r-oldrel-windows-ix86+x86_64 1.8.0 11.00 103.00 114.00 OK

Check Details

Version: 1.8.0
Check: dependencies in R code
Result: NOTE
    'library' or 'require' call to ‘Rmpfr’ in package code.
     Please use :: or requireNamespace() instead.
     See section 'Suggested packages' in the 'Writing R Extensions' manual.
Flavors: r-devel-linux-x86_64-debian-clang, r-devel-linux-x86_64-debian-gcc, r-devel-linux-x86_64-fedora-clang, r-devel-linux-x86_64-fedora-gcc, r-devel-osx-x86_64-clang, r-prerel-windows-ix86+x86_64, r-prerel-linux-x86_64, r-prerel-solaris-sparc, r-prerel-solaris-x86, r-release-linux-x86_64, r-release-windows-ix86+x86_64