CRAN Package Check Results for Package QuACN

Last updated on 2016-09-24 23:48:20.

Flavor Version Tinstall Tcheck Ttotal Status Flags
r-devel-linux-x86_64-debian-clang 1.8.0 0.45 1.62 2.07 ERROR
r-devel-linux-x86_64-debian-gcc 1.8.0 2.70 45.06 47.76 NOTE
r-devel-linux-x86_64-fedora-clang 1.8.0 90.79 NOTE
r-devel-linux-x86_64-fedora-gcc 1.8.0 84.98 NOTE
r-devel-macos-x86_64-clang 1.8.0 72.92 NOTE
r-devel-windows-ix86+x86_64 1.8.0 16.00 140.00 156.00 NOTE
r-patched-linux-x86_64 1.8.0 2.31 45.19 47.50 NOTE
r-patched-solaris-sparc 1.8.0 527.30 NOTE
r-patched-solaris-x86 1.8.0 99.40 NOTE
r-release-linux-x86_64 1.8.0 2.39 45.86 48.25 NOTE
r-release-osx-x86_64-mavericks 1.8.0 NOTE
r-release-windows-ix86+x86_64 1.8.0 12.00 98.00 110.00 NOTE
r-oldrel-windows-ix86+x86_64 1.8.0 15.00 112.00 127.00 NOTE

Check Details

Version: 1.8.0
Check: package dependencies
Result: ERROR
    Package required but not available: ‘RBGL’
    
    See section ‘The DESCRIPTION file’ in the ‘Writing R Extensions’
    manual.
Flavor: r-devel-linux-x86_64-debian-clang

Version: 1.8.0
Check: dependencies in R code
Result: NOTE
    'library' or 'require' call to ‘Rmpfr’ in package code.
     Please use :: or requireNamespace() instead.
     See section 'Suggested packages' in the 'Writing R Extensions' manual.
Flavors: r-devel-linux-x86_64-debian-gcc, r-devel-linux-x86_64-fedora-clang, r-devel-linux-x86_64-fedora-gcc, r-devel-macos-x86_64-clang, r-devel-windows-ix86+x86_64, r-patched-linux-x86_64, r-patched-solaris-sparc, r-patched-solaris-x86, r-release-linux-x86_64, r-release-osx-x86_64-mavericks, r-release-windows-ix86+x86_64, r-oldrel-windows-ix86+x86_64