CRAN Package Check Results for Package QuACN

Last updated on 2017-06-26 03:53:03.

Flavor Version Tinstall Tcheck Ttotal Status Flags
r-devel-linux-x86_64-debian-clang 1.8.0 2.53 51.16 53.69 NOTE
r-devel-linux-x86_64-debian-gcc 1.8.0 2.51 50.76 53.26 NOTE
r-devel-linux-x86_64-fedora-clang 1.8.0 108.19 NOTE
r-devel-linux-x86_64-fedora-gcc 1.8.0 99.36 NOTE
r-devel-windows-ix86+x86_64 1.8.0 18.00 159.00 177.00 NOTE
r-patched-linux-x86_64 1.8.0 2.50 52.62 55.13 NOTE
r-patched-solaris-sparc 1.8.0 593.70 NOTE
r-patched-solaris-x86 1.8.0 116.50 NOTE
r-release-linux-x86_64 1.8.0 2.43 50.30 52.73 NOTE
r-release-windows-ix86+x86_64 1.8.0 25.00 158.00 183.00 NOTE
r-release-osx-x86_64 1.8.0 ERROR
r-oldrel-windows-ix86+x86_64 1.8.0 10.00 140.00 150.00 NOTE
r-oldrel-osx-x86_64 1.8.0 NOTE

Check Details

Version: 1.8.0
Check: dependencies in R code
Result: NOTE
    'library' or 'require' call to ‘Rmpfr’ in package code.
     Please use :: or requireNamespace() instead.
     See section 'Suggested packages' in the 'Writing R Extensions' manual.
Flavors: r-devel-linux-x86_64-debian-clang, r-devel-linux-x86_64-debian-gcc, r-devel-linux-x86_64-fedora-clang, r-devel-linux-x86_64-fedora-gcc, r-devel-windows-ix86+x86_64, r-patched-linux-x86_64, r-patched-solaris-sparc, r-patched-solaris-x86, r-release-linux-x86_64, r-release-windows-ix86+x86_64, r-oldrel-windows-ix86+x86_64, r-oldrel-osx-x86_64

Version: 1.8.0
Check: R code for possible problems
Result: NOTE
    adjacencyMatrix: no visible global function definition for ‘as’
    Undefined global functions or variables:
     as
    Consider adding
     importFrom("methods", "as")
    to your NAMESPACE file (and ensure that your DESCRIPTION Imports field
    contains 'methods').
Flavors: r-devel-linux-x86_64-debian-clang, r-devel-linux-x86_64-debian-gcc, r-devel-linux-x86_64-fedora-clang, r-devel-linux-x86_64-fedora-gcc, r-devel-windows-ix86+x86_64, r-patched-linux-x86_64, r-patched-solaris-sparc, r-patched-solaris-x86, r-release-linux-x86_64, r-release-windows-ix86+x86_64, r-oldrel-windows-ix86+x86_64

Version: 1.8.0
Check: compiled code
Result: NOTE
    File ‘QuACN/libs/QuACN.so’:
     Found no call to: ‘R_useDynamicSymbols’
    
    It is good practice to register native routines and to disable symbol
    search.
    
    See ‘Writing portable packages’ in the ‘Writing R Extensions’ manual.
Flavors: r-devel-linux-x86_64-debian-clang, r-devel-linux-x86_64-debian-gcc, r-devel-linux-x86_64-fedora-clang, r-devel-linux-x86_64-fedora-gcc, r-patched-linux-x86_64, r-release-linux-x86_64

Version: 1.8.0
Check: package dependencies
Result: ERROR
    Packages required but not available: ‘graph’ ‘RBGL’
    
    Package suggested but not available for checking: ‘Rmpfr’
    
    See section ‘The DESCRIPTION file’ in the ‘Writing R Extensions’
    manual.
Flavor: r-release-osx-x86_64