CRAN Package Check Results for Package QuACN

Last updated on 2017-01-22 17:47:31.

Flavor Version Tinstall Tcheck Ttotal Status Flags
r-devel-linux-x86_64-debian-clang 1.8.0 2.74 51.02 53.76 NOTE
r-devel-linux-x86_64-debian-gcc 1.8.0 2.64 49.84 52.47 NOTE
r-devel-linux-x86_64-fedora-clang 1.8.0 118.19 NOTE --no-stop-on-test-error
r-devel-linux-x86_64-fedora-gcc 1.8.0 97.17 NOTE --no-stop-on-test-error
r-devel-macos-x86_64-clang 1.8.0 82.04 NOTE --no-stop-on-test-error
r-devel-windows-ix86+x86_64 1.8.0 12.00 120.00 132.00 NOTE
r-patched-linux-x86_64 1.8.0 2.44 46.21 48.65 NOTE
r-patched-solaris-sparc 1.8.0 541.50 NOTE
r-patched-solaris-x86 1.8.0 103.00 NOTE
r-release-linux-x86_64 1.8.0 2.44 45.89 48.33 NOTE
r-release-osx-x86_64-mavericks 1.8.0 NOTE
r-release-windows-ix86+x86_64 1.8.0 31.00 143.00 174.00 NOTE
r-oldrel-windows-ix86+x86_64 1.8.0 16.00 166.00 182.00 NOTE

Check Details

Version: 1.8.0
Check: dependencies in R code
Result: NOTE
    'library' or 'require' call to ‘Rmpfr’ in package code.
     Please use :: or requireNamespace() instead.
     See section 'Suggested packages' in the 'Writing R Extensions' manual.
Flavors: r-devel-linux-x86_64-debian-clang, r-devel-linux-x86_64-debian-gcc, r-devel-windows-ix86+x86_64, r-patched-linux-x86_64, r-patched-solaris-sparc, r-patched-solaris-x86, r-release-linux-x86_64, r-release-osx-x86_64-mavericks, r-release-windows-ix86+x86_64, r-oldrel-windows-ix86+x86_64

Version: 1.8.0
Check: R code for possible problems
Result: NOTE
    adjacencyMatrix: no visible global function definition for ‘as’
    Undefined global functions or variables:
     as
    Consider adding
     importFrom("methods", "as")
    to your NAMESPACE file (and ensure that your DESCRIPTION Imports field
    contains 'methods').
Flavors: r-devel-linux-x86_64-debian-clang, r-devel-linux-x86_64-debian-gcc, r-devel-windows-ix86+x86_64, r-patched-linux-x86_64, r-patched-solaris-sparc, r-patched-solaris-x86, r-release-linux-x86_64, r-release-windows-ix86+x86_64

Version: 1.8.0
Flags: --no-stop-on-test-error
Check: dependencies in R code
Result: NOTE
    'library' or 'require' call to ‘Rmpfr’ in package code.
     Please use :: or requireNamespace() instead.
     See section 'Suggested packages' in the 'Writing R Extensions' manual.
Flavors: r-devel-linux-x86_64-fedora-clang, r-devel-linux-x86_64-fedora-gcc, r-devel-macos-x86_64-clang

Version: 1.8.0
Flags: --no-stop-on-test-error
Check: R code for possible problems
Result: NOTE
    adjacencyMatrix: no visible global function definition for ‘as’
    Undefined global functions or variables:
     as
    Consider adding
     importFrom("methods", "as")
    to your NAMESPACE file (and ensure that your DESCRIPTION Imports field
    contains 'methods').
Flavors: r-devel-linux-x86_64-fedora-clang, r-devel-linux-x86_64-fedora-gcc, r-devel-macos-x86_64-clang