CRAN Package Check Results for Package QuACN

Last updated on 2015-05-06 15:46:40.

Flavor Version Tinstall Tcheck Ttotal Status Flags
r-devel-linux-x86_64-debian-clang 1.8.0 2.50 48.02 50.52 NOTE
r-devel-linux-x86_64-debian-gcc 1.8.0 2.40 47.15 49.55 NOTE
r-devel-linux-x86_64-fedora-clang 1.8.0 101.92 NOTE
r-devel-linux-x86_64-fedora-gcc 1.8.0 95.21 NOTE
r-devel-osx-x86_64-clang 1.8.0 93.53 NOTE
r-devel-windows-ix86+x86_64 1.8.0 10.00 92.00 102.00 NOTE
r-patched-linux-x86_64 1.8.0 2.41 48.49 50.90 NOTE
r-patched-solaris-sparc 1.8.0 640.20 NOTE
r-patched-solaris-x86 1.8.0 117.00 NOTE
r-release-linux-x86_64 1.8.0 2.34 47.62 49.96 NOTE
r-release-osx-x86_64-mavericks 1.8.0 NOTE
r-release-osx-x86_64-snowleopard 1.8.0 ERROR
r-release-windows-ix86+x86_64 1.8.0 11.00 92.00 103.00 NOTE
r-oldrel-windows-ix86+x86_64 1.8.0 11.00 132.00 143.00 NOTE

Check Details

Version: 1.8.0
Check: dependencies in R code
Result: NOTE
    'library' or 'require' call to ‘Rmpfr’ in package code.
     Please use :: or requireNamespace() instead.
     See section 'Suggested packages' in the 'Writing R Extensions' manual.
Flavors: r-devel-linux-x86_64-debian-clang, r-devel-linux-x86_64-debian-gcc, r-devel-linux-x86_64-fedora-clang, r-devel-linux-x86_64-fedora-gcc, r-devel-osx-x86_64-clang, r-devel-windows-ix86+x86_64, r-patched-linux-x86_64, r-patched-solaris-sparc, r-patched-solaris-x86, r-release-linux-x86_64, r-release-osx-x86_64-mavericks, r-release-windows-ix86+x86_64, r-oldrel-windows-ix86+x86_64

Version: 1.8.0
Check: package dependencies
Result: ERROR
    Packages required but not available: ‘graph’ ‘RBGL’ ‘igraph’
    
    See section ‘The DESCRIPTION file’ in the ‘Writing R Extensions’
    manual.
Flavor: r-release-osx-x86_64-snowleopard