CRAN Package Check Results for Package Quandl

Last updated on 2015-05-29 17:47:46.

Flavor Version Tinstall Tcheck Ttotal Status Flags
r-devel-linux-x86_64-debian-clang 2.6.0 0.70 11.58 12.28 OK
r-devel-linux-x86_64-debian-gcc 2.6.0 0.92 11.75 12.67 OK
r-devel-linux-x86_64-fedora-clang 2.6.0 24.93 OK
r-devel-linux-x86_64-fedora-gcc 2.6.0 22.11 OK
r-devel-osx-x86_64-clang 2.6.0 27.18 OK
r-devel-windows-ix86+x86_64 2.6.0 3.00 21.00 24.00 OK
r-patched-linux-x86_64 2.6.0 0.70 11.36 12.06 OK
r-patched-solaris-sparc 2.6.0 149.40 OK
r-patched-solaris-x86 2.6.0 33.90 OK
r-release-linux-x86_64 2.6.0 0.70 11.24 11.94 OK
r-release-osx-x86_64-mavericks 2.6.0 OK
r-release-osx-x86_64-snowleopard 2.6.0 ERROR
r-release-windows-ix86+x86_64 2.6.0 3.00 23.00 26.00 OK
r-oldrel-windows-ix86+x86_64 2.6.0 4.00 27.00 31.00 OK

Check Details

Version: 2.6.0
Check: package dependencies
Result: ERROR
    Packages required but not available: ‘xts’ ‘zoo’
    
    See section ‘The DESCRIPTION file’ in the ‘Writing R Extensions’
    manual.
Flavor: r-release-osx-x86_64-snowleopard