CRAN Package Check Results for Package Quandl

Last updated on 2014-04-20 01:48:02.

Flavor Version Tinstall Tcheck Ttotal Status Flags
r-devel-linux-x86_64-debian-clang 2.3.2 1.48 19.54 21.02 OK
r-devel-linux-x86_64-debian-gcc 2.3.2 1.32 19.02 20.34 OK
r-devel-linux-x86_64-fedora-clang 2.3.2 41.08 OK
r-devel-linux-x86_64-fedora-gcc 2.3.2 38.27 OK
r-devel-macosx-x86_64-clang 2.3.2 41.18 OK
r-devel-macosx-x86_64-gcc 2.3.2 ERROR
r-devel-windows-ix86+x86_64 2.3.2 4.00 29.00 33.00 OK
r-patched-linux-x86_64 2.3.2 1.32 19.24 20.56 OK
r-patched-solaris-sparc 2.3.2 221.90 OK
r-patched-solaris-x86 2.3.2 55.20 OK
r-release-linux-ix86 OK
r-release-linux-x86_64 2.3.2 1.34 19.11 20.45 OK
r-release-macosx-x86_64 2.3.2 OK
r-release-windows-ix86+x86_64 2.3.2 6.00 31.00 37.00 OK
r-oldrel-windows-ix86+x86_64 2.3.2 5.00 30.00 35.00 OK

Check Details

Version: 2.3.2
Check: package dependencies
Result: ERROR
    Packages required but not available: ‘zoo’ ‘xts’
    
    See the information on DESCRIPTION files in the chapter ‘Creating R
    packages’ of the ‘Writing R Extensions’ manual.
Flavor: r-devel-macosx-x86_64-gcc