CRAN Package Check Results for Package Quandl

Last updated on 2015-08-31 19:47:53.

Flavor Version Tinstall Tcheck Ttotal Status Flags
r-devel-linux-x86_64-debian-clang 2.6.0 0.66 10.86 11.51 NOTE
r-devel-linux-x86_64-debian-gcc 2.6.0 0.64 10.90 11.54 NOTE
r-devel-linux-x86_64-fedora-clang 2.6.0 22.84 NOTE
r-devel-linux-x86_64-fedora-gcc 2.6.0 22.04 NOTE
r-devel-osx-x86_64-clang 2.6.0 22.29 OK
r-devel-windows-ix86+x86_64 2.6.0 5.00 28.00 33.00 NOTE
r-patched-linux-x86_64 2.6.0 0.69 11.55 12.24 OK
r-patched-solaris-sparc 2.6.0 147.30 OK
r-patched-solaris-x86 2.6.0 35.20 OK
r-release-linux-x86_64 2.6.0 0.72 11.89 12.61 OK
r-release-osx-x86_64-mavericks 2.6.0 OK
r-release-windows-ix86+x86_64 2.6.0 4.00 37.00 41.00 OK
r-oldrel-windows-ix86+x86_64 2.6.0 6.00 29.00 35.00 OK

Check Details

Version: 2.6.0
Check: R code for possible problems
Result: NOTE
    Quandl: no visible global function definition for ‘as.ts’
    Quandl: no visible global function definition for ‘frequency’
    Quandl.auth: no visible global function definition for
     ‘assignInMyNamespace’
    Undefined global functions or variables:
     as.ts assignInMyNamespace frequency
    Consider adding
     importFrom("stats", "as.ts", "frequency")
     importFrom("utils", "assignInMyNamespace")
    to your NAMESPACE.
Flavors: r-devel-linux-x86_64-debian-clang, r-devel-linux-x86_64-debian-gcc, r-devel-linux-x86_64-fedora-clang, r-devel-linux-x86_64-fedora-gcc, r-devel-windows-ix86+x86_64