CRAN Package Check Results for Package Quandl

Last updated on 2016-02-11 19:47:22.

Flavor Version Tinstall Tcheck Ttotal Status Flags
r-devel-linux-x86_64-debian-gcc 2.7.0 0.74 13.05 13.79 OK
r-devel-linux-x86_64-fedora-clang 2.7.0 25.10 OK
r-devel-linux-x86_64-fedora-gcc 2.7.0 23.89 OK
r-devel-osx-x86_64-clang 2.7.0 28.89 OK
r-devel-windows-ix86+x86_64 2.7.0 4.00 26.00 30.00 OK
r-patched-linux-x86_64 2.7.0 0.82 14.89 15.71 OK
r-patched-solaris-sparc 2.7.0 180.60 OK
r-patched-solaris-x86 2.7.0 37.70 OK
r-release-linux-x86_64 2.7.0 0.80 14.47 15.27 OK
r-release-osx-x86_64-mavericks 2.7.0 OK
r-release-windows-ix86+x86_64 2.7.0 4.00 25.00 29.00 OK
r-oldrel-windows-ix86+x86_64 2.7.0 8.00 29.00 37.00 ERROR

Check Details

Version: 2.7.0
Check: R code for possible problems
Result: NOTE
    Quandl.database.bulk_download_to_file: no visible global function
     definition for 'dir.exists'
Flavor: r-oldrel-windows-ix86+x86_64

Version: 2.7.0
Check: tests
Result: ERROR
    Running the tests in 'tests/testthat.R' failed.
    Last 13 lines of output:
     Loading required package: xts
     Loading required package: zoo
    
     Attaching package: 'zoo'
    
     The following objects are masked from 'package:base':
    
     as.Date, as.Date.numeric
    
     Error in FUN("dir.exists"[[1L]], ...) :
     Function dir.exists not found in environment testthat.
     Calls: test_check ... eval -> with_mock -> extract_mocks -> lapply -> FUN
     Execution halted
Flavor: r-oldrel-windows-ix86+x86_64