CRAN Package Check Results for Package Quandl

Last updated on 2015-07-31 08:50:10.

Flavor Version Tinstall Tcheck Ttotal Status Flags
r-devel-linux-x86_64-debian-clang 2.6.0 0.68 11.54 12.22 NOTE
r-devel-linux-x86_64-debian-gcc 2.6.0 0.68 11.61 12.29 NOTE
r-devel-linux-x86_64-fedora-clang 2.6.0 23.50 NOTE
r-devel-linux-x86_64-fedora-gcc 2.6.0 21.99 NOTE
r-devel-osx-x86_64-clang 2.6.0 22.89 OK
r-devel-windows-ix86+x86_64 2.6.0 4.00 22.00 26.00 NOTE
r-patched-linux-x86_64 2.6.0 0.68 11.56 12.24 OK
r-patched-solaris-sparc 2.6.0 147.30 OK
r-patched-solaris-x86 2.6.0 34.40 OK
r-release-linux-x86_64 2.6.0 0.72 11.22 11.94 OK
r-release-osx-x86_64-mavericks 2.6.0 OK
r-release-windows-ix86+x86_64 2.6.0 4.00 20.00 24.00 OK
r-oldrel-windows-ix86+x86_64 2.6.0 3.00 28.00 31.00 OK

Check Details

Version: 2.6.0
Check: R code for possible problems
Result: NOTE
    Quandl: no visible global function definition for ‘as.ts’
    Quandl: no visible global function definition for ‘frequency’
    Quandl.auth: no visible global function definition for
     ‘assignInMyNamespace’
    Undefined global functions or variables:
     as.ts assignInMyNamespace frequency
    Consider adding
     importFrom("stats", "as.ts", "frequency")
     importFrom("utils", "assignInMyNamespace")
    to your NAMESPACE.
Flavors: r-devel-linux-x86_64-debian-clang, r-devel-linux-x86_64-debian-gcc, r-devel-linux-x86_64-fedora-clang, r-devel-linux-x86_64-fedora-gcc, r-devel-windows-ix86+x86_64