CRAN Package Check Results for Package QuantPsyc

Last updated on 2015-03-05 23:48:25.

Flavor Version Tinstall Tcheck Ttotal Status Flags
r-devel-linux-x86_64-debian-clang 1.5 0.73 26.71 27.44 NOTE
r-devel-linux-x86_64-debian-gcc 1.5 0.70 29.18 29.88 NOTE
r-devel-linux-x86_64-fedora-clang 1.5 53.11 NOTE
r-devel-linux-x86_64-fedora-gcc 1.5 52.38 NOTE
r-devel-osx-x86_64-clang 1.5 50.97 OK
r-devel-windows-ix86+x86_64 1.5 3.00 49.00 52.00 OK
r-patched-linux-x86_64 1.5 0.80 30.90 31.70 NOTE
r-patched-solaris-sparc 1.5 369.50 OK
r-patched-solaris-x86 1.5 75.10 OK
r-release-linux-ix86 1.5 1.12 39.12 40.24 NOTE
r-release-linux-x86_64 1.5 0.81 30.91 31.72 NOTE
r-release-osx-x86_64-mavericks 1.5 OK
r-release-osx-x86_64-snowleopard 1.5 OK
r-release-windows-ix86+x86_64 1.5 4.00 50.00 54.00 OK
r-oldrel-windows-ix86+x86_64 1.5 4.00 47.00 51.00 OK

Check Details

Version: 1.5
Check: top-level files
Result: NOTE
    Non-standard file/directory found at top level:
     ‘README.txt’
Flavors: r-devel-linux-x86_64-debian-clang, r-devel-linux-x86_64-debian-gcc, r-devel-linux-x86_64-fedora-clang, r-devel-linux-x86_64-fedora-gcc, r-patched-linux-x86_64, r-release-linux-ix86, r-release-linux-x86_64

Version: 1.5
Check: R code for possible problems
Result: NOTE
    Found the following calls to attach():
    File ‘QuantPsyc/R/graph.mod.R’:
     attach(data)
    File ‘QuantPsyc/R/moderate.lm.R’:
     attach(data)
    See section ‘Good practice’ in ‘?attach’.
Flavors: r-devel-linux-x86_64-debian-clang, r-devel-linux-x86_64-debian-gcc, r-patched-linux-x86_64, r-release-linux-ix86, r-release-linux-x86_64

Version: 1.5
Check: Rd line widths
Result: NOTE
    Rd file 'graph.mod.Rd':
     \usage lines wider than 90 characters:
     graph.mod(ssmod, x, y, data, title = "", xlab = "Centered X", ylab = "Raw Y", ylimit = 1.5, ...)
    
    These lines will be truncated in the PDF manual.
Flavors: r-devel-linux-x86_64-debian-clang, r-devel-linux-x86_64-debian-gcc, r-devel-linux-x86_64-fedora-clang, r-devel-linux-x86_64-fedora-gcc, r-patched-linux-x86_64, r-release-linux-ix86, r-release-linux-x86_64