CRAN Package Check Results for Package QuantPsyc

Last updated on 2014-12-21 03:48:23.

Flavor Version Tinstall Tcheck Ttotal Status Flags
r-devel-linux-x86_64-debian-clang 1.5 1.02 28.94 29.96 NOTE
r-devel-linux-x86_64-debian-gcc 1.5 0.77 27.26 28.03 NOTE
r-devel-linux-x86_64-fedora-clang 1.5 59.77 NOTE
r-devel-linux-x86_64-fedora-gcc 1.5 57.38 NOTE
r-devel-osx-x86_64-clang 1.5 53.24 OK
r-devel-windows-ix86+x86_64 1.5 4.00 48.00 52.00 OK
r-patched-linux-x86_64 1.5 0.81 31.07 31.88 NOTE
r-patched-solaris-sparc 1.5 341.90 OK
r-patched-solaris-x86 1.5 72.70 OK
r-release-linux-ix86 1.5 1.11 38.42 39.53 OK
r-release-linux-x86_64 1.5 0.81 31.06 31.87 NOTE
r-release-osx-x86_64-mavericks 1.5 OK
r-release-osx-x86_64-snowleopard 1.5 OK
r-release-windows-ix86+x86_64 1.5 3.00 53.00 56.00 OK
r-oldrel-windows-ix86+x86_64 1.5 4.00 47.00 51.00 OK

Check Details

Version: 1.5
Check: top-level files
Result: NOTE
    Non-standard file/directory found at top level:
     ‘README.txt’
Flavors: r-devel-linux-x86_64-debian-clang, r-devel-linux-x86_64-debian-gcc, r-devel-linux-x86_64-fedora-clang, r-devel-linux-x86_64-fedora-gcc, r-patched-linux-x86_64, r-release-linux-x86_64

Version: 1.5
Check: R code for possible problems
Result: NOTE
    Found the following calls to attach():
    File ‘QuantPsyc/R/graph.mod.R’:
     attach(data)
    File ‘QuantPsyc/R/moderate.lm.R’:
     attach(data)
    See section ‘Good practice’ in ‘?attach’.
Flavors: r-devel-linux-x86_64-debian-clang, r-devel-linux-x86_64-debian-gcc, r-patched-linux-x86_64, r-release-linux-x86_64

Version: 1.5
Check: Rd line widths
Result: NOTE
    Rd file 'graph.mod.Rd':
     \usage lines wider than 90 characters:
     graph.mod(ssmod, x, y, data, title = "", xlab = "Centered X", ylab = "Raw Y", ylimit = 1.5, ...)
    
    These lines will be truncated in the PDF manual.
Flavors: r-devel-linux-x86_64-debian-clang, r-devel-linux-x86_64-debian-gcc, r-devel-linux-x86_64-fedora-clang, r-devel-linux-x86_64-fedora-gcc, r-patched-linux-x86_64, r-release-linux-x86_64