CRAN Package Check Results for Package QuantPsyc

Last updated on 2014-09-21 03:49:09.

Flavor Version Tinstall Tcheck Ttotal Status Flags
r-devel-linux-x86_64-debian-clang 1.5 0.75 28.21 28.96 NOTE
r-devel-linux-x86_64-debian-gcc 1.5 0.72 27.56 28.28 NOTE
r-devel-linux-x86_64-fedora-clang 1.5 60.10 NOTE
r-devel-linux-x86_64-fedora-gcc 1.5 58.01 NOTE
r-devel-osx-x86_64-clang 1.5 53.90 OK
r-devel-windows-ix86+x86_64 1.5 3.00 46.00 49.00 OK
r-patched-linux-x86_64 1.5 0.77 30.80 31.58 NOTE
r-patched-solaris-sparc 1.5 341.90 OK
r-patched-solaris-x86 1.5 71.60 OK
r-release-linux-ix86 1.5 1.14 39.93 41.07 OK
r-release-linux-x86_64 1.5 0.80 30.48 31.28 NOTE
r-release-osx-x86_64-mavericks 1.5 OK
r-release-osx-x86_64-snowleopard 1.5 OK
r-release-windows-ix86+x86_64 1.5 3.00 49.00 52.00 OK
r-oldrel-windows-ix86+x86_64 1.5 4.00 50.00 54.00 OK

Check Details

Version: 1.5
Check: top-level files
Result: NOTE
    Non-standard file/directory found at top level:
     ‘README.txt’
Flavors: r-devel-linux-x86_64-debian-clang, r-devel-linux-x86_64-debian-gcc, r-devel-linux-x86_64-fedora-clang, r-devel-linux-x86_64-fedora-gcc, r-patched-linux-x86_64, r-release-linux-x86_64

Version: 1.5
Check: R code for possible problems
Result: NOTE
    Found the following calls to attach():
    File ‘QuantPsyc/R/graph.mod.R’:
     attach(data)
    File ‘QuantPsyc/R/moderate.lm.R’:
     attach(data)
    See section ‘Good practice’ in ‘?attach’.
Flavors: r-devel-linux-x86_64-debian-clang, r-devel-linux-x86_64-debian-gcc, r-patched-linux-x86_64, r-release-linux-x86_64

Version: 1.5
Check: Rd line widths
Result: NOTE
    Rd file 'graph.mod.Rd':
     \usage lines wider than 90 characters:
     graph.mod(ssmod, x, y, data, title = "", xlab = "Centered X", ylab = "Raw Y", ylimit = 1.5, ...)
    
    These lines will be truncated in the PDF manual.
Flavors: r-devel-linux-x86_64-debian-clang, r-devel-linux-x86_64-debian-gcc, r-devel-linux-x86_64-fedora-clang, r-devel-linux-x86_64-fedora-gcc, r-patched-linux-x86_64, r-release-linux-x86_64