CRAN Package Check Results for Package QuantPsyc

Last updated on 2014-04-24 09:49:07.

Flavor Version Tinstall Tcheck Ttotal Status Flags
r-devel-linux-x86_64-debian-clang 1.5 0.84 31.53 32.38 OK
r-devel-linux-x86_64-debian-gcc 1.5 0.91 31.22 32.14 OK
r-devel-linux-x86_64-fedora-clang 1.5 65.46 NOTE
r-devel-linux-x86_64-fedora-gcc 1.5 63.03 NOTE
r-devel-osx-x86_64-clang 1.5 54.82 OK
r-devel-osx-x86_64-gcc 1.5 OK
r-devel-windows-ix86+x86_64 1.5 3.00 47.00 50.00 OK
r-patched-linux-x86_64 1.5 0.81 30.76 31.58 OK
r-patched-solaris-sparc 1.5 332.60 OK
r-patched-solaris-x86 1.5 73.80 OK
r-release-linux-ix86 1.5 2.00 52.00 54.00 OK
r-release-linux-x86_64 1.5 0.89 31.74 32.63 OK
r-release-osx-x86_64-mavericks 1.5 WARN
r-release-osx-x86_64-snowleopard 1.5 OK
r-release-windows-ix86+x86_64 1.5 3.00 48.00 51.00 OK
r-oldrel-windows-ix86+x86_64 1.5 4.00 45.00 49.00 OK

Check Details

Version: 1.5
Check: top-level files
Result: NOTE
    Non-standard file/directory found at top level:
     ‘README.txt’
Flavors: r-devel-linux-x86_64-fedora-clang, r-devel-linux-x86_64-fedora-gcc

Version: 1.5
Check: Rd line widths
Result: NOTE
    Rd file 'graph.mod.Rd':
     \usage lines wider than 90 characters:
     graph.mod(ssmod, x, y, data, title = "", xlab = "Centered X", ylab = "Raw Y", ylimit = 1.5, ...)
    
    These lines will be truncated in the PDF manual.
Flavors: r-devel-linux-x86_64-fedora-clang, r-devel-linux-x86_64-fedora-gcc

Version: 1.5
Check: PDF version of manual
Result: WARNING
    LaTeX errors when creating PDF version.
    This typically indicates Rd problems.
    LaTeX errors found:
    ! LaTeX Error: File `upquote.sty' not found.
    
    Type X to quit or <RETURN> to proceed,
    or enter new name. (Default extension: sty)
    
    2612a82/Rd2.tex:8: ==> Fatal error occurred, no output PDF file produced!
Flavor: r-release-osx-x86_64-mavericks