CRAN Package Check Results for Package QuantPsyc

Last updated on 2014-08-23 20:47:01.

Flavor Version Tinstall Tcheck Ttotal Status Flags
r-devel-linux-x86_64-debian-clang 1.5 0.82 28.65 29.47 OK
r-devel-linux-x86_64-debian-gcc 1.5 0.74 27.81 28.56 OK
r-devel-linux-x86_64-fedora-clang 1.5 60.92 NOTE
r-devel-linux-x86_64-fedora-gcc 1.5 56.79 NOTE
r-devel-osx-x86_64-clang 1.5 51.43 OK
r-devel-windows-ix86+x86_64 1.5 3.00 44.00 47.00 OK
r-patched-linux-x86_64 1.5 0.77 30.21 30.98 OK
r-patched-solaris-sparc 1.5 341.90 OK
r-patched-solaris-x86 1.5 72.50 OK
r-release-linux-ix86 1.5 1.12 40.15 41.27 OK
r-release-linux-x86_64 1.5 0.82 30.27 31.09 OK
r-release-osx-x86_64-mavericks 1.5 OK
r-release-osx-x86_64-snowleopard 1.5 OK
r-release-windows-ix86+x86_64 1.5 3.00 49.00 52.00 OK
r-oldrel-windows-ix86+x86_64 1.5 4.00 44.00 48.00 OK

Check Details

Version: 1.5
Check: top-level files
Result: NOTE
    Non-standard file/directory found at top level:
     ‘README.txt’
Flavors: r-devel-linux-x86_64-fedora-clang, r-devel-linux-x86_64-fedora-gcc

Version: 1.5
Check: Rd line widths
Result: NOTE
    Rd file 'graph.mod.Rd':
     \usage lines wider than 90 characters:
     graph.mod(ssmod, x, y, data, title = "", xlab = "Centered X", ylab = "Raw Y", ylimit = 1.5, ...)
    
    These lines will be truncated in the PDF manual.
Flavors: r-devel-linux-x86_64-fedora-clang, r-devel-linux-x86_64-fedora-gcc