CRAN Package Check Results for Package QuantPsyc

Last updated on 2014-07-23 11:49:44.

Flavor Version Tinstall Tcheck Ttotal Status Flags
r-devel-linux-x86_64-debian-clang 1.5 0.79 31.14 31.94 OK
r-devel-linux-x86_64-debian-gcc 1.5 0.90 29.94 30.84 OK
r-devel-linux-x86_64-fedora-clang 1.5 66.55 NOTE
r-devel-linux-x86_64-fedora-gcc 1.5 62.89 NOTE
r-devel-osx-x86_64-clang 1.5 53.52 OK
r-devel-windows-ix86+x86_64 1.5 3.00 51.00 54.00 OK
r-patched-linux-x86_64 1.5 0.88 29.77 30.65 OK
r-patched-solaris-sparc 1.5 332.60 OK
r-patched-solaris-x86 1.5 71.70 OK
r-release-linux-ix86 1.5 1.12 38.91 40.03 OK
r-release-linux-x86_64 1.5 0.79 31.21 32.00 OK
r-release-osx-x86_64-mavericks 1.5 OK
r-release-osx-x86_64-snowleopard 1.5 OK
r-release-windows-ix86+x86_64 1.5 3.00 46.00 49.00 OK
r-oldrel-windows-ix86+x86_64 1.5 3.00 49.00 52.00 OK

Check Details

Version: 1.5
Check: top-level files
Result: NOTE
    Non-standard file/directory found at top level:
     ‘README.txt’
Flavors: r-devel-linux-x86_64-fedora-clang, r-devel-linux-x86_64-fedora-gcc

Version: 1.5
Check: Rd line widths
Result: NOTE
    Rd file 'graph.mod.Rd':
     \usage lines wider than 90 characters:
     graph.mod(ssmod, x, y, data, title = "", xlab = "Centered X", ylab = "Raw Y", ylimit = 1.5, ...)
    
    These lines will be truncated in the PDF manual.
Flavors: r-devel-linux-x86_64-fedora-clang, r-devel-linux-x86_64-fedora-gcc