CRAN Package Check Results for Package QuantPsyc

Last updated on 2014-11-28 17:51:42.

Flavor Version Tinstall Tcheck Ttotal Status Flags
r-devel-linux-x86_64-debian-clang 1.5 0.77 27.92 28.69 NOTE
r-devel-linux-x86_64-debian-gcc 1.5 0.82 27.30 28.12 NOTE
r-devel-linux-x86_64-fedora-clang 1.5 59.46 NOTE
r-devel-linux-x86_64-fedora-gcc 1.5 58.26 NOTE
r-devel-osx-x86_64-clang 1.5 52.64 OK
r-devel-windows-ix86+x86_64 1.5 3.00 45.00 48.00 OK
r-patched-linux-x86_64 1.5 0.84 31.52 32.36 NOTE
r-patched-solaris-sparc 1.5 341.90 OK
r-patched-solaris-x86 1.5 71.00 OK
r-release-linux-ix86 1.5 1.09 38.40 39.49 OK
r-release-linux-x86_64 1.5 0.80 30.52 31.32 NOTE
r-release-osx-x86_64-mavericks 1.5 OK
r-release-osx-x86_64-snowleopard 1.5 OK
r-release-windows-ix86+x86_64 1.5 3.00 50.00 53.00 OK
r-oldrel-windows-ix86+x86_64 1.5 3.00 46.00 49.00 OK

Check Details

Version: 1.5
Check: top-level files
Result: NOTE
    Non-standard file/directory found at top level:
     ‘README.txt’
Flavors: r-devel-linux-x86_64-debian-clang, r-devel-linux-x86_64-debian-gcc, r-devel-linux-x86_64-fedora-clang, r-devel-linux-x86_64-fedora-gcc, r-patched-linux-x86_64, r-release-linux-x86_64

Version: 1.5
Check: R code for possible problems
Result: NOTE
    Found the following calls to attach():
    File ‘QuantPsyc/R/graph.mod.R’:
     attach(data)
    File ‘QuantPsyc/R/moderate.lm.R’:
     attach(data)
    See section ‘Good practice’ in ‘?attach’.
Flavors: r-devel-linux-x86_64-debian-clang, r-devel-linux-x86_64-debian-gcc, r-patched-linux-x86_64, r-release-linux-x86_64

Version: 1.5
Check: Rd line widths
Result: NOTE
    Rd file 'graph.mod.Rd':
     \usage lines wider than 90 characters:
     graph.mod(ssmod, x, y, data, title = "", xlab = "Centered X", ylab = "Raw Y", ylimit = 1.5, ...)
    
    These lines will be truncated in the PDF manual.
Flavors: r-devel-linux-x86_64-debian-clang, r-devel-linux-x86_64-debian-gcc, r-devel-linux-x86_64-fedora-clang, r-devel-linux-x86_64-fedora-gcc, r-patched-linux-x86_64, r-release-linux-x86_64