CRAN Package Check Results for Package QuantPsyc

Last updated on 2015-08-01 11:49:09.

Flavor Version Tinstall Tcheck Ttotal Status Flags
r-devel-linux-x86_64-debian-clang 1.5 0.72 26.11 26.83 NOTE
r-devel-linux-x86_64-debian-gcc 1.5 0.78 25.64 26.43 NOTE
r-devel-linux-x86_64-fedora-clang 1.5 52.88 NOTE
r-devel-linux-x86_64-fedora-gcc 1.5 48.95 NOTE
r-devel-osx-x86_64-clang 1.5 44.56 OK
r-devel-windows-ix86+x86_64 1.5 6.00 48.00 54.00 NOTE
r-patched-linux-x86_64 1.5 0.72 25.92 26.64 NOTE
r-patched-solaris-sparc 1.5 314.70 OK
r-patched-solaris-x86 1.5 64.00 OK
r-release-linux-x86_64 1.5 0.72 25.68 26.40 NOTE
r-release-osx-x86_64-mavericks 1.5 OK
r-release-windows-ix86+x86_64 1.5 4.00 66.00 70.00 OK
r-oldrel-windows-ix86+x86_64 1.5 6.00 58.00 64.00 OK

Check Details

Version: 1.5
Check: top-level files
Result: NOTE
    Non-standard file/directory found at top level:
     ‘README.txt’
Flavors: r-devel-linux-x86_64-debian-clang, r-devel-linux-x86_64-debian-gcc, r-devel-linux-x86_64-fedora-clang, r-devel-linux-x86_64-fedora-gcc, r-patched-linux-x86_64, r-release-linux-x86_64

Version: 1.5
Check: R code for possible problems
Result: NOTE
    ClassLog: no visible global function definition for ‘predict’
    Kurt: no visible global function definition for ‘var’
    Kurt: no visible global function definition for ‘pnorm’
    Make.Z: no visible binding for global variable ‘sd’
    Normalize: no visible global function definition for ‘qnorm’
    Normalize: no visible global function definition for ‘sd’
    Skew: no visible global function definition for ‘var’
    Skew: no visible global function definition for ‘pnorm’
    distal.med: no visible global function definition for ‘lm’
    distal.med: no visible global function definition for ‘vcov’
    eda.uni: no visible global function definition for ‘par’
    eda.uni: no visible global function definition for ‘hist’
    eda.uni: no visible global function definition for ‘plot’
    eda.uni: no visible global function definition for ‘density’
    eda.uni: no visible global function definition for ‘qqnorm’
    eda.uni: no visible global function definition for ‘qqline’
    eda.uni: no visible global function definition for ‘boxplot’
    graph.mod: no visible global function definition for ‘sd’
    graph.mod: no visible global function definition for ‘plot’
    graph.mod: no visible global function definition for ‘abline’
    graph.mod: no visible global function definition for ‘legend’
    graph.mod: no visible global function definition for ‘locator’
    lm.beta: no visible binding for global variable ‘sd’
    moderate.lm: no visible global function definition for ‘lm’
    moderate.lm: no visible binding for global variable ‘na.omit’
    mult.norm: no visible global function definition for ‘var’
    mult.norm: no visible global function definition for ‘na.omit’
    mult.norm: no visible global function definition for ‘qchisq’
    mult.norm: no visible global function definition for ‘pchisq’
    mult.norm: no visible global function definition for ‘pnorm’
    plotNormX: no visible global function definition for ‘plot’
    plotNormX: no visible global function definition for ‘density’
    plotNormX: no visible global function definition for ‘lines’
    plotNormX: no visible global function definition for ‘qnorm’
    plotNormX: no visible global function definition for ‘ppoints’
    plotNormX: no visible global function definition for ‘sd’
    plotNormXm: no visible global function definition for ‘plot’
    plotNormXm: no visible global function definition for ‘density’
    plotNormXm: no visible global function definition for ‘lines’
    plotNormXm: no visible global function definition for ‘qnorm’
    plotNormXm: no visible global function definition for ‘ppoints’
    plotNormXm: no visible global function definition for ‘sd’
    powerF: no visible global function definition for ‘pf’
    powerF: no visible global function definition for ‘qf’
    proximal.med: no visible global function definition for ‘lm’
    sim.slopes: no visible global function definition for ‘sd’
    sim.slopes: no visible global function definition for ‘vcov’
    sim.slopes: no visible global function definition for ‘qt’
    Undefined global functions or variables:
     abline boxplot density hist legend lines lm locator na.omit par
     pchisq pf plot pnorm ppoints predict qchisq qf qnorm qqline qqnorm qt
     sd var vcov
    Consider adding
     importFrom("graphics", "abline", "boxplot", "hist", "legend", "lines",
     "locator", "par", "plot")
     importFrom("stats", "density", "lm", "na.omit", "pchisq", "pf",
     "pnorm", "ppoints", "predict", "qchisq", "qf", "qnorm",
     "qqline", "qqnorm", "qt", "sd", "var", "vcov")
    to your NAMESPACE.
    
    Found the following calls to attach():
    File ‘QuantPsyc/R/graph.mod.R’:
     attach(data)
    File ‘QuantPsyc/R/moderate.lm.R’:
     attach(data)
    See section ‘Good practice’ in ‘?attach’.
Flavors: r-devel-linux-x86_64-debian-clang, r-devel-linux-x86_64-debian-gcc

Version: 1.5
Check: Rd line widths
Result: NOTE
    Rd file 'graph.mod.Rd':
     \usage lines wider than 90 characters:
     graph.mod(ssmod, x, y, data, title = "", xlab = "Centered X", ylab = "Raw Y", ylimit = 1.5, ...)
    
    These lines will be truncated in the PDF manual.
Flavors: r-devel-linux-x86_64-debian-clang, r-devel-linux-x86_64-debian-gcc, r-devel-linux-x86_64-fedora-clang, r-devel-linux-x86_64-fedora-gcc, r-patched-linux-x86_64, r-release-linux-x86_64

Version: 1.5
Check: R code for possible problems
Result: NOTE
    ClassLog: no visible global function definition for ‘predict’
    Kurt: no visible global function definition for ‘var’
    Kurt: no visible global function definition for ‘pnorm’
    Make.Z: no visible binding for global variable ‘sd’
    Normalize: no visible global function definition for ‘qnorm’
    Normalize: no visible global function definition for ‘sd’
    Skew: no visible global function definition for ‘var’
    Skew: no visible global function definition for ‘pnorm’
    distal.med: no visible global function definition for ‘lm’
    distal.med: no visible global function definition for ‘vcov’
    eda.uni: no visible global function definition for ‘par’
    eda.uni: no visible global function definition for ‘hist’
    eda.uni: no visible global function definition for ‘plot’
    eda.uni: no visible global function definition for ‘density’
    eda.uni: no visible global function definition for ‘qqnorm’
    eda.uni: no visible global function definition for ‘qqline’
    eda.uni: no visible global function definition for ‘boxplot’
    graph.mod: no visible global function definition for ‘sd’
    graph.mod: no visible global function definition for ‘plot’
    graph.mod: no visible global function definition for ‘abline’
    graph.mod: no visible global function definition for ‘legend’
    graph.mod: no visible global function definition for ‘locator’
    lm.beta: no visible binding for global variable ‘sd’
    moderate.lm: no visible global function definition for ‘lm’
    moderate.lm: no visible binding for global variable ‘na.omit’
    mult.norm: no visible global function definition for ‘var’
    mult.norm: no visible global function definition for ‘na.omit’
    mult.norm: no visible global function definition for ‘qchisq’
    mult.norm: no visible global function definition for ‘pchisq’
    mult.norm: no visible global function definition for ‘pnorm’
    plotNormX: no visible global function definition for ‘plot’
    plotNormX: no visible global function definition for ‘density’
    plotNormX: no visible global function definition for ‘lines’
    plotNormX: no visible global function definition for ‘qnorm’
    plotNormX: no visible global function definition for ‘ppoints’
    plotNormX: no visible global function definition for ‘sd’
    plotNormXm: no visible global function definition for ‘plot’
    plotNormXm: no visible global function definition for ‘density’
    plotNormXm: no visible global function definition for ‘lines’
    plotNormXm: no visible global function definition for ‘qnorm’
    plotNormXm: no visible global function definition for ‘ppoints’
    plotNormXm: no visible global function definition for ‘sd’
    powerF: no visible global function definition for ‘pf’
    powerF: no visible global function definition for ‘qf’
    proximal.med: no visible global function definition for ‘lm’
    sim.slopes: no visible global function definition for ‘sd’
    sim.slopes: no visible global function definition for ‘vcov’
    sim.slopes: no visible global function definition for ‘qt’
    Undefined global functions or variables:
     abline boxplot density hist legend lines lm locator na.omit par
     pchisq pf plot pnorm ppoints predict qchisq qf qnorm qqline qqnorm qt
     sd var vcov
    Consider adding
     importFrom("graphics", "abline", "boxplot", "hist", "legend", "lines",
     "locator", "par", "plot")
     importFrom("stats", "density", "lm", "na.omit", "pchisq", "pf",
     "pnorm", "ppoints", "predict", "qchisq", "qf", "qnorm",
     "qqline", "qqnorm", "qt", "sd", "var", "vcov")
    to your NAMESPACE.
Flavors: r-devel-linux-x86_64-fedora-clang, r-devel-linux-x86_64-fedora-gcc, r-devel-windows-ix86+x86_64

Version: 1.5
Check: R code for possible problems
Result: NOTE
    Found the following calls to attach():
    File ‘QuantPsyc/R/graph.mod.R’:
     attach(data)
    File ‘QuantPsyc/R/moderate.lm.R’:
     attach(data)
    See section ‘Good practice’ in ‘?attach’.
Flavors: r-patched-linux-x86_64, r-release-linux-x86_64