CRAN Package Check Results for Package QuantPsyc

Last updated on 2015-04-19 11:51:17.

Flavor Version Tinstall Tcheck Ttotal Status Flags
r-devel-linux-x86_64-debian-clang 1.5 0.98 26.88 27.86 NOTE
r-devel-linux-x86_64-debian-gcc 1.5 0.72 26.70 27.42 NOTE
r-devel-linux-x86_64-fedora-clang 1.5 54.47 NOTE
r-devel-linux-x86_64-fedora-gcc 1.5 51.23 NOTE
r-devel-osx-x86_64-clang 1.5 52.34 OK
r-devel-windows-ix86+x86_64 1.5 6.00 40.00 46.00 OK
r-patched-linux-x86_64 1.5 0.72 26.57 27.29 NOTE
r-patched-solaris-sparc 1.5 341.20 OK
r-patched-solaris-x86 1.5 64.40 OK
r-release-linux-x86_64 1.5 0.78 26.21 26.99 NOTE
r-release-osx-x86_64-mavericks 1.5 OK
r-release-osx-x86_64-snowleopard 1.5 OK
r-release-windows-ix86+x86_64 1.5 2.00 39.00 41.00 OK
r-oldrel-windows-ix86+x86_64 1.5 3.00 65.00 68.00 OK

Check Details

Version: 1.5
Check: top-level files
Result: NOTE
    Non-standard file/directory found at top level:
     ‘README.txt’
Flavors: r-devel-linux-x86_64-debian-clang, r-devel-linux-x86_64-debian-gcc, r-devel-linux-x86_64-fedora-clang, r-devel-linux-x86_64-fedora-gcc, r-patched-linux-x86_64, r-release-linux-x86_64

Version: 1.5
Check: R code for possible problems
Result: NOTE
    Found the following calls to attach():
    File ‘QuantPsyc/R/graph.mod.R’:
     attach(data)
    File ‘QuantPsyc/R/moderate.lm.R’:
     attach(data)
    See section ‘Good practice’ in ‘?attach’.
Flavors: r-devel-linux-x86_64-debian-clang, r-devel-linux-x86_64-debian-gcc, r-patched-linux-x86_64, r-release-linux-x86_64

Version: 1.5
Check: Rd line widths
Result: NOTE
    Rd file 'graph.mod.Rd':
     \usage lines wider than 90 characters:
     graph.mod(ssmod, x, y, data, title = "", xlab = "Centered X", ylab = "Raw Y", ylimit = 1.5, ...)
    
    These lines will be truncated in the PDF manual.
Flavors: r-devel-linux-x86_64-debian-clang, r-devel-linux-x86_64-debian-gcc, r-devel-linux-x86_64-fedora-clang, r-devel-linux-x86_64-fedora-gcc, r-patched-linux-x86_64, r-release-linux-x86_64