CRAN Package Check Results for Package QuasiSeq

Last updated on 2017-08-18 00:50:18.

Flavor Version Tinstall Tcheck Ttotal Status Flags
r-devel-linux-x86_64-debian-clang 1.0-10-1 3.64 40.83 44.47 OK
r-devel-linux-x86_64-debian-gcc 1.0-10-1 3.38 39.18 42.55 OK
r-devel-linux-x86_64-fedora-clang 1.0-10-1 95.47 OK
r-devel-linux-x86_64-fedora-gcc 1.0-10-1 100.31 OK
r-devel-windows-ix86+x86_64 1.0-10-1 12.00 84.00 96.00 OK
r-patched-linux-x86_64 1.0-10-1 3.49 43.00 46.49 OK
r-patched-solaris-x86 1.0-10-1 124.70 OK
r-release-linux-x86_64 1.0-10-1 3.70 40.77 44.47 OK
r-release-windows-ix86+x86_64 1.0-10-1 11.00 92.00 103.00 OK
r-release-osx-x86_64 1.0-10-1 ERROR
r-oldrel-windows-ix86+x86_64 1.0-10-1 12.00 76.00 88.00 OK
r-oldrel-osx-x86_64 1.0-10-1 OK

Check Details

Version: 1.0-10-1
Check: package dependencies
Result: ERROR
    Package required but not available: ‘edgeR’
    
    See section ‘The DESCRIPTION file’ in the ‘Writing R Extensions’
    manual.
Flavor: r-release-osx-x86_64