CRAN Package Check Results for Package QuasiSeq

Last updated on 2022-12-03 23:01:37 CET.

Flavor Version Tinstall Tcheck Ttotal Status Flags
r-devel-linux-x86_64-debian-clang 1.0-11-0 14.36 95.31 109.67 WARN
r-devel-linux-x86_64-debian-gcc 1.0-11-0 9.93 72.31 82.24 WARN
r-devel-linux-x86_64-fedora-clang 1.0-11-0 141.81 WARN
r-devel-linux-x86_64-fedora-gcc 1.0-11-0 138.78 WARN
r-devel-windows-x86_64 1.0-11-0 28.00 124.00 152.00 OK
r-patched-linux-x86_64 1.0-11-0 13.74 90.23 103.97 OK
r-release-linux-x86_64 1.0-11-0 13.76 91.87 105.63 OK
r-release-macos-arm64 1.0-11-0 40.00 OK
r-release-macos-x86_64 1.0-11-0 54.00 OK
r-release-windows-x86_64 1.0-11-0 23.00 129.00 152.00 OK
r-oldrel-macos-arm64 1.0-11-0 42.00 OK
r-oldrel-macos-x86_64 1.0-11-0 57.00 OK
r-oldrel-windows-ix86+x86_64 1.0-11-0 27.00 139.00 166.00 OK

Check Details

Version: 1.0-11-0
Check: whether package can be installed
Result: WARN
    Found the following significant warnings:
     glmBias.c:84:19: warning: a function declaration without a prototype is deprecated in all versions of C [-Wstrict-prototypes]
Flavors: r-devel-linux-x86_64-debian-clang, r-devel-linux-x86_64-fedora-clang

Version: 1.0-11-0
Check: whether package can be installed
Result: WARN
    Found the following significant warnings:
     glmBias.c:84:6: warning: function declaration isn’t a prototype [-Wstrict-prototypes]
Flavors: r-devel-linux-x86_64-debian-gcc, r-devel-linux-x86_64-fedora-gcc