CRAN Package Check Results for Package QuasiSeq

Last updated on 2015-08-29 06:47:50.

Flavor Version Tinstall Tcheck Ttotal Status Flags
r-devel-linux-x86_64-debian-clang 1.0-8 3.33 38.30 41.63 NOTE
r-devel-linux-x86_64-debian-gcc 1.0-8 3.32 39.32 42.64 NOTE
r-devel-linux-x86_64-fedora-clang 1.0-8 87.55 NOTE
r-devel-linux-x86_64-fedora-gcc 1.0-8 83.42 NOTE
r-devel-osx-x86_64-clang 1.0-8 74.20 OK
r-devel-windows-ix86+x86_64 1.0-8 22.00 92.00 114.00 NOTE
r-patched-linux-x86_64 1.0-8 3.59 39.84 43.43 OK
r-patched-solaris-sparc 1.0-8 565.70 OK
r-patched-solaris-x86 1.0-8 123.30 OK
r-release-linux-x86_64 1.0-8 3.57 40.49 44.06 OK
r-release-osx-x86_64-mavericks 1.0-8 OK
r-release-windows-ix86+x86_64 1.0-8 19.00 92.00 111.00 OK
r-oldrel-windows-ix86+x86_64 1.0-8 24.00 124.00 148.00 OK

Check Details

Version: 1.0-8
Check: R code for possible problems
Result: NOTE
    NBDev: no visible global function definition for ‘glm.control’
    NBDev: no visible global function definition for ‘coef’
    NBDev: no visible global function definition for ‘model.matrix’
    PoisDev: no visible global function definition for ‘glm’
    QL.fit: no visible global function definition for ‘model.matrix’
    QL.results : shrink.phi: no visible global function definition for
     ‘var’
    QL.results : shrink.phi : inverse.trigamma: no visible global function
     definition for ‘optimize’
    QL.results: no visible global function definition for ‘smooth.spline’
    QL.results: no visible global function definition for ‘predict’
    QL.results: no visible global function definition for ‘dev.new’
    QL.results: no visible global function definition for ‘layout’
    QL.results: no visible global function definition for ‘par’
    QL.results: no visible global function definition for ‘plot’
    QL.results: no visible global function definition for ‘lines’
    QL.results: no visible global function definition for ‘quantile’
    QL.results: no visible global function definition for ‘median’
    QL.results: no visible global function definition for ‘qf’
    QL.results: no visible global function definition for ‘legend’
    QL.results: no visible global function definition for ‘pf’
    fbrNBglm.fit: no visible global function definition for ‘var’
    glm.fit3: no visible global function definition for ‘gaussian’
    glm.fit3: no visible global function definition for ‘lm.fit’
    Undefined global functions or variables:
     coef dev.new gaussian glm glm.control layout legend lines lm.fit
     median model.matrix optimize par pf plot predict qf quantile
     smooth.spline var
    Consider adding
     importFrom("grDevices", "dev.new")
     importFrom("graphics", "layout", "legend", "lines", "par", "plot")
     importFrom("stats", "coef", "gaussian", "glm", "glm.control", "lm.fit",
     "median", "model.matrix", "optimize", "pf", "predict", "qf",
     "quantile", "smooth.spline", "var")
    to your NAMESPACE.
Flavors: r-devel-linux-x86_64-debian-clang, r-devel-linux-x86_64-debian-gcc, r-devel-linux-x86_64-fedora-clang, r-devel-linux-x86_64-fedora-gcc, r-devel-windows-ix86+x86_64