CRAN Package Check Results for Package QuasiSeq

Last updated on 2018-05-21 04:49:21 CEST.

Flavor Version Tinstall Tcheck Ttotal Status Flags
r-devel-linux-x86_64-debian-clang 1.0-10-2 8.63 65.93 74.56 OK
r-devel-linux-x86_64-debian-gcc 1.0-10-2 7.31 61.89 69.20 OK
r-devel-linux-x86_64-fedora-clang 1.0-10-2 106.78 OK
r-devel-linux-x86_64-fedora-gcc 1.0-10-2 101.58 OK
r-devel-windows-ix86+x86_64 1.0-10-2 20.00 110.00 130.00 OK
r-patched-linux-x86_64 1.0-10-2 6.00 65.54 71.54 OK
r-patched-solaris-x86 1.0-10-2 128.10 OK
r-release-linux-x86_64 1.0-10-2 7.00 65.43 72.43 OK
r-release-windows-ix86+x86_64 1.0-10-2 14.00 101.00 115.00 OK
r-release-osx-x86_64 1.0-10-2 OK
r-oldrel-osx-x86_64 1.0-10-1 ERROR

Check Details

Version: 1.0-10-1
Check: package dependencies
Result: ERROR
    Package required but not available: ‘edgeR’
    
    See section ‘The DESCRIPTION file’ in the ‘Writing R Extensions’
    manual.
Flavor: r-oldrel-osx-x86_64