CRAN Package Check Results for Package QuasiSeq

Last updated on 2017-10-17 01:48:10.

Flavor Version Tinstall Tcheck Ttotal Status Flags
r-devel-linux-x86_64-debian-clang 1.0-10-1 3.70 44.95 48.64 OK
r-devel-linux-x86_64-debian-gcc 1.0-10-1 4.66 47.18 51.84 OK
r-devel-linux-x86_64-fedora-clang 1.0-10-1 104.00 OK
r-devel-linux-x86_64-fedora-gcc 1.0-10-1 100.40 OK
r-devel-windows-ix86+x86_64 1.0-10-1 11.00 88.00 99.00 OK
r-patched-linux-x86_64 1.0-10-1 3.53 42.75 46.28 OK
r-patched-solaris-x86 1.0-10-1 131.50 OK
r-release-linux-x86_64 1.0-10-1 3.48 40.42 43.90 OK
r-release-windows-ix86+x86_64 1.0-10-1 18.00 101.00 119.00 OK
r-release-osx-x86_64 1.0-10-1 ERROR
r-oldrel-windows-ix86+x86_64 1.0-10-1 15.00 118.00 133.00 OK
r-oldrel-osx-x86_64 1.0-10-1 OK

Check Details

Version: 1.0-10-1
Check: package dependencies
Result: ERROR
    Package required but not available: ‘edgeR’
    
    See section ‘The DESCRIPTION file’ in the ‘Writing R Extensions’
    manual.
Flavor: r-release-osx-x86_64