CRAN Package Check Results for Package QuasiSeq

Last updated on 2017-12-17 04:47:14 CET.

Flavor Version Tinstall Tcheck Ttotal Status Flags
r-devel-linux-x86_64-debian-clang 1.0-10-1 4.37 62.56 66.93 OK
r-devel-linux-x86_64-debian-gcc 1.0-10-1 4.35 50.21 54.56 OK
r-devel-linux-x86_64-fedora-clang 1.0-10-1 89.41 OK
r-devel-linux-x86_64-fedora-gcc 1.0-10-1 85.31 OK
r-devel-windows-ix86+x86_64 1.0-10-1 11.00 87.00 98.00 OK
r-patched-linux-x86_64 1.0-10-1 5.36 69.31 74.67 OK
r-patched-solaris-x86 1.0-10-1 128.80 OK
r-release-linux-x86_64 1.0-10-1 5.04 67.92 72.96 OK
r-release-windows-ix86+x86_64 1.0-10-1 11.00 137.00 148.00 OK
r-release-osx-x86_64 1.0-10-1 ERROR
r-oldrel-windows-ix86+x86_64 1.0-10-1 17.00 111.00 128.00 OK
r-oldrel-osx-x86_64 1.0-10-1 OK

Check Details

Version: 1.0-10-1
Check: package dependencies
Result: ERROR
    Package required but not available: ‘edgeR’
    
    See section ‘The DESCRIPTION file’ in the ‘Writing R Extensions’
    manual.
Flavor: r-release-osx-x86_64