CRAN Package Check Results for Package QuasiSeq

Last updated on 2015-06-30 19:48:00.

Flavor Version Tinstall Tcheck Ttotal Status Flags
r-devel-linux-x86_64-debian-clang 1.0-8 3.55 39.08 42.64 NOTE
r-devel-linux-x86_64-debian-gcc 1.0-8 3.55 38.17 41.72 NOTE
r-devel-linux-x86_64-fedora-clang 1.0-8 89.73 NOTE
r-devel-linux-x86_64-fedora-gcc 1.0-8 83.74 OK
r-devel-osx-x86_64-clang 1.0-8 80.63 OK
r-devel-windows-ix86+x86_64 1.0-8 20.00 82.00 102.00 NOTE
r-patched-linux-x86_64 1.0-8 4.22 38.58 42.81 OK
r-patched-solaris-sparc 1.0-8 552.00 OK
r-patched-solaris-x86 1.0-8 118.30 OK
r-release-linux-x86_64 1.0-8 4.56 39.28 43.83 OK
r-release-osx-x86_64-mavericks 1.0-8 OK
r-release-windows-ix86+x86_64 1.0-8 17.00 79.00 96.00 OK
r-oldrel-windows-ix86+x86_64 1.0-8 17.00 102.00 119.00 OK

Check Details

Version: 1.0-8
Check: R code for possible problems
Result: NOTE
    NBDev: no visible global function definition for ‘glm.control’
    NBDev: no visible global function definition for ‘coef’
    NBDev: no visible global function definition for ‘model.matrix’
    PoisDev: no visible global function definition for ‘glm’
    QL.fit: no visible global function definition for ‘model.matrix’
    QL.results : shrink.phi: no visible global function definition for
     ‘var’
    QL.results : shrink.phi : inverse.trigamma: no visible global function
     definition for ‘optimize’
    QL.results: no visible global function definition for ‘smooth.spline’
    QL.results: no visible global function definition for ‘predict’
    QL.results: no visible global function definition for ‘dev.new’
    QL.results: no visible global function definition for ‘layout’
    QL.results: no visible global function definition for ‘par’
    QL.results: no visible global function definition for ‘plot’
    QL.results: no visible global function definition for ‘lines’
    QL.results: no visible global function definition for ‘quantile’
    QL.results: no visible global function definition for ‘median’
    QL.results: no visible global function definition for ‘qf’
    QL.results: no visible global function definition for ‘legend’
    QL.results: no visible global function definition for ‘pf’
    fbrNBglm.fit: no visible global function definition for ‘var’
    glm.fit3: Error while checking: invalid ‘envir’ argument
Flavors: r-devel-linux-x86_64-debian-clang, r-devel-linux-x86_64-debian-gcc, r-devel-linux-x86_64-fedora-clang, r-devel-windows-ix86+x86_64