CRAN Package Check Results for Package QuasiSeq

Last updated on 2015-05-29 13:49:17.

Flavor Version Tinstall Tcheck Ttotal Status Flags
r-devel-linux-x86_64-debian-clang 1.0-8 3.59 40.15 43.74 OK
r-devel-linux-x86_64-debian-gcc 1.0-8 3.87 39.13 43.00 OK
r-devel-linux-x86_64-fedora-clang 1.0-8 94.69 OK
r-devel-linux-x86_64-fedora-gcc 1.0-8 84.17 OK
r-devel-osx-x86_64-clang 1.0-8 82.69 OK
r-devel-windows-ix86+x86_64 1.0-8 16.00 85.00 101.00 OK
r-patched-linux-x86_64 1.0-8 3.49 38.77 42.26 OK
r-patched-solaris-sparc 1.0-8 552.00 OK
r-patched-solaris-x86 1.0-8 119.90 OK
r-release-linux-x86_64 1.0-8 3.68 40.85 44.53 OK
r-release-osx-x86_64-mavericks 1.0-8 OK
r-release-osx-x86_64-snowleopard 1.0-8 ERROR
r-release-windows-ix86+x86_64 1.0-8 15.00 87.00 102.00 OK
r-oldrel-windows-ix86+x86_64 1.0-8 17.00 105.00 122.00 OK

Check Details

Version: 1.0-8
Check: package dependencies
Result: ERROR
    Package required but not available: ‘edgeR’
    
    See section ‘The DESCRIPTION file’ in the ‘Writing R Extensions’
    manual.
Flavor: r-release-osx-x86_64-snowleopard