Last updated on 2023-06-10 08:53:24 CEST.
Flavor | Version | Tinstall | Tcheck | Ttotal | Status | Flags |
---|---|---|---|---|---|---|
r-devel-linux-x86_64-debian-clang | 1.0 | 40.30 | 369.41 | 409.71 | OK | |
r-devel-linux-x86_64-debian-gcc | 1.0 | 34.97 | 269.64 | 304.61 | OK | |
r-devel-linux-x86_64-fedora-clang | 1.0 | 503.84 | NOTE | |||
r-devel-linux-x86_64-fedora-gcc | 1.0 | 492.49 | OK | |||
r-devel-windows-x86_64 | 1.0 | 34.00 | 266.00 | 300.00 | NOTE | |
r-patched-linux-x86_64 | 1.0 | 51.51 | 350.78 | 402.29 | OK | |
r-release-linux-x86_64 | 1.0 | 39.93 | 345.53 | 385.46 | OK | |
r-release-macos-arm64 | 1.0 | 189.00 | NOTE | |||
r-release-macos-x86_64 | 1.0 | 219.00 | NOTE | |||
r-release-windows-x86_64 | 1.0 | 48.00 | 353.00 | 401.00 | NOTE | |
r-oldrel-macos-arm64 | 1.0 | 137.00 | NOTE | |||
r-oldrel-macos-x86_64 | 1.0 | 195.00 | NOTE | |||
r-oldrel-windows-x86_64 | 1.0 | 48.00 | 326.00 | 374.00 | NOTE |
Version: 1.0
Check: installed package size
Result: NOTE
installed size is 6.4Mb
sub-directories of 1Mb or more:
doc 2.9Mb
shiny_app 1.4Mb
Flavors: r-devel-linux-x86_64-fedora-clang, r-devel-windows-x86_64, r-release-macos-arm64, r-release-macos-x86_64, r-release-windows-x86_64, r-oldrel-macos-arm64, r-oldrel-macos-x86_64, r-oldrel-windows-x86_64