CRAN Package Check Results for Package R.devices

Last updated on 2018-07-18 15:48:24 CEST.

Flavor Version Tinstall Tcheck Ttotal Status Flags
r-devel-linux-x86_64-debian-clang 2.15.1 3.70 57.27 60.97 OK
r-devel-linux-x86_64-debian-gcc 2.15.1 1.84 45.67 47.51 OK
r-devel-linux-x86_64-fedora-clang 2.15.1 71.70 OK
r-devel-linux-x86_64-fedora-gcc 2.15.1 68.81 OK
r-devel-windows-ix86+x86_64 2.15.1 8.00 90.00 98.00 OK
r-patched-linux-x86_64 2.15.1 3.44 55.11 58.55 OK
r-patched-solaris-x86 2.15.1 102.40 OK
r-release-linux-x86_64 2.15.1 2.61 54.84 57.45 OK
r-release-windows-ix86+x86_64 2.15.1 8.00 117.00 125.00 OK
r-release-osx-x86_64 2.15.1 OK
r-oldrel-windows-ix86+x86_64 2.15.1 9.00 131.00 140.00 OK
r-oldrel-osx-x86_64 2.15.1 NOTE

Check Details

Version: 2.15.1
Check: package dependencies
Result: NOTE
    Package suggested but not available for checking: ‘Cairo’
Flavor: r-oldrel-osx-x86_64