CRAN Package Check Results for Package R.devices

Last updated on 2017-04-29 19:49:02.

Flavor Version Tinstall Tcheck Ttotal Status Flags
r-devel-linux-x86_64-debian-clang 2.15.1 1.73 65.03 66.77 OK
r-devel-linux-x86_64-debian-gcc 2.15.1 1.84 62.27 64.11 OK
r-devel-linux-x86_64-fedora-clang 2.15.1 127.53 OK --no-stop-on-test-error
r-devel-linux-x86_64-fedora-gcc 2.15.1 123.90 OK --no-stop-on-test-error
r-devel-windows-ix86+x86_64 2.15.1 11.00 164.00 175.00 OK
r-patched-linux-x86_64 2.15.1 1.83 63.45 65.28 OK
r-patched-solaris-sparc 2.15.1 750.50 OK
r-patched-solaris-x86 2.15.1 144.30 OK
r-release-linux-x86_64 2.15.1 1.81 64.03 65.85 OK
r-release-windows-ix86+x86_64 2.15.1 9.00 165.00 174.00 OK
r-release-osx-x86_64 2.15.1 NOTE
r-oldrel-windows-ix86+x86_64 2.15.1 3.00 100.00 103.00 OK
r-oldrel-osx-x86_64 2.15.1 OK

Check Details

Version: 2.15.1
Check: package dependencies
Result: NOTE
    Package suggested but not available for checking: ‘Cairo’
Flavor: r-release-osx-x86_64