CRAN Package Check Results for Package R.devices

Last updated on 2014-08-29 02:47:52.

Flavor Version Tinstall Tcheck Ttotal Status Flags
r-devel-linux-x86_64-debian-clang 2.9.2 1.10 23.22 24.32 NOTE
r-devel-linux-x86_64-debian-gcc 2.9.2 1.07 22.47 23.54 NOTE
r-devel-linux-x86_64-fedora-clang 2.9.2 50.13 NOTE
r-devel-linux-x86_64-fedora-gcc 2.9.2 45.61 NOTE
r-devel-osx-x86_64-clang 2.9.2 48.17 NOTE
r-devel-windows-ix86+x86_64 2.9.2 4.00 45.00 49.00 NOTE
r-patched-linux-x86_64 2.9.2 1.48 24.36 25.84 OK
r-patched-solaris-sparc 2.9.2 290.10 OK
r-patched-solaris-x86 2.9.2 68.10 OK
r-release-linux-ix86 2.9.2 1.69 35.42 37.11 OK
r-release-linux-x86_64 2.9.2 1.23 24.98 26.21 OK
r-release-osx-x86_64-mavericks 2.9.2 OK
r-release-osx-x86_64-snowleopard 2.9.2 OK
r-release-windows-ix86+x86_64 2.9.2 6.00 46.00 52.00 OK
r-oldrel-windows-ix86+x86_64 2.9.2 5.00 46.00 51.00 OK

Check Details

Version: 2.9.2
Check: R code for possible problems
Result: NOTE
    devSet: no visible global function definition for ‘digest’
Flavors: r-devel-linux-x86_64-debian-clang, r-devel-linux-x86_64-debian-gcc, r-devel-linux-x86_64-fedora-clang, r-devel-linux-x86_64-fedora-gcc, r-devel-osx-x86_64-clang, r-devel-windows-ix86+x86_64