CRAN Package Check Results for Package R.devices

Last updated on 2017-10-18 05:47:52.

Flavor Version Tinstall Tcheck Ttotal Status Flags
r-devel-linux-x86_64-debian-clang 2.15.1 1.77 65.76 67.53 OK
r-devel-linux-x86_64-debian-gcc 2.15.1 2.28 68.67 70.95 OK
r-devel-linux-x86_64-fedora-clang 2.15.1 132.78 OK
r-devel-linux-x86_64-fedora-gcc 2.15.1 132.28 OK
r-devel-windows-ix86+x86_64 2.15.1 5.00 122.00 127.00 OK
r-patched-linux-x86_64 2.15.1 1.75 64.19 65.94 OK
r-patched-solaris-x86 2.15.1 147.20 OK
r-release-linux-x86_64 2.15.1 1.87 62.73 64.60 OK
r-release-windows-ix86+x86_64 2.15.1 9.00 121.00 130.00 OK
r-release-osx-x86_64 2.15.1 NOTE
r-oldrel-windows-ix86+x86_64 2.15.1 5.00 102.00 107.00 OK
r-oldrel-osx-x86_64 2.15.1 OK

Check Details

Version: 2.15.1
Check: package dependencies
Result: NOTE
    Package suggested but not available for checking: ‘Cairo’
Flavor: r-release-osx-x86_64