CRAN Package Check Results for Package R.devices

Last updated on 2014-04-23 12:48:26.

Flavor Version Tinstall Tcheck Ttotal Status Flags
r-devel-linux-x86_64-debian-clang 2.8.2 1.23 24.30 25.54 OK
r-devel-linux-x86_64-debian-gcc 2.8.2 1.21 24.40 25.61 OK
r-devel-linux-x86_64-fedora-clang 2.8.2 50.07 OK
r-devel-linux-x86_64-fedora-gcc 2.8.2 48.09 OK
r-devel-osx-x86_64-clang 2.8.2 53.49 OK
r-devel-osx-x86_64-gcc 2.8.2 NOTE
r-devel-windows-ix86+x86_64 2.8.2 4.00 44.00 48.00 OK
r-patched-linux-x86_64 2.8.2 1.20 24.20 25.40 OK
r-patched-solaris-sparc 2.8.2 291.00 OK
r-patched-solaris-x86 2.8.2 67.80 OK
r-release-linux-ix86 2.8.2 3.00 48.00 51.00 OK
r-release-linux-x86_64 2.8.2 1.22 24.53 25.75 OK
r-release-osx-x86_64-mavericks 2.8.2 WARN
r-release-osx-x86_64-snowleopard 2.8.2 OK
r-release-windows-ix86+x86_64 2.8.2 4.00 45.00 49.00 OK
r-oldrel-windows-ix86+x86_64 2.8.2 4.00 47.00 51.00 OK

Check Details

Version: 2.8.2
Check: package dependencies
Result: NOTE
    Package suggested but not available for checking: ‘R.rsp’
Flavor: r-devel-osx-x86_64-gcc

Version: 2.8.2
Check: PDF version of manual
Result: WARNING
    LaTeX errors when creating PDF version.
    This typically indicates Rd problems.
    LaTeX errors found:
    ! LaTeX Error: File `upquote.sty' not found.
    
    Type X to quit or <RETURN> to proceed,
    or enter new name. (Default extension: sty)
    
    9eed08a/Rd2.tex:8: ==> Fatal error occurred, no output PDF file produced!
Flavor: r-release-osx-x86_64-mavericks