CRAN Package Check Results for Package R.devices

Last updated on 2015-08-03 11:49:26.

Flavor Version Tinstall Tcheck Ttotal Status Flags
r-devel-linux-x86_64-debian-clang 2.13.0 1.02 26.95 27.96 NOTE
r-devel-linux-x86_64-debian-gcc 2.13.0 0.99 26.79 27.78 NOTE
r-devel-linux-x86_64-fedora-clang 2.13.0 54.92 NOTE
r-devel-linux-x86_64-fedora-gcc 2.13.0 52.82 NOTE
r-devel-osx-x86_64-clang 2.13.0 52.47 OK
r-devel-windows-ix86+x86_64 2.13.0 5.00 57.00 62.00 NOTE
r-patched-linux-x86_64 2.13.0 1.06 26.72 27.78 OK
r-patched-solaris-sparc 2.13.0 314.40 ERROR
r-patched-solaris-x86 2.13.0 64.90 ERROR
r-release-linux-x86_64 2.13.0 1.03 27.80 28.83 OK
r-release-osx-x86_64-mavericks 2.13.0 OK
r-release-windows-ix86+x86_64 2.13.0 8.00 61.00 69.00 OK
r-oldrel-windows-ix86+x86_64 2.13.0 9.00 105.00 114.00 OK

Check Details

Version: 2.13.0
Check: R code for possible problems
Result: NOTE
    view.DevEvalFileProduct: no visible global function definition for
     ‘browseURL’
    withPar: no visible global function definition for ‘par’
    Undefined global functions or variables:
     browseURL par
    Consider adding
     importFrom("graphics", "par")
     importFrom("utils", "browseURL")
    to your NAMESPACE.
Flavors: r-devel-linux-x86_64-debian-clang, r-devel-linux-x86_64-debian-gcc, r-devel-linux-x86_64-fedora-clang, r-devel-linux-x86_64-fedora-gcc, r-devel-windows-ix86+x86_64

Version: 2.13.0
Check: tests
Result: ERROR
    Running the tests in ‘tests/devEval.R’ failed.
    Last 13 lines of output:
     1: .External2(C_X11, d$display, d$width, d$height, d$pointsize, d$gamma, d$colortype, d$maxcubesize, d$bg, d$canvas, d$fonts, NA_integer_, d$xpos, d$ypos, d$title, type, antialias, d$family)
     2: (function (display = "", width, height, pointsize, gamma, bg, canvas, fonts, family, xpos, ypos, title, type, antialias, ...) { if (display != "XImage") { check <- Sys.getenv("_R_CHECK_SCREEN_DEVICE_", "") msg <- "screen devices should not be used in examples etc" if (identical(check, "stop")) stop(msg, domain = NA) else if (identical(check, "warn")) warning(msg, immediate. = TRUE, noBreaks. = TRUE, domain = NA) } if (display == "" && .Platform$GUI == "AQUA" && is.na(Sys.getenv("DISPLAY", NA))) Sys.setenv(DISPLAY = ":0") new <- list() if (!missing(display)) new$display <- display if (!missing(width)) new$width <- width if (!missing(height)) new$height <- height if (!missing(gamma)) new$gamma <- gamma if (!missing(pointsize)) new$pointsize <- pointsize if (!missing(bg)) new$bg <- bg if (!missing(canvas)) new$canvas <- canvas if (!missing(xpos)) new$xpos <- xpos if (!missing(ypos)) new$ypos <- ypos if (!missing(title)) new$title <- title if (!checkIntFormat(new$title)) stop("invalid 'title'") if (!missing(type)) { new$type <- match.arg(type, c("Xlib", "cairo", "nbcairo", "dbcairo")) if (!capabilities("cairo") && type != "Xlib") warning("cairo-based types are not supported on this build - using \"Xlib\"") } if (!missing(family)) new$family <- family if (!missing(fonts)) new$fonts <- fonts if (!missing(antialias) && type != "Xlib") new$antialias <- match.arg(antialias, aa.cairo) d <- check.options(new, name.opt = ".X11.Options", envir = .X11env) if (d$type == "Xlib" && !missing(family)) { fns <- X11Fonts() if (!family %in% names(fns)) stop("unknown family for X11(type = \"XLib\")") d$fonts[1] <- fns[[family]] } type <- if (capabilities("cairo")) switch(d$type, cairo = 1L, nbcairo = 2L, dbcairo = 3L, 0L) else 0L if (display == "XImage") type <- 0L antialias <- match(d$antialias, aa.cairo) if (grepl("darwin", R.version$os)) check_for_XQuartz() .External2(C_X11, d$display, d$width, d$height, d$pointsize, d$gamma, d$colortype, d$maxcubesize, d$bg, d$canvas, d$fonts, NA_integer_, d$xpos, d$ypos, d$title, type, antialias, d$family) invisible()})()
     3: do.call(typeT, args = args)
     4: devNew(type, which = fullname, ..., .allowUnknownArgs = .allowUnknownArgs)
     5: devEval(type = type, expr = expr, initially = NULL, finally = NULL, envir = envir, name = nameOrg, tags = tags, sep = sep, ..., ext = ext, filename = filename, path = path, field = field, onIncomplete = onIncomplete, force = force, .exprAsIs = TRUE, .allowUnknownArgs = TRUE)
     6: FUN(X[[i]], ...)
     7: lapply(types, FUN = function(type) { devEval(type = type, expr = expr, initially = NULL, finally = NULL, envir = envir, name = nameOrg, tags = tags, sep = sep, ..., ext = ext, filename = filename, path = path, field = field, onIncomplete = onIncomplete, force = force, .exprAsIs = TRUE, .allowUnknownArgs = TRUE)})
     8: devEval(type, name = "any", aspectRatio = 2/3, scale = 1.2, { plot(100:1)})
     9: doTryCatch(return(expr), name, parentenv, handler)
     10: tryCatchOne(expr, names, parentenv, handlers[[1L]])
     11: tryCatchList(expr, classes, parentenv, handlers)
     12: tryCatch({ res <- devEval(type, name = "any", aspectRatio = 2/3, scale = 1.2, { plot(100:1) }) printf("Result: %s (%s)\n\n", sQuote(res), attr(res, "type")) devOff()}, error = function(ex) { printf("Failed: %s\n\n", sQuote(ex$message))})
     aborting ...
Flavors: r-patched-solaris-sparc, r-patched-solaris-x86