CRAN Package Check Results for Package R.devices

Last updated on 2015-01-30 03:49:12.

Flavor Version Tinstall Tcheck Ttotal Status Flags
r-devel-linux-x86_64-debian-clang 2.12.0 1.17 26.48 27.65 NOTE
r-devel-linux-x86_64-debian-gcc 2.12.0 1.04 26.28 27.32 NOTE
r-devel-linux-x86_64-fedora-clang 2.12.0 56.30 NOTE
r-devel-linux-x86_64-fedora-gcc 2.12.0 53.45 NOTE
r-devel-osx-x86_64-clang 2.12.0 65.69 NOTE
r-devel-windows-ix86+x86_64 2.12.0 6.00 50.00 56.00 NOTE
r-patched-linux-x86_64 2.12.0 1.35 31.46 32.81 OK
r-patched-solaris-sparc 2.12.0 419.40 OK
r-patched-solaris-x86 2.12.0 85.90 OK
r-release-linux-ix86 2.12.0 1.88 42.51 44.39 OK
r-release-linux-x86_64 2.12.0 1.31 31.75 33.06 OK
r-release-osx-x86_64-mavericks 2.12.0 OK
r-release-osx-x86_64-snowleopard 2.12.0 OK
r-release-windows-ix86+x86_64 2.12.0 5.00 60.00 65.00 OK
r-oldrel-windows-ix86+x86_64 2.12.0 6.00 61.00 67.00 OK

Check Details

Version: 2.12.0
Check: dependencies in R code
Result: NOTE
    'library' or 'require' call to ‘digest’ in package code.
     Please use :: or requireNamespace() instead.
     See section 'Suggested packages' in the 'Writing R Extensions' manual.
Flavors: r-devel-linux-x86_64-debian-clang, r-devel-linux-x86_64-debian-gcc, r-devel-linux-x86_64-fedora-clang, r-devel-linux-x86_64-fedora-gcc, r-devel-osx-x86_64-clang, r-devel-windows-ix86+x86_64