CRAN Package Check Results for Package R.devices

Last updated on 2017-08-17 07:47:20.

Flavor Version Tinstall Tcheck Ttotal Status Flags
r-devel-linux-x86_64-debian-clang 2.15.1 1.74 63.59 65.33 OK
r-devel-linux-x86_64-debian-gcc 2.15.1 1.82 61.98 63.80 OK
r-devel-linux-x86_64-fedora-clang 2.15.1 126.82 OK
r-devel-linux-x86_64-fedora-gcc 2.15.1 129.42 OK
r-devel-windows-ix86+x86_64 2.15.1 7.00 122.00 129.00 OK
r-patched-linux-x86_64 2.15.1 1.97 68.01 69.97 OK
r-patched-solaris-x86 2.15.1 145.20 OK
r-release-linux-x86_64 2.15.1 1.98 63.71 65.69 OK
r-release-windows-ix86+x86_64 2.15.1 6.00 132.00 138.00 OK
r-release-osx-x86_64 2.15.1 NOTE
r-oldrel-windows-ix86+x86_64 2.15.1 8.00 77.00 85.00 OK
r-oldrel-osx-x86_64 2.15.1 OK

Check Details

Version: 2.15.1
Check: package dependencies
Result: NOTE
    Package suggested but not available for checking: ‘Cairo’
Flavor: r-release-osx-x86_64