CRAN Package Check Results for Package R.devices

Last updated on 2017-06-27 15:49:06.

Flavor Version Tinstall Tcheck Ttotal Status Flags
r-devel-linux-x86_64-debian-clang 2.15.1 1.82 63.06 64.87 OK
r-devel-linux-x86_64-debian-gcc 2.15.1 1.81 61.96 63.77 OK
r-devel-linux-x86_64-fedora-clang 2.15.1 127.55 OK
r-devel-linux-x86_64-fedora-gcc 2.15.1 124.38 OK
r-devel-windows-ix86+x86_64 2.15.1 10.00 120.00 130.00 OK
r-patched-linux-x86_64 2.15.1 1.95 62.85 64.80 OK
r-patched-solaris-sparc 2.15.1 750.50 OK
r-patched-solaris-x86 2.15.1 145.80 OK
r-release-linux-x86_64 2.15.1 1.91 62.01 63.91 OK
r-release-windows-ix86+x86_64 2.15.1 8.00 164.00 172.00 OK
r-release-osx-x86_64 2.15.1 NOTE
r-oldrel-windows-ix86+x86_64 2.15.1 7.00 101.00 108.00 OK
r-oldrel-osx-x86_64 2.15.1 OK

Check Details

Version: 2.15.1
Check: package dependencies
Result: NOTE
    Package suggested but not available for checking: ‘Cairo’
Flavor: r-release-osx-x86_64