CRAN Package Check Results for Package R.devices

Last updated on 2017-12-15 08:48:56 CET.

Flavor Version Tinstall Tcheck Ttotal Status Flags
r-devel-linux-x86_64-debian-clang 2.15.1 2.05 89.65 91.70 OK
r-devel-linux-x86_64-debian-gcc 2.15.1 2.27 81.47 83.74 OK
r-devel-linux-x86_64-fedora-clang 2.15.1 127.72 OK
r-devel-linux-x86_64-fedora-gcc 2.15.1 129.28 OK
r-devel-windows-ix86+x86_64 2.15.1 8.00 140.00 148.00 OK
r-patched-linux-x86_64 2.15.1 2.91 101.34 104.25 OK
r-patched-solaris-x86 2.15.1 146.60 OK
r-release-linux-x86_64 2.15.1 2.93 100.94 103.87 OK
r-release-windows-ix86+x86_64 2.15.1 6.00 122.00 128.00 OK
r-release-osx-x86_64 2.15.1 NOTE
r-oldrel-windows-ix86+x86_64 2.15.1 6.00 106.00 112.00 OK
r-oldrel-osx-x86_64 2.15.1 OK

Check Details

Version: 2.15.1
Check: package dependencies
Result: NOTE
    Package suggested but not available for checking: ‘Cairo’
Flavor: r-release-osx-x86_64