CRAN Package Check Results for Package R.filesets

Last updated on 2022-01-28 23:49:15 CET.

Flavor Version Tinstall Tcheck Ttotal Status Flags
r-devel-linux-x86_64-debian-clang 2.14.0 8.37 125.37 133.74 OK
r-devel-linux-x86_64-debian-gcc 2.14.0 7.01 94.92 101.93 OK
r-devel-linux-x86_64-fedora-clang 2.14.0 158.97 OK
r-devel-linux-x86_64-fedora-gcc 2.14.0 145.72 OK
r-devel-windows-x86_64-new-UL 2.14.0 336.00 988.00 1324.00 OK
r-devel-windows-x86_64-new-TK 2.14.0 OK
r-patched-linux-x86_64 2.14.0 11.02 119.78 130.80 OK
r-release-linux-x86_64 2.14.0 7.42 120.26 127.68 OK
r-release-macos-arm64 2.14.0 OK
r-release-macos-x86_64 2.14.0 ERROR
r-release-windows-ix86+x86_64 2.14.0 15.00 175.00 190.00 OK
r-oldrel-macos-x86_64 2.14.0 OK
r-oldrel-windows-ix86+x86_64 2.14.0 15.00 173.00 188.00 OK

Check Details

Version: 2.14.0
Check: tests
Result: ERROR
     Running ‘ChecksumFile.R’ [2s/3s]
     Running ‘GenericDataFile.R’ [2s/4s]
    Running the tests in ‘tests/GenericDataFile.R’ failed.
    Last 13 lines of output:
     + stopifnot(!isFile(dfLC))
     + stopifnot(isFile(dfL))
     + stopifnot(isFile(df))
     +
     + # Cleanup
     + file.remove(getPathname(dfL))
     + } # if (.Platform$OS.type == "windows")
     GenericDataFile:
     Name: 1.2(a)
     Tags:
     Full name: 1.2(a)
     Pathname: /Volumes/Temp/tmp/RtmpIGOwCA/1.2(a).txt
     File size: 153 B (153 bytes)
     Error: getChecksum(dfLC) == getChecksum(df) is not TRUE
     Execution halted
Flavor: r-release-macos-x86_64