CRAN Package Check Results for Package R.filesets

Last updated on 2015-01-26 19:48:31.

Flavor Version Tinstall Tcheck Ttotal Status Flags
r-devel-linux-x86_64-debian-clang 2.6.0 2.10 46.71 48.81 NOTE
r-devel-linux-x86_64-debian-gcc 2.6.0 2.09 44.39 46.48 NOTE
r-devel-linux-x86_64-fedora-clang 2.6.0 110.71 NOTE
r-devel-linux-x86_64-fedora-gcc 2.6.0 105.85 NOTE
r-devel-osx-x86_64-clang 2.6.0 96.91 NOTE
r-devel-windows-ix86+x86_64 2.6.0 17.00 99.00 116.00 NOTE
r-patched-linux-x86_64 2.6.0 2.37 49.25 51.62 OK
r-patched-solaris-sparc 2.6.0 629.20 OK
r-patched-solaris-x86 2.6.0 126.90 OK
r-release-linux-ix86 2.6.0 3.06 60.11 63.17 OK
r-release-linux-x86_64 2.6.0 2.38 48.82 51.20 OK
r-release-osx-x86_64-mavericks 2.6.0 NOTE
r-release-osx-x86_64-snowleopard 2.6.0 NOTE
r-release-windows-ix86+x86_64 2.6.0 9.00 88.00 97.00 OK
r-oldrel-windows-ix86+x86_64 2.6.0 15.00 128.00 143.00 OK

Check Details

Version: 2.6.0
Check: dependencies in R code
Result: NOTE
    'library' or 'require' call to ‘BatchJobs’ in package code.
     Please use :: or requireNamespace() instead.
     See section 'Suggested packages' in the 'Writing R Extensions' manual.
Flavors: r-devel-linux-x86_64-debian-clang, r-devel-linux-x86_64-debian-gcc, r-devel-linux-x86_64-fedora-clang, r-devel-linux-x86_64-fedora-gcc, r-devel-osx-x86_64-clang, r-devel-windows-ix86+x86_64

Version: 2.6.0
Check: S3 generic/method consistency
Result: NOTE
    Found the following apparent S3 methods exported but not registered:
     linkTo.GenericDataFile readChecksums.ChecksumFileSet
     is.na.GenericDataFile is.na.GenericDataFileSet rep.GenericDataFileSet
    See section ‘Registering S3 methods’ in the ‘Writing R Extensions’
    manual.
Flavors: r-devel-linux-x86_64-fedora-clang, r-devel-linux-x86_64-fedora-gcc, r-devel-osx-x86_64-clang

Version: 2.6.0
Check: package dependencies
Result: NOTE
    Package suggested but not available for checking: ‘BiocParallel’
Flavors: r-release-osx-x86_64-mavericks, r-release-osx-x86_64-snowleopard