CRAN Package Check Results for Package R.filesets

Last updated on 2017-07-24 05:50:35.

Flavor Version Tinstall Tcheck Ttotal Status Flags
r-devel-linux-x86_64-debian-clang 2.11.0 3.38 111.84 115.22 OK
r-devel-linux-x86_64-debian-gcc 2.11.0 3.44 111.61 115.05 OK
r-devel-linux-x86_64-fedora-clang 2.11.0 209.31 OK
r-devel-linux-x86_64-fedora-gcc 2.11.0 203.74 OK
r-devel-windows-ix86+x86_64 2.11.0 10.00 269.00 279.00 OK
r-patched-linux-x86_64 2.11.0 3.67 111.89 115.56 OK
r-patched-solaris-x86 2.11.0 296.70 OK
r-release-linux-x86_64 2.11.0 3.28 112.24 115.51 OK
r-release-windows-ix86+x86_64 2.11.0 8.00 281.00 289.00 OK
r-release-osx-x86_64 2.11.0 NOTE
r-oldrel-windows-ix86+x86_64 2.11.0 7.00 203.00 210.00 OK
r-oldrel-osx-x86_64 2.11.0 OK

Check Details

Version: 2.11.0
Check: package dependencies
Result: NOTE
    Package suggested but not available for checking: ‘BiocParallel’
Flavor: r-release-osx-x86_64