CRAN Package Check Results for Package R.filesets

Last updated on 2015-07-04 21:46:47.

Flavor Version Tinstall Tcheck Ttotal Status Flags
r-devel-linux-x86_64-debian-clang 2.7.2 2.06 54.02 56.08 NOTE
r-devel-linux-x86_64-debian-gcc 2.7.2 2.02 53.37 55.39 NOTE
r-devel-linux-x86_64-fedora-clang 2.7.2 113.13 NOTE
r-devel-linux-x86_64-fedora-gcc 2.7.2 105.82 NOTE
r-devel-osx-x86_64-clang 2.7.2 101.29 OK
r-devel-windows-ix86+x86_64 2.7.2 17.00 87.00 104.00 NOTE
r-patched-linux-x86_64 2.7.2 2.12 53.36 55.48 OK
r-patched-solaris-sparc 2.7.2 616.30 OK
r-patched-solaris-x86 2.7.2 137.20 OK
r-release-linux-x86_64 2.7.2 2.08 53.71 55.79 OK
r-release-osx-x86_64-mavericks 2.7.2 OK
r-release-windows-ix86+x86_64 2.7.2 13.00 93.00 106.00 OK
r-oldrel-windows-ix86+x86_64 2.7.2 13.00 146.00 159.00 OK

Check Details

Version: 2.7.2
Check: R code for possible problems
Result: NOTE
    .useBatchJobs: no visible global function definition for
     ‘packageDescription’
    .useBiocParallel: no visible global function definition for
     ‘packageDescription’
    byPath.GenericDataFileSet: no visible global function definition for
     ‘str’
    dsApply.GenericDataFileSet: no visible global function definition for
     ‘str’
    dsApply.GenericDataFileSet: no visible global function definition for
     ‘capture.output’
    dsApply.GenericDataFileSet: no visible global function definition for
     ‘file_test’
    extractMatrix.GenericTabularFile: no visible global function definition
     for ‘str’
    getChecksumObjects.GenericDataFileSet: no visible global function
     definition for ‘str’
    getReadArguments.TabularTextFile: no visible global function definition
     for ‘str’
    isOld.ChecksumFile: no visible global function definition for
     ‘file_test’
    readColumns.TabularTextFile: no visible global function definition for
     ‘str’
    readDataFrame.TabularTextFile: no visible global function definition
     for ‘str’
    readDataFrame.TabularTextFile: no visible binding for global variable
     ‘read.table’
    readDataFrame.TabularTextFile: no visible global function definition
     for ‘read.table’
    readRawHeader.TabularTextFile: no visible global function definition
     for ‘str’
    readTableHeader.default: no visible global function definition for
     ‘str’
    writeColumnsToFiles.GenericTabularFile: no visible global function
     definition for ‘str’
    writeColumnsToFiles.GenericTabularFile: no visible global function
     definition for ‘write.table’
    Undefined global functions or variables:
     capture.output file_test packageDescription read.table str
     write.table
Flavors: r-devel-linux-x86_64-debian-clang, r-devel-linux-x86_64-debian-gcc, r-devel-linux-x86_64-fedora-clang, r-devel-linux-x86_64-fedora-gcc, r-devel-windows-ix86+x86_64