CRAN Package Check Results for Package R.filesets

Last updated on 2015-08-03 21:47:36.

Flavor Version Tinstall Tcheck Ttotal Status Flags
r-devel-linux-x86_64-debian-clang 2.7.2 2.09 55.46 57.54 NOTE
r-devel-linux-x86_64-debian-gcc 2.7.2 2.07 54.03 56.10 NOTE
r-devel-linux-x86_64-fedora-clang 2.7.2 113.67 NOTE
r-devel-linux-x86_64-fedora-gcc 2.7.2 106.39 NOTE
r-devel-osx-x86_64-clang 2.7.2 101.31 OK
r-devel-windows-ix86+x86_64 2.7.2 11.00 96.00 107.00 NOTE
r-patched-linux-x86_64 2.7.2 2.10 53.64 55.74 OK
r-patched-solaris-sparc 2.7.2 704.60 OK
r-patched-solaris-x86 2.7.2 136.60 OK
r-release-linux-x86_64 2.7.2 3.02 54.78 57.80 OK
r-release-osx-x86_64-mavericks 2.7.2 OK
r-release-windows-ix86+x86_64 2.7.2 12.00 100.00 112.00 OK
r-oldrel-windows-ix86+x86_64 2.7.2 14.00 109.00 123.00 OK

Check Details

Version: 2.7.2
Check: R code for possible problems
Result: NOTE
    .useBatchJobs: no visible global function definition for
     ‘packageDescription’
    .useBiocParallel: no visible global function definition for
     ‘packageDescription’
    byPath.GenericDataFileSet: no visible global function definition for
     ‘str’
    dsApply.GenericDataFileSet: no visible global function definition for
     ‘str’
    dsApply.GenericDataFileSet: no visible global function definition for
     ‘capture.output’
    dsApply.GenericDataFileSet: no visible global function definition for
     ‘file_test’
    extractMatrix.GenericTabularFile: no visible global function definition
     for ‘str’
    getChecksumObjects.GenericDataFileSet: no visible global function
     definition for ‘str’
    getReadArguments.TabularTextFile: no visible global function definition
     for ‘str’
    isOld.ChecksumFile: no visible global function definition for
     ‘file_test’
    readColumns.TabularTextFile: no visible global function definition for
     ‘str’
    readDataFrame.TabularTextFile: no visible global function definition
     for ‘str’
    readDataFrame.TabularTextFile: no visible binding for global variable
     ‘read.table’
    readDataFrame.TabularTextFile: no visible global function definition
     for ‘read.table’
    readRawHeader.TabularTextFile: no visible global function definition
     for ‘str’
    readTableHeader.default: no visible global function definition for
     ‘str’
    writeColumnsToFiles.GenericTabularFile: no visible global function
     definition for ‘str’
    writeColumnsToFiles.GenericTabularFile: no visible global function
     definition for ‘write.table’
    Undefined global functions or variables:
     capture.output file_test packageDescription read.table str
     write.table
    Consider adding
     importFrom("utils", "capture.output", "file_test",
     "packageDescription", "read.table", "str", "write.table")
    to your NAMESPACE.
Flavors: r-devel-linux-x86_64-debian-clang, r-devel-linux-x86_64-debian-gcc, r-devel-linux-x86_64-fedora-clang, r-devel-linux-x86_64-fedora-gcc, r-devel-windows-ix86+x86_64