CRAN Package Check Results for Package R.filesets

Last updated on 2017-09-21 05:48:54.

Flavor Version Tinstall Tcheck Ttotal Status Flags
r-devel-linux-x86_64-debian-clang 2.11.0 3.32 106.45 109.77 OK
r-devel-linux-x86_64-debian-gcc 2.11.0 3.61 103.88 107.49 OK
r-devel-linux-x86_64-fedora-clang 2.11.0 208.54 OK
r-devel-linux-x86_64-fedora-gcc 2.11.0 202.49 OK
r-devel-windows-ix86+x86_64 2.11.0 11.00 298.00 309.00 OK
r-patched-linux-x86_64 2.11.0 3.28 108.53 111.80 OK
r-patched-solaris-x86 2.11.0 292.40 OK
r-release-linux-x86_64 2.11.0 3.30 111.51 114.81 OK
r-release-windows-ix86+x86_64 2.11.0 10.00 251.00 261.00 OK
r-release-osx-x86_64 2.11.0 NOTE
r-oldrel-windows-ix86+x86_64 2.11.0 7.00 179.00 186.00 OK
r-oldrel-osx-x86_64 2.11.0 OK

Check Details

Version: 2.11.0
Check: package dependencies
Result: NOTE
    Package suggested but not available for checking: ‘BiocParallel’
Flavor: r-release-osx-x86_64