CRAN Package Check Results for Package R.filesets

Last updated on 2015-05-03 16:46:45.

Flavor Version Tinstall Tcheck Ttotal Status Flags
r-devel-linux-x86_64-debian-clang 2.7.1 2.15 50.04 52.19 OK
r-devel-linux-x86_64-debian-gcc 2.7.1 2.11 49.72 51.84 OK
r-devel-linux-x86_64-fedora-clang 2.7.1 54.17 OK
r-devel-linux-x86_64-fedora-gcc 2.7.1 52.09 OK
r-devel-osx-x86_64-clang 2.7.1 51.73 OK
r-devel-windows-ix86+x86_64 2.7.1 6.00 87.00 93.00 OK
r-patched-linux-x86_64 2.7.1 2.13 48.50 50.63 OK
r-patched-solaris-sparc 2.7.1 563.50 OK
r-patched-solaris-x86 2.7.1 111.80 OK
r-release-linux-x86_64 2.7.1 2.16 49.20 51.37 OK
r-release-osx-x86_64-mavericks 2.7.1 NOTE
r-release-osx-x86_64-snowleopard 2.7.1 NOTE
r-release-windows-ix86+x86_64 2.7.1 11.00 91.00 102.00 OK
r-oldrel-windows-ix86+x86_64 2.7.1 7.00 110.00 117.00 OK

Check Details

Version: 2.7.1
Check: package dependencies
Result: NOTE
    Package suggested but not available for checking: ‘BiocParallel’
Flavors: r-release-osx-x86_64-mavericks, r-release-osx-x86_64-snowleopard