CRAN Package Check Results for Package R.filesets

Last updated on 2024-02-29 06:54:17 CET.

Flavor Version Tinstall Tcheck Ttotal Status Flags
r-devel-linux-x86_64-debian-clang 2.15.1 8.11 129.91 138.02 OK
r-devel-linux-x86_64-debian-gcc 2.15.1 6.44 98.54 104.98 OK
r-devel-linux-x86_64-fedora-clang 2.15.1 168.04 OK
r-devel-linux-x86_64-fedora-gcc 2.15.1 161.97 OK
r-devel-windows-x86_64 2.15.1 9.00 363.00 372.00 OK
r-patched-linux-x86_64 2.15.1 9.61 125.17 134.78 OK
r-release-linux-x86_64 2.15.1 8.67 124.06 132.73 OK
r-release-macos-arm64 2.15.1 57.00 OK
r-release-macos-x86_64 2.15.1 118.00 OK
r-release-windows-x86_64 2.15.1 11.00 1884.00 1895.00 OK
r-oldrel-macos-arm64 2.15.1 55.00 OK
r-oldrel-windows-x86_64 2.15.1 12.00 0.00 12.00 FAIL

Check Details

Version: 2.15.1
Check: HTML version of manual
Result: FAIL Check process probably crashed or hung up for 20 minutes ... killed Most likely this happened in the example checks (?), if not, ignore the following last lines of example output: 39 8 1 g 40 1 2 j 41 1 1 r 42 4 3 t 43 2 7 g 44 1 6 s 45 6 10 f 46 6 2 a 47 2 4 e 48 7 24 c 49 8 1 g 50 1 2 j > > > > ### * <FOOTER> > ### > cleanEx() > options(digits = 7L) > base::cat("Time elapsed: ", proc.time() - base::get("ptime", pos = 'CheckExEnv'),"\n") Time elapsed: 8.64 0.42 9.28 NA NA > grDevices::dev.off() null device 1 > ### > ### Local variables: *** > ### mode: outline-minor *** > ### outline-regexp: "\\(> \\)?### [*]+" *** > ### End: *** > quit('no') ======== End of example output (where/before crash/hang up occured ?) ======== Flavor: r-oldrel-windows-x86_64