CRAN Package Check Results for Package R.filesets

Last updated on 2017-04-23 23:51:22.

Flavor Version Tinstall Tcheck Ttotal Status Flags
r-devel-linux-x86_64-debian-clang 2.11.0 3.18 110.94 114.12 OK
r-devel-linux-x86_64-debian-gcc 2.11.0 3.23 108.19 111.42 OK
r-devel-linux-x86_64-fedora-clang 2.11.0 203.01 OK --no-stop-on-test-error
r-devel-linux-x86_64-fedora-gcc 2.11.0 196.01 OK --no-stop-on-test-error
r-devel-windows-ix86+x86_64 2.11.0 10.00 229.00 239.00 OK
r-patched-linux-x86_64 2.11.0 3.40 106.95 110.35 OK
r-patched-solaris-sparc 2.11.0 1737.30 OK
r-patched-solaris-x86 2.11.0 287.80 OK
r-release-linux-x86_64 2.11.0 3.32 106.56 109.89 OK
r-release-windows-ix86+x86_64 2.11.0 10.00 190.00 200.00 OK
r-release-osx-x86_64 2.11.0 NOTE
r-oldrel-windows-ix86+x86_64 2.11.0 7.00 155.00 162.00 OK
r-oldrel-osx-x86_64 2.11.0 OK

Check Details

Version: 2.11.0
Check: package dependencies
Result: NOTE
    Package suggested but not available for checking: ‘BiocParallel’
Flavor: r-release-osx-x86_64