CRAN Package Check Results for Package R.filesets

Last updated on 2017-05-25 07:48:47.

Flavor Version Tinstall Tcheck Ttotal Status Flags
r-devel-linux-x86_64-debian-clang 2.11.0 3.47 109.85 113.31 OK
r-devel-linux-x86_64-debian-gcc 2.11.0 3.34 106.88 110.22 OK
r-devel-linux-x86_64-fedora-clang 2.11.0 203.42 OK --no-stop-on-test-error
r-devel-linux-x86_64-fedora-gcc 2.11.0 197.88 OK --no-stop-on-test-error
r-devel-windows-ix86+x86_64 2.11.0 8.00 270.00 278.00 OK
r-patched-linux-x86_64 2.11.0 3.16 108.89 112.05 OK
r-patched-solaris-sparc 2.11.0 1737.30 OK
r-patched-solaris-x86 2.11.0 289.70 OK
r-release-linux-x86_64 2.11.0 3.33 108.25 111.59 OK
r-release-windows-ix86+x86_64 2.11.0 16.00 385.00 401.00 OK
r-release-osx-x86_64 2.11.0 NOTE
r-oldrel-windows-ix86+x86_64 2.11.0 10.00 287.00 297.00 OK
r-oldrel-osx-x86_64 2.11.0 OK

Check Details

Version: 2.11.0
Check: package dependencies
Result: NOTE
    Package suggested but not available for checking: ‘BiocParallel’
Flavor: r-release-osx-x86_64