CRAN Package Check Results for Package R.filesets

Last updated on 2014-11-23 03:48:08.

Flavor Version Tinstall Tcheck Ttotal Status Flags
r-devel-linux-x86_64-debian-clang 2.6.0 2.56 48.70 51.25 OK
r-devel-linux-x86_64-debian-gcc 2.6.0 2.55 47.85 50.40 OK
r-devel-linux-x86_64-fedora-clang 2.6.0 109.35 OK
r-devel-linux-x86_64-fedora-gcc 2.6.0 99.65 OK
r-devel-osx-x86_64-clang 2.6.0 96.27 OK
r-devel-windows-ix86+x86_64 2.6.0 6.00 80.00 86.00 OK
r-patched-linux-x86_64 2.6.0 2.46 49.25 51.71 OK
r-patched-solaris-sparc 2.6.0 605.50 OK
r-patched-solaris-x86 2.6.0 127.30 OK
r-release-linux-ix86 2.6.0 3.10 60.26 63.36 OK
r-release-linux-x86_64 2.6.0 2.79 49.59 52.38 OK
r-release-osx-x86_64-mavericks 2.6.0 NOTE
r-release-osx-x86_64-snowleopard 2.6.0 NOTE
r-release-windows-ix86+x86_64 2.6.0 8.00 82.00 90.00 OK
r-oldrel-windows-ix86+x86_64 2.6.0 9.00 86.00 95.00 OK

Check Details

Version: 2.6.0
Check: package dependencies
Result: NOTE
    Package suggested but not available for checking: ‘BiocParallel’
Flavors: r-release-osx-x86_64-mavericks, r-release-osx-x86_64-snowleopard