CRAN Package Check Results for Package R.filesets

Last updated on 2014-12-19 08:48:39.

Flavor Version Tinstall Tcheck Ttotal Status Flags
r-devel-linux-x86_64-debian-clang 2.6.0 2.37 49.94 52.30 OK
r-devel-linux-x86_64-debian-gcc 2.6.0 2.32 47.52 49.85 OK
r-devel-linux-x86_64-fedora-clang 2.6.0 106.83 OK
r-devel-linux-x86_64-fedora-gcc 2.6.0 99.92 OK
r-devel-osx-x86_64-clang 2.6.0 96.52 OK
r-devel-windows-ix86+x86_64 2.6.0 10.00 90.00 100.00 OK
r-patched-linux-x86_64 2.6.0 2.56 49.57 52.13 OK
r-patched-solaris-sparc 2.6.0 605.50 OK
r-patched-solaris-x86 2.6.0 127.20 OK
r-release-linux-ix86 2.6.0 2.99 60.34 63.33 OK
r-release-linux-x86_64 2.6.0 2.39 49.42 51.81 OK
r-release-osx-x86_64-mavericks 2.6.0 NOTE
r-release-osx-x86_64-snowleopard 2.6.0 NOTE
r-release-windows-ix86+x86_64 2.6.0 9.00 90.00 99.00 OK
r-oldrel-windows-ix86+x86_64 2.6.0 8.00 92.00 100.00 OK

Check Details

Version: 2.6.0
Check: package dependencies
Result: NOTE
    Package suggested but not available for checking: ‘BiocParallel’
Flavors: r-release-osx-x86_64-mavericks, r-release-osx-x86_64-snowleopard