CRAN Package Check Results for Package R.filesets

Last updated on 2015-03-04 23:47:29.

Flavor Version Tinstall Tcheck Ttotal Status Flags
r-devel-linux-x86_64-debian-clang 2.7.0 2.21 50.16 52.38 OK
r-devel-linux-x86_64-debian-gcc 2.7.0 2.30 49.31 51.61 OK
r-devel-linux-x86_64-fedora-clang 2.7.0 103.80 OK
r-devel-linux-x86_64-fedora-gcc 2.7.0 98.49 OK
r-devel-osx-x86_64-clang 2.7.0 99.74 OK
r-devel-windows-ix86+x86_64 2.7.0 9.00 84.00 93.00 OK
r-patched-linux-x86_64 2.7.0 3.06 56.73 59.80 OK
r-patched-solaris-sparc 2.7.0 712.80 OK
r-patched-solaris-x86 2.7.0 142.30 OK
r-release-linux-ix86 2.7.0 3.04 68.19 71.23 OK
r-release-linux-x86_64 2.7.0 2.56 57.42 59.98 OK
r-release-osx-x86_64-mavericks 2.7.0 NOTE
r-release-osx-x86_64-snowleopard 2.7.0 NOTE
r-release-windows-ix86+x86_64 2.7.0 8.00 100.00 108.00 OK
r-oldrel-windows-ix86+x86_64 2.7.0 9.00 97.00 106.00 OK

Check Details

Version: 2.7.0
Check: package dependencies
Result: NOTE
    Package suggested but not available for checking: ‘BiocParallel’
Flavors: r-release-osx-x86_64-mavericks, r-release-osx-x86_64-snowleopard