CRAN Package Check Results for Package R.filesets

Last updated on 2014-09-18 14:47:02.

Flavor Version Tinstall Tcheck Ttotal Status Flags
r-devel-linux-x86_64-debian-clang 2.6.0 2.35 48.08 50.43 OK
r-devel-linux-x86_64-debian-gcc 2.6.0 2.31 46.28 48.58 OK
r-devel-linux-x86_64-fedora-clang 2.6.0 102.31 OK
r-devel-linux-x86_64-fedora-gcc 2.6.0 114.64 OK
r-devel-osx-x86_64-clang 2.6.0 85.47 OK
r-devel-windows-ix86+x86_64 2.6.0 7.00 74.00 81.00 OK
r-patched-linux-x86_64 2.6.0 2.34 49.56 51.90 OK
r-patched-solaris-sparc 2.6.0 595.30 OK
r-patched-solaris-x86 2.6.0 125.90 OK
r-release-linux-ix86 2.6.0 3.10 64.50 67.60 OK
r-release-linux-x86_64 2.6.0 2.44 51.05 53.49 OK
r-release-osx-x86_64-mavericks 2.6.0 NOTE
r-release-osx-x86_64-snowleopard 2.6.0 NOTE
r-release-windows-ix86+x86_64 2.6.0 7.00 83.00 90.00 OK
r-oldrel-windows-ix86+x86_64 2.6.0 8.00 84.00 92.00 OK

Check Details

Version: 2.6.0
Check: package dependencies
Result: NOTE
    Package suggested but not available for checking: ‘BiocParallel’
Flavors: r-release-osx-x86_64-mavericks, r-release-osx-x86_64-snowleopard