CRAN Package Check Results for Package R.filesets

Last updated on 2017-11-25 11:55:43 CET.

Flavor Version Tinstall Tcheck Ttotal Status Flags
r-devel-linux-x86_64-debian-clang 2.11.0 4.78 235.52 240.30 OK
r-devel-linux-x86_64-debian-gcc 2.11.0 4.04 216.87 220.91 OK
r-devel-linux-x86_64-fedora-clang 2.11.0 196.56 OK
r-devel-linux-x86_64-fedora-gcc 2.11.0 194.14 OK
r-devel-windows-ix86+x86_64 2.11.0 10.00 306.00 316.00 OK
r-patched-linux-x86_64 2.11.0 5.06 247.84 252.89 OK
r-patched-solaris-x86 2.11.0 291.10 OK
r-release-linux-x86_64 2.11.0 4.90 241.80 246.70 OK
r-release-windows-ix86+x86_64 2.11.0 9.00 199.00 208.00 OK
r-release-osx-x86_64 2.11.0 NOTE
r-oldrel-windows-ix86+x86_64 2.11.0 7.00 178.00 185.00 OK
r-oldrel-osx-x86_64 2.11.0 OK

Check Details

Version: 2.11.0
Check: package dependencies
Result: NOTE
    Package suggested but not available for checking: ‘BiocParallel’
Flavor: r-release-osx-x86_64