CRAN Package Check Results for Package R.matlab

Last updated on 2015-01-30 18:51:38.

Flavor Version Tinstall Tcheck Ttotal Status Flags
r-devel-linux-x86_64-debian-clang 3.1.1 2.35 20.90 23.25 NOTE
r-devel-linux-x86_64-debian-gcc 3.1.1 2.41 21.43 23.84 NOTE
r-devel-linux-x86_64-fedora-clang 3.1.1 51.31 NOTE
r-devel-linux-x86_64-fedora-gcc 3.1.1 47.09 NOTE
r-devel-osx-x86_64-clang 3.1.1 50.32 NOTE
r-devel-windows-ix86+x86_64 3.1.1 8.00 32.00 40.00 NOTE
r-patched-linux-x86_64 3.1.1 2.72 23.04 25.76 OK
r-patched-solaris-sparc 3.1.1 327.90 OK
r-patched-solaris-x86 3.1.1 68.30 OK
r-release-linux-ix86 3.1.1 3.24 30.34 33.59 OK
r-release-linux-x86_64 3.1.1 3.40 24.04 27.44 OK
r-release-osx-x86_64-mavericks 3.1.1 OK
r-release-osx-x86_64-snowleopard 3.1.1 OK
r-release-windows-ix86+x86_64 3.1.1 8.00 38.00 46.00 OK
r-oldrel-windows-ix86+x86_64 3.1.1 7.00 42.00 49.00 OK

Check Details

Version: 3.1.1
Check: dependencies in R code
Result: NOTE
    'library' or 'require' calls in package code:
     ‘Matrix’ ‘SparseM’
     Please use :: or requireNamespace() instead.
     See section 'Suggested packages' in the 'Writing R Extensions' manual.
Flavors: r-devel-linux-x86_64-debian-clang, r-devel-linux-x86_64-debian-gcc, r-devel-linux-x86_64-fedora-clang, r-devel-linux-x86_64-fedora-gcc, r-devel-osx-x86_64-clang, r-devel-windows-ix86+x86_64