CRAN Package Check Results for Package R.matlab

Last updated on 2015-07-07 11:48:24.

Flavor Version Tinstall Tcheck Ttotal Status Flags
r-devel-linux-x86_64-debian-clang 3.2.0 2.22 21.48 23.70 NOTE
r-devel-linux-x86_64-debian-gcc 3.2.0 2.23 20.28 22.51 NOTE
r-devel-linux-x86_64-fedora-clang 3.2.0 43.48 NOTE
r-devel-linux-x86_64-fedora-gcc 3.2.0 41.70 NOTE
r-devel-osx-x86_64-clang 3.2.0 40.90 OK
r-devel-windows-ix86+x86_64 3.2.0 9.00 52.00 61.00 NOTE
r-patched-linux-x86_64 3.2.0 2.32 20.66 22.98 OK
r-patched-solaris-sparc 3.2.0 281.30 OK
r-patched-solaris-x86 3.2.0 59.30 OK
r-release-linux-x86_64 3.2.0 2.33 21.29 23.62 OK
r-release-osx-x86_64-mavericks 3.2.0 OK
r-release-windows-ix86+x86_64 3.2.0 9.00 37.00 46.00 OK
r-oldrel-windows-ix86+x86_64 3.2.0 7.00 57.00 64.00 OK

Check Details

Version: 3.2.0
Check: R code for possible problems
Result: NOTE
    getVariable.Matlab: no visible global function definition for ‘str’
    readMat.default : debugStr: no visible global function definition for
     ‘str’
    readMat.default : readMat4 : readMat4Data: no visible global function
     definition for ‘str’
    readMat.default : readMat4 : readMat4Data: no visible global function
     definition for ‘new’
    readMat.default : readMat4 : readMat4Data: no visible global function
     definition for ‘as’
    readMat.default : readMat4: no visible global function definition for
     ‘str’
    readMat.default : readMat5 : mat5ReadDimensionsArray: no visible global
     function definition for ‘str’
    readMat.default : readMat5 : mat5ReadValues: no visible global function
     definition for ‘str’
    readMat.default : readMat5 : mat5ReadMiMATRIX: no visible global
     function definition for ‘str’
    readMat.default : readMat5 : mat5ReadMiMATRIX: no visible global
     function definition for ‘new’
    readMat.default : readMat5 : readMat5DataElement: no visible global
     function definition for ‘str’
    readMat.default: no visible global function definition for ‘head’
    setFunction.Matlab: no visible global function definition for ‘str’
    writeMat.default: no visible global function definition for
     ‘compareVersion’
    Undefined global functions or variables:
     as compareVersion head new str
Flavors: r-devel-linux-x86_64-debian-clang, r-devel-linux-x86_64-debian-gcc, r-devel-linux-x86_64-fedora-clang, r-devel-linux-x86_64-fedora-gcc, r-devel-windows-ix86+x86_64