CRAN Package Check Results for Package R.matlab

Last updated on 2015-08-05 11:48:13.

Flavor Version Tinstall Tcheck Ttotal Status Flags
r-devel-linux-x86_64-debian-clang 3.2.0 2.27 20.69 22.96 NOTE
r-devel-linux-x86_64-debian-gcc 3.2.0 2.21 20.62 22.82 NOTE
r-devel-linux-x86_64-fedora-clang 3.2.0 44.29 NOTE
r-devel-linux-x86_64-fedora-gcc 3.2.0 41.67 NOTE
r-devel-osx-x86_64-clang 3.2.0 40.58 OK
r-devel-windows-ix86+x86_64 3.2.0 11.00 48.00 59.00 NOTE
r-patched-linux-x86_64 3.2.0 2.22 20.10 22.32 OK
r-patched-solaris-sparc 3.2.0 288.60 OK
r-patched-solaris-x86 3.2.0 58.70 OK
r-release-linux-x86_64 3.2.0 2.24 20.44 22.68 OK
r-release-osx-x86_64-mavericks 3.2.0 OK
r-release-windows-ix86+x86_64 3.2.0 9.00 34.00 43.00 OK
r-oldrel-windows-ix86+x86_64 3.2.0 11.00 40.00 51.00 OK

Check Details

Version: 3.2.0
Check: R code for possible problems
Result: NOTE
    getVariable.Matlab: no visible global function definition for ‘str’
    readMat.default : debugStr: no visible global function definition for
     ‘str’
    readMat.default : readMat4 : readMat4Data: no visible global function
     definition for ‘str’
    readMat.default : readMat4 : readMat4Data: no visible global function
     definition for ‘new’
    readMat.default : readMat4 : readMat4Data: no visible global function
     definition for ‘as’
    readMat.default : readMat4: no visible global function definition for
     ‘str’
    readMat.default : readMat5 : mat5ReadDimensionsArray: no visible global
     function definition for ‘str’
    readMat.default : readMat5 : mat5ReadValues: no visible global function
     definition for ‘str’
    readMat.default : readMat5 : mat5ReadMiMATRIX: no visible global
     function definition for ‘str’
    readMat.default : readMat5 : mat5ReadMiMATRIX: no visible global
     function definition for ‘new’
    readMat.default : readMat5 : readMat5DataElement: no visible global
     function definition for ‘str’
    readMat.default: no visible global function definition for ‘head’
    setFunction.Matlab: no visible global function definition for ‘str’
    writeMat.default: no visible global function definition for
     ‘compareVersion’
    Undefined global functions or variables:
     as compareVersion head new str
    Consider adding
     importFrom("methods", "as", "new")
     importFrom("utils", "compareVersion", "head", "str")
    to your NAMESPACE.
Flavors: r-devel-linux-x86_64-debian-clang, r-devel-linux-x86_64-debian-gcc, r-devel-linux-x86_64-fedora-clang, r-devel-linux-x86_64-fedora-gcc, r-devel-windows-ix86+x86_64