CRAN Package Check Results for Package R.methodsS3

Last updated on 2016-02-09 03:47:18.

Flavor Version Tinstall Tcheck Ttotal Status Flags
r-devel-linux-x86_64-debian-gcc 1.7.0 0.63 10.48 11.11 NOTE
r-devel-linux-x86_64-fedora-clang 1.7.0 20.26 NOTE
r-devel-linux-x86_64-fedora-gcc 1.7.0 19.36 NOTE
r-devel-osx-x86_64-clang 1.7.0 24.91 NOTE
r-devel-windows-ix86+x86_64 1.7.0 5.00 24.00 29.00 NOTE
r-patched-linux-x86_64 1.7.0 0.75 11.44 12.19 OK
r-patched-solaris-sparc 1.7.0 138.50 OK
r-patched-solaris-x86 1.7.0 30.50 OK
r-release-linux-x86_64 1.7.0 0.66 11.52 12.17 OK
r-release-osx-x86_64-mavericks 1.7.0 OK
r-release-windows-ix86+x86_64 1.7.0 3.00 20.00 23.00 OK
r-oldrel-windows-ix86+x86_64 1.7.0 5.00 22.00 27.00 OK

Check Details

Version: 1.7.0
Check: R code for possible problems
Result: NOTE
    findDispatchMethodsS3.default: no visible global function definition
     for ‘head’
    Undefined global functions or variables:
     head
    Consider adding
     importFrom("utils", "head")
    to your NAMESPACE file.
Flavors: r-devel-linux-x86_64-debian-gcc, r-devel-linux-x86_64-fedora-clang, r-devel-linux-x86_64-fedora-gcc, r-devel-osx-x86_64-clang, r-devel-windows-ix86+x86_64