CRAN Package Check Results for Package R.methodsS3

Last updated on 2014-04-25 05:47:24.

Flavor Version Tinstall Tcheck Ttotal Status Flags
r-devel-linux-x86_64-debian-clang 1.6.1 0.71 10.23 10.94 OK
r-devel-linux-x86_64-debian-gcc 1.6.1 0.92 10.20 11.11 OK
r-devel-linux-x86_64-fedora-clang 1.6.1 20.79 OK
r-devel-linux-x86_64-fedora-gcc 1.6.1 19.86 OK
r-devel-osx-x86_64-clang 1.6.1 24.68 OK
r-devel-osx-x86_64-gcc 1.6.1 NOTE
r-devel-windows-ix86+x86_64 1.6.1 3.00 16.00 19.00 OK
r-patched-linux-x86_64 1.6.1 0.90 10.13 11.03 OK
r-patched-solaris-sparc 1.6.1 121.20 OK
r-patched-solaris-x86 1.6.1 30.40 OK
r-release-linux-ix86 1.6.1 1.00 23.00 24.00 OK
r-release-linux-x86_64 1.6.1 1.42 10.20 11.62 OK
r-release-osx-x86_64-mavericks 1.6.1 OK
r-release-osx-x86_64-snowleopard 1.6.1 OK
r-release-windows-ix86+x86_64 1.6.1 5.00 22.00 27.00 OK
r-oldrel-windows-ix86+x86_64 1.6.1 3.00 17.00 20.00 OK

Check Details

Version: 1.6.1
Check: Rd cross-references
Result: NOTE
    Package unavailable to check Rd xrefs: ‘R.oo’
Flavor: r-devel-osx-x86_64-gcc