CRAN Package Check Results for Package R.methodsS3

Last updated on 2015-07-28 03:48:30.

Flavor Version Tinstall Tcheck Ttotal Status Flags
r-devel-linux-x86_64-debian-clang 1.7.0 0.62 11.22 11.83 NOTE
r-devel-linux-x86_64-debian-gcc 1.7.0 0.60 11.01 11.61 NOTE
r-devel-linux-x86_64-fedora-clang 1.7.0 22.85 NOTE
r-devel-linux-x86_64-fedora-gcc 1.7.0 20.96 NOTE
r-devel-osx-x86_64-clang 1.7.0 24.81 OK
r-devel-windows-ix86+x86_64 1.7.0 5.00 20.00 25.00 NOTE
r-patched-linux-x86_64 1.7.0 0.63 11.64 12.28 OK
r-patched-solaris-sparc 1.7.0 163.40 OK
r-patched-solaris-x86 1.7.0 34.70 OK
r-release-linux-x86_64 1.7.0 0.66 11.76 12.41 OK
r-release-osx-x86_64-mavericks 1.7.0 OK
r-release-windows-ix86+x86_64 1.7.0 3.00 21.00 24.00 OK
r-oldrel-windows-ix86+x86_64 1.7.0 5.00 22.00 27.00 OK

Check Details

Version: 1.7.0
Check: R code for possible problems
Result: NOTE
    findDispatchMethodsS3.default: no visible global function definition
     for ‘head’
    Undefined global functions or variables:
     head
    Consider adding
     importFrom("utils", "head")
    to your NAMESPACE.
Flavors: r-devel-linux-x86_64-debian-clang, r-devel-linux-x86_64-debian-gcc, r-devel-linux-x86_64-fedora-clang, r-devel-linux-x86_64-fedora-gcc, r-devel-windows-ix86+x86_64