CRAN Package Check Results for Package R.methodsS3

Last updated on 2015-06-30 22:47:35.

Flavor Version Tinstall Tcheck Ttotal Status Flags
r-devel-linux-x86_64-debian-clang 1.7.0 0.60 11.22 11.82 NOTE
r-devel-linux-x86_64-debian-gcc 1.7.0 0.60 10.98 11.58 NOTE
r-devel-linux-x86_64-fedora-clang 1.7.0 22.19 NOTE
r-devel-linux-x86_64-fedora-gcc 1.7.0 20.32 NOTE
r-devel-osx-x86_64-clang 1.7.0 25.07 OK
r-devel-windows-ix86+x86_64 1.7.0 5.00 20.00 25.00 OK
r-patched-linux-x86_64 1.7.0 0.78 11.36 12.13 OK
r-patched-solaris-sparc 1.7.0 165.20 OK
r-patched-solaris-x86 1.7.0 35.40 OK
r-release-linux-x86_64 1.7.0 0.64 11.76 12.40 OK
r-release-osx-x86_64-mavericks 1.7.0 OK
r-release-windows-ix86+x86_64 1.7.0 2.00 23.00 25.00 OK
r-oldrel-windows-ix86+x86_64 1.7.0 5.00 22.00 27.00 OK

Check Details

Version: 1.7.0
Check: R code for possible problems
Result: NOTE
    findDispatchMethodsS3.default: no visible global function definition
     for ‘head’
Flavors: r-devel-linux-x86_64-debian-clang, r-devel-linux-x86_64-debian-gcc, r-devel-linux-x86_64-fedora-clang, r-devel-linux-x86_64-fedora-gcc