CRAN Package Check Results for Package R.oo

Last updated on 2015-08-31 23:49:48.

Flavor Version Tinstall Tcheck Ttotal Status Flags
r-devel-linux-x86_64-debian-clang 1.19.0 2.71 33.49 36.20 NOTE
r-devel-linux-x86_64-debian-gcc 1.19.0 2.39 32.97 35.36 NOTE
r-devel-linux-x86_64-fedora-clang 1.19.0 68.39 NOTE
r-devel-linux-x86_64-fedora-gcc 1.19.0 65.95 NOTE
r-devel-osx-x86_64-clang 1.19.0 66.66 OK
r-devel-windows-ix86+x86_64 1.19.0 11.00 58.00 69.00 NOTE
r-patched-linux-x86_64 1.19.0 2.44 35.87 38.31 OK
r-patched-solaris-sparc 1.19.0 461.40 OK
r-patched-solaris-x86 1.19.0 95.30 OK
r-release-linux-x86_64 1.19.0 2.68 35.00 37.68 OK
r-release-osx-x86_64-mavericks 1.19.0 OK
r-release-windows-ix86+x86_64 1.19.0 20.00 91.00 111.00 OK
r-oldrel-windows-ix86+x86_64 1.19.0 13.00 62.00 75.00 OK

Check Details

Version: 1.19.0
Check: R code for possible problems
Result: NOTE
    .makeObjectFinalizer : finalizer: no visible global function definition
     for ‘sessionInfo’
    compile.Rdoc : compileRdoc : tag: no visible binding for global
     variable ‘line’
    Undefined global functions or variables:
     line sessionInfo
    Consider adding
     importFrom("stats", "line")
     importFrom("utils", "sessionInfo")
    to your NAMESPACE.
Flavors: r-devel-linux-x86_64-debian-clang, r-devel-linux-x86_64-debian-gcc, r-devel-linux-x86_64-fedora-clang, r-devel-linux-x86_64-fedora-gcc, r-devel-windows-ix86+x86_64