CRAN Package Check Results for Package R.oo

Last updated on 2014-04-24 09:49:09.

Flavor Version Tinstall Tcheck Ttotal Status Flags
r-devel-linux-x86_64-debian-clang 1.18.0 3.07 31.39 34.46 OK
r-devel-linux-x86_64-debian-gcc 1.18.0 2.78 31.22 34.00 OK
r-devel-linux-x86_64-fedora-clang 1.18.0 71.47 OK
r-devel-linux-x86_64-fedora-gcc 1.18.0 67.14 OK
r-devel-osx-x86_64-clang 1.18.0 62.39 OK
r-devel-osx-x86_64-gcc 1.18.0 OK
r-devel-windows-ix86+x86_64 1.18.0 7.00 45.00 52.00 OK
r-patched-linux-x86_64 1.18.0 2.76 30.67 33.43 OK
r-patched-solaris-sparc 1.18.0 369.80 OK
r-patched-solaris-x86 1.18.0 82.60 OK
r-release-linux-ix86 1.18.0 4.00 53.00 57.00 OK
r-release-linux-x86_64 1.18.0 2.78 31.42 34.20 OK
r-release-osx-x86_64-mavericks 1.18.0 WARN
r-release-osx-x86_64-snowleopard 1.18.0 OK
r-release-windows-ix86+x86_64 1.18.0 11.00 64.00 75.00 OK
r-oldrel-windows-ix86+x86_64 1.18.0 7.00 48.00 55.00 OK

Check Details

Version: 1.18.0
Check: PDF version of manual
Result: WARNING
    LaTeX errors when creating PDF version.
    This typically indicates Rd problems.
    LaTeX errors found:
    ! LaTeX Error: File `upquote.sty' not found.
    
    Type X to quit or <RETURN> to proceed,
    or enter new name. (Default extension: sty)
    
    7736ed5/Rd2.tex:8: ==> Fatal error occurred, no output PDF file produced!
Flavor: r-release-osx-x86_64-mavericks