CRAN Package Check Results for Package R.rsp

Last updated on 2016-12-05 02:47:15.

Flavor Version Tinstall Tcheck Ttotal Status Flags
r-devel-linux-x86_64-debian-clang 0.30.0 4.47 151.65 156.12 OK
r-devel-linux-x86_64-debian-gcc 0.30.0 4.53 149.67 154.20 OK
r-devel-linux-x86_64-fedora-clang 0.30.0 318.35 OK --no-stop-on-test-error
r-devel-linux-x86_64-fedora-gcc 0.30.0 305.16 OK --no-stop-on-test-error
r-devel-macos-x86_64-clang 0.30.0 243.03 OK
r-devel-windows-ix86+x86_64 0.30.0 22.00 451.00 473.00 OK
r-patched-linux-x86_64 0.30.0 3.29 82.84 86.12 OK
r-patched-solaris-sparc 0.30.0 910.70 OK
r-patched-solaris-x86 0.30.0 190.30 OK
r-release-linux-x86_64 0.30.0 3.35 83.08 86.42 OK
r-release-osx-x86_64-mavericks 0.30.0 NOTE
r-release-windows-ix86+x86_64 0.30.0 16.00 377.00 393.00 OK
r-oldrel-windows-ix86+x86_64 0.30.0 16.00 375.00 391.00 OK

Check Details

Version: 0.30.0
Check: dependencies in R code
Result: NOTE
    Invalid MIT-MAGIC-COOKIE-1 key
Flavor: r-release-osx-x86_64-mavericks