CRAN Package Check Results for Package R.rsp

Last updated on 2016-07-27 19:50:38.

Flavor Version Tinstall Tcheck Ttotal Status Flags
r-devel-linux-x86_64-debian-clang 0.30.0 3.79 99.46 103.25 OK
r-devel-linux-x86_64-debian-gcc 0.30.0 3.56 96.09 99.65 OK
r-devel-linux-x86_64-fedora-clang 0.30.0 156.70 OK
r-devel-linux-x86_64-fedora-gcc 0.30.0 146.11 OK
r-devel-osx-x86_64-clang 0.30.0 137.77 OK
r-devel-windows-ix86+x86_64 0.30.0 30.00 358.00 388.00 OK
r-patched-linux-x86_64 0.30.0 3.97 94.13 98.10 OK
r-patched-solaris-sparc 0.30.0 910.70 OK
r-patched-solaris-x86 0.30.0 188.30 OK
r-release-linux-x86_64 0.30.0 5.12 95.53 100.64 OK
r-release-osx-x86_64-mavericks 0.30.0 NOTE
r-release-windows-ix86+x86_64 0.30.0 21.00 383.00 404.00 OK
r-oldrel-windows-ix86+x86_64 0.30.0 28.00 402.00 430.00 OK

Check Details

Version: 0.30.0
Check: dependencies in R code
Result: NOTE
    Invalid MIT-MAGIC-COOKIE-1 key
Flavor: r-release-osx-x86_64-mavericks