CRAN Package Check Results for Package R.rsp

Last updated on 2016-05-27 09:50:27.

Flavor Version Tinstall Tcheck Ttotal Status Flags
r-devel-linux-x86_64-debian-gcc 0.30.0 3.18 84.74 87.92 OK
r-devel-linux-x86_64-fedora-clang 0.30.0 155.53 OK
r-devel-linux-x86_64-fedora-gcc 0.30.0 152.07 OK
r-devel-osx-x86_64-clang 0.30.0 191.78 OK
r-devel-windows-ix86+x86_64 0.30.0 19.00 406.00 425.00 OK
r-patched-linux-x86_64 0.30.0 3.70 81.45 85.15 OK
r-patched-solaris-sparc 0.30.0 864.20 OK
r-patched-solaris-x86 0.30.0 194.80 OK
r-release-linux-x86_64 0.30.0 3.24 81.00 84.24 OK
r-release-osx-x86_64-mavericks 0.30.0 NOTE
r-release-windows-ix86+x86_64 0.30.0 19.00 329.00 348.00 OK
r-oldrel-windows-ix86+x86_64 0.30.0 15.00 367.00 382.00 OK

Check Details

Version: 0.30.0
Check: dependencies in R code
Result: NOTE
    Invalid MIT-MAGIC-COOKIE-1 key
Flavor: r-release-osx-x86_64-mavericks