CRAN Package Check Results for Package R.rsp

Last updated on 2017-10-22 20:47:27.

Flavor Version Tinstall Tcheck Ttotal Status Flags
r-devel-linux-x86_64-debian-clang 0.41.0 4.28 149.00 153.28 OK
r-devel-linux-x86_64-debian-gcc 0.41.0 5.50 159.54 165.05 OK
r-devel-linux-x86_64-fedora-clang 0.41.0 308.46 OK
r-devel-linux-x86_64-fedora-gcc 0.41.0 309.70 OK
r-devel-windows-ix86+x86_64 0.41.0 15.00 576.00 591.00 OK
r-patched-linux-x86_64 0.41.0 4.45 147.29 151.74 OK
r-patched-solaris-x86 0.41.0 334.60 OK
r-release-linux-x86_64 0.41.0 4.04 148.04 152.07 OK
r-release-windows-ix86+x86_64 0.41.0 21.00 662.00 683.00 OK
r-release-osx-x86_64 0.41.0 WARN
r-oldrel-windows-ix86+x86_64 0.41.0 11.00 441.00 452.00 OK
r-oldrel-osx-x86_64 0.41.0 OK

Check Details

Version: 0.41.0
Check: re-building of vignette outputs
Result: WARN
    Error in re-building vignettes:
     ...
    Error: processing vignette 'RSP_refcard.tex.rsp' failed with diagnostics:
    Running 'texi2dvi' on 'RSP_refcard.tex' failed.
    LaTeX errors:
    ! LaTeX Error: File `titlesec.sty' not found.
    
    Type X to quit or <RETURN> to proceed,
    or enter new name. (Default extension: sty)
    
    ! Emergency stop.
    <read *>
    
    l.34 \titlespacing
     {\section}{0pt}{2.0ex}{0.5ex}^^M
    ! ==> Fatal error occurred, no output PDF file produced!
    Execution halted
Flavor: r-release-osx-x86_64