CRAN Package Check Results for Package R.rsp

Last updated on 2017-08-24 02:48:37.

Flavor Version Tinstall Tcheck Ttotal Status Flags
r-devel-linux-x86_64-debian-clang 0.41.0 4.39 147.57 151.96 OK
r-devel-linux-x86_64-debian-gcc 0.41.0 3.98 144.89 148.87 OK
r-devel-linux-x86_64-fedora-clang 0.41.0 298.00 OK
r-devel-linux-x86_64-fedora-gcc 0.41.0 290.24 OK
r-devel-windows-ix86+x86_64 0.41.0 34.00 434.00 468.00 OK
r-patched-linux-x86_64 0.41.0 4.30 153.87 158.17 OK
r-patched-solaris-x86 0.41.0 331.60 OK
r-release-linux-x86_64 0.41.0 3.98 149.87 153.85 OK
r-release-windows-ix86+x86_64 0.41.0 15.00 650.00 665.00 OK
r-release-osx-x86_64 0.41.0 WARN
r-oldrel-windows-ix86+x86_64 0.41.0 23.00 448.00 471.00 OK
r-oldrel-osx-x86_64 0.41.0 OK

Check Details

Version: 0.41.0
Check: re-building of vignette outputs
Result: WARN
    Error in re-building vignettes:
     ...
    Error: processing vignette 'RSP_refcard.tex.rsp' failed with diagnostics:
    Running 'texi2dvi' on 'RSP_refcard.tex' failed.
    LaTeX errors:
    ! LaTeX Error: File `titlesec.sty' not found.
    
    Type X to quit or <RETURN> to proceed,
    or enter new name. (Default extension: sty)
    
    ! Emergency stop.
    <read *>
    
    l.34 \titlespacing
     {\section}{0pt}{2.0ex}{0.5ex}^^M
    ! ==> Fatal error occurred, no output PDF file produced!
    Execution halted
Flavor: r-release-osx-x86_64