CRAN Package Check Results for Package R.rsp

Last updated on 2014-10-31 05:47:29.

Flavor Version Tinstall Tcheck Ttotal Status Flags
r-devel-linux-x86_64-debian-clang 0.19.0 3.61 80.79 84.40 NOTE
r-devel-linux-x86_64-debian-gcc 0.19.0 3.67 82.06 85.73 NOTE
r-devel-linux-x86_64-fedora-clang 0.19.0 173.70 NOTE
r-devel-linux-x86_64-fedora-gcc 0.19.0 164.81 NOTE
r-devel-osx-x86_64-clang 0.19.0 175.05 NOTE
r-devel-windows-ix86+x86_64 0.19.0 10.00 241.00 251.00 NOTE
r-patched-linux-x86_64 0.19.0 3.60 82.77 86.38 NOTE
r-patched-solaris-sparc 0.19.0 972.60 NOTE
r-patched-solaris-x86 0.19.0 211.40 NOTE
r-release-linux-ix86 0.19.0 4.74 116.51 121.25 OK
r-release-linux-x86_64 0.19.0 3.63 85.58 89.21 OK
r-release-osx-x86_64-mavericks 0.19.0 NOTE
r-release-osx-x86_64-snowleopard 0.19.0 OK
r-release-windows-ix86+x86_64 0.19.0 9.00 253.00 262.00 OK
r-oldrel-windows-ix86+x86_64 0.19.0 10.00 250.00 260.00 OK

Check Details

Version: 0.19.0
Check: R code for possible problems
Result: NOTE
    compileAsciiDocNoweb.default: no visible global function definition for
     ‘Asciidoc’
    compileKnitr.default: no visible global function definition for ‘knit’
    epsDev: no visible global function definition for ‘devNew’
    epsDev: no visible binding for global variable ‘eps’
    parse.RspRSourceCode: no visible global function definition for
     ‘digest’
Flavors: r-devel-linux-x86_64-debian-clang, r-devel-linux-x86_64-debian-gcc, r-devel-linux-x86_64-fedora-clang, r-devel-linux-x86_64-fedora-gcc, r-devel-osx-x86_64-clang, r-devel-windows-ix86+x86_64, r-patched-linux-x86_64, r-patched-solaris-sparc, r-patched-solaris-x86

Version: 0.19.0
Check: re-building of vignette outputs
Result: NOTE
    Error in re-building vignettes:
     ...
    Error: processing vignette 'RSP-refcard.tex.rsp' failed with diagnostics:
    Running 'texi2dvi' on 'RSP-refcard.tex' failed.
    LaTeX errors:
    ! LaTeX Error: File `titlesec.sty' not found.
    
    Type X to quit or <RETURN> to proceed,
    or enter new name. (Default extension: sty)
    
    est/R.rsp/vignettes/RSP-refcard.tex:34: ==> Fatal error occurred, no output PD
    F file produced!
    Execution halted
Flavor: r-release-osx-x86_64-mavericks