CRAN Package Check Results for Package R.rsp

Last updated on 2016-06-29 03:47:36.

Flavor Version Tinstall Tcheck Ttotal Status Flags
r-devel-linux-x86_64-debian-gcc 0.30.0 3.50 86.12 89.62 OK
r-devel-linux-x86_64-fedora-clang 0.30.0 154.98 OK
r-devel-linux-x86_64-fedora-gcc 0.30.0 147.32 OK
r-devel-osx-x86_64-clang 0.30.0 137.81 OK
r-devel-windows-ix86+x86_64 0.30.0 21.00 346.00 367.00 OK
r-patched-linux-x86_64 0.30.0 3.47 86.91 90.38 OK
r-patched-solaris-sparc 0.30.0 910.70 OK
r-patched-solaris-x86 0.30.0 192.80 OK
r-release-linux-x86_64 0.30.0 3.17 81.91 85.08 OK
r-release-osx-x86_64-mavericks 0.30.0 NOTE
r-release-windows-ix86+x86_64 0.30.0 16.00 397.00 413.00 OK
r-oldrel-windows-ix86+x86_64 0.30.0 27.00 364.00 391.00 OK

Check Details

Version: 0.30.0
Check: dependencies in R code
Result: NOTE
    Invalid MIT-MAGIC-COOKIE-1 key
Flavor: r-release-osx-x86_64-mavericks