CRAN Package Check Results for Package R.rsp

Last updated on 2015-05-24 10:47:09.

Flavor Version Tinstall Tcheck Ttotal Status Flags
r-devel-linux-x86_64-debian-clang 0.20.0 3.34 82.40 85.73 OK
r-devel-linux-x86_64-debian-gcc 0.20.0 3.24 80.09 83.32 OK
r-devel-linux-x86_64-fedora-clang 0.20.0 173.07 OK
r-devel-linux-x86_64-fedora-gcc 0.20.0 160.08 OK
r-devel-osx-x86_64-clang 0.20.0 188.43 OK
r-devel-windows-ix86+x86_64 0.20.0 20.00 352.00 372.00 OK
r-patched-linux-x86_64 0.20.0 3.58 79.66 83.24 OK
r-patched-solaris-sparc 0.20.0 997.40 OK
r-patched-solaris-x86 0.20.0 206.70 OK
r-release-linux-x86_64 0.20.0 3.21 81.44 84.65 OK
r-release-osx-x86_64-mavericks 0.20.0 OK
r-release-osx-x86_64-snowleopard 0.20.0 NOTE
r-release-windows-ix86+x86_64 0.20.0 18.00 282.00 300.00 OK
r-oldrel-windows-ix86+x86_64 0.20.0 15.00 293.00 308.00 OK

Check Details

Version: 0.20.0
Check: package dependencies
Result: NOTE
    Package suggested but not available for checking: ‘knitr’
Flavor: r-release-osx-x86_64-snowleopard

Version: 0.20.0
Check: Rd cross-references
Result: NOTE
    Package unavailable to check Rd xrefs: ‘knitr’
Flavor: r-release-osx-x86_64-snowleopard