CRAN Package Check Results for Package R.rsp

Last updated on 2017-04-26 21:47:37.

Flavor Version Tinstall Tcheck Ttotal Status Flags
r-devel-linux-x86_64-debian-clang 0.41.0 4.06 148.39 152.45 OK
r-devel-linux-x86_64-debian-gcc 0.41.0 4.27 155.47 159.74 OK
r-devel-linux-x86_64-fedora-clang 0.41.0 298.65 OK --no-stop-on-test-error
r-devel-linux-x86_64-fedora-gcc 0.41.0 287.28 OK --no-stop-on-test-error
r-devel-windows-ix86+x86_64 0.41.0 29.00 619.00 648.00 OK
r-patched-linux-x86_64 0.41.0 4.28 146.64 150.93 OK
r-patched-solaris-sparc 0.41.0 1650.70 OK
r-patched-solaris-x86 0.41.0 327.00 OK
r-release-linux-x86_64 0.41.0 4.01 145.90 149.91 OK
r-release-windows-ix86+x86_64 0.41.0 13.00 463.00 476.00 OK
r-release-osx-x86_64 0.41.0 WARN
r-oldrel-windows-ix86+x86_64 0.41.0 13.00 478.00 491.00 OK
r-oldrel-osx-x86_64 0.41.0 OK

Check Details

Version: 0.41.0
Check: re-building of vignette outputs
Result: WARN
    Error in re-building vignettes:
     ...
    Error: processing vignette 'RSP_refcard.tex.rsp' failed with diagnostics:
    Running 'texi2dvi' on 'RSP_refcard.tex' failed.
    LaTeX errors:
    ! LaTeX Error: File `titlesec.sty' not found.
    
    Type X to quit or <RETURN> to proceed,
    or enter new name. (Default extension: sty)
    
    ! Emergency stop.
    <read *>
    
    l.34 \titlespacing
     {\section}{0pt}{2.0ex}{0.5ex}^^M
    ! ==> Fatal error occurred, no output PDF file produced!
    Execution halted
Flavor: r-release-osx-x86_64