CRAN Package Check Results for Package R.rsp

Last updated on 2017-12-18 21:11:19 CET.

Flavor Version Tinstall Tcheck Ttotal Status Flags
r-devel-linux-x86_64-debian-clang 0.41.0 5.74 215.49 221.23 OK
r-devel-linux-x86_64-debian-gcc 0.41.0 4.79 195.79 200.58 OK
r-devel-linux-x86_64-fedora-clang 0.41.0 308.30 OK
r-devel-linux-x86_64-fedora-gcc 0.41.0 299.22 OK
r-devel-windows-ix86+x86_64 0.41.0 14.00 539.00 553.00 OK
r-patched-linux-x86_64 0.41.0 4.94 245.13 250.07 OK
r-patched-solaris-x86 0.41.0 327.70 OK
r-release-linux-x86_64 0.41.0 5.31 243.75 249.06 OK
r-release-windows-ix86+x86_64 0.41.0 13.00 468.00 481.00 OK
r-release-osx-x86_64 0.41.0 WARN
r-oldrel-windows-ix86+x86_64 0.41.0 18.00 366.00 384.00 OK
r-oldrel-osx-x86_64 0.41.0 OK

Check Details

Version: 0.41.0
Check: re-building of vignette outputs
Result: WARN
    Error in re-building vignettes:
     ...
    Error: processing vignette 'RSP_refcard.tex.rsp' failed with diagnostics:
    Running 'texi2dvi' on 'RSP_refcard.tex' failed.
    LaTeX errors:
    ! LaTeX Error: File `titlesec.sty' not found.
    
    Type X to quit or <RETURN> to proceed,
    or enter new name. (Default extension: sty)
    
    ! Emergency stop.
    <read *>
    
    l.34 \titlespacing
     {\section}{0pt}{2.0ex}{0.5ex}^^M
    ! ==> Fatal error occurred, no output PDF file produced!
    Execution halted
Flavor: r-release-osx-x86_64