CRAN Package Check Results for Package R.rsp

Last updated on 2014-04-23 12:48:27.

Flavor Version Tinstall Tcheck Ttotal Status Flags
r-devel-linux-x86_64-debian-clang 0.15.0 3.71 77.64 81.35 OK
r-devel-linux-x86_64-debian-gcc 0.15.0 3.79 78.07 81.86 OK
r-devel-linux-x86_64-fedora-clang 0.15.0 162.42 OK
r-devel-linux-x86_64-fedora-gcc 0.15.0 155.56 OK
r-devel-osx-x86_64-clang 0.15.0 171.83 OK
r-devel-osx-x86_64-gcc 0.15.0 NOTE
r-devel-windows-ix86+x86_64 0.15.0 10.00 206.00 216.00 OK
r-patched-linux-x86_64 0.15.0 3.87 77.30 81.17 OK
r-patched-solaris-sparc 0.15.0 911.60 OK
r-patched-solaris-x86 0.15.0 202.80 OK
r-release-linux-ix86 0.15.0 6.00 141.00 147.00 OK
r-release-linux-x86_64 0.15.0 3.76 77.81 81.57 OK
r-release-osx-x86_64-mavericks 0.15.0 WARN
r-release-osx-x86_64-snowleopard 0.15.0 OK
r-release-windows-ix86+x86_64 0.15.0 10.00 206.00 216.00 OK
r-oldrel-windows-ix86+x86_64 0.15.0 11.00 262.00 273.00 OK

Check Details

Version: 0.15.0
Check: package dependencies
Result: NOTE
    Package suggested but not available for checking: ‘knitr’
Flavor: r-devel-osx-x86_64-gcc

Version: 0.15.0
Check: R code for possible problems
Result: NOTE
    compileKnitr.default: no visible global function definition for ‘knit’
Flavor: r-devel-osx-x86_64-gcc

Version: 0.15.0
Check: Rd cross-references
Result: NOTE
    Package unavailable to check Rd xrefs: ‘knitr’
Flavor: r-devel-osx-x86_64-gcc

Version: 0.15.0
Check: PDF version of manual
Result: WARNING
    LaTeX errors when creating PDF version.
    This typically indicates Rd problems.
    LaTeX errors found:
    ! LaTeX Error: File `upquote.sty' not found.
    
    Type X to quit or <RETURN> to proceed,
    or enter new name. (Default extension: sty)
    
    ebff5d7/Rd2.tex:8: ==> Fatal error occurred, no output PDF file produced!
Flavor: r-release-osx-x86_64-mavericks