CRAN Package Check Results for Package R.rsp

Last updated on 2014-07-24 19:49:10.

Flavor Version Tinstall Tcheck Ttotal Status Flags
r-devel-linux-x86_64-debian-clang 0.19.0 3.70 81.85 85.56 OK
r-devel-linux-x86_64-debian-gcc 0.19.0 4.39 80.73 85.12 OK
r-devel-linux-x86_64-fedora-clang 0.19.0 179.56 OK
r-devel-linux-x86_64-fedora-gcc 0.19.0 173.39 OK
r-devel-osx-x86_64-clang 0.19.0 176.26 OK
r-devel-windows-ix86+x86_64 0.19.0 10.00 242.00 252.00 OK
r-patched-linux-x86_64 0.19.0 3.55 80.70 84.25 OK
r-patched-solaris-sparc 0.19.0 922.30 OK
r-patched-solaris-x86 0.19.0 217.60 OK
r-release-linux-ix86 0.19.0 4.57 115.19 119.76 OK
r-release-linux-x86_64 0.19.0 3.53 82.39 85.92 OK
r-release-osx-x86_64-mavericks 0.19.0 NOTE
r-release-osx-x86_64-snowleopard 0.19.0 OK
r-release-windows-ix86+x86_64 0.19.0 10.00 250.00 260.00 OK
r-oldrel-windows-ix86+x86_64 0.19.0 10.00 262.00 272.00 OK

Check Details

Version: 0.19.0
Check: re-building of vignette outputs
Result: NOTE
    Error in re-building vignettes:
     ...
    Error: processing vignette 'RSP-refcard.tex.rsp' failed with diagnostics:
    Running 'texi2dvi' on 'RSP-refcard.tex' failed.
    LaTeX errors:
    ! LaTeX Error: File `titlesec.sty' not found.
    
    Type X to quit or <RETURN> to proceed,
    or enter new name. (Default extension: sty)
    
    est/R.rsp/vignettes/RSP-refcard.tex:34: ==> Fatal error occurred, no output PD
    F file produced!
    Execution halted
Flavor: r-release-osx-x86_64-mavericks