CRAN Package Check Results for Package R.rsp

Last updated on 2016-09-29 05:48:36.

Flavor Version Tinstall Tcheck Ttotal Status Flags
r-devel-linux-x86_64-debian-clang 0.30.0 3.17 86.71 89.88 WARN
r-devel-linux-x86_64-debian-gcc 0.30.0 2.96 84.44 87.41 WARN
r-devel-linux-x86_64-fedora-clang 0.30.0 165.38 OK
r-devel-linux-x86_64-fedora-gcc 0.30.0 159.98 OK
r-devel-macos-x86_64-clang 0.30.0 138.50 OK
r-devel-windows-ix86+x86_64 0.30.0 21.00 404.00 425.00 WARN
r-patched-linux-x86_64 0.30.0 3.43 83.46 86.89 OK
r-patched-solaris-sparc 0.30.0 910.70 OK
r-patched-solaris-x86 0.30.0 188.50 OK
r-release-linux-x86_64 0.30.0 3.66 85.44 89.09 OK
r-release-osx-x86_64-mavericks 0.30.0 NOTE
r-release-windows-ix86+x86_64 0.30.0 22.00 415.00 437.00 OK
r-oldrel-windows-ix86+x86_64 0.30.0 30.00 436.00 466.00 OK

Check Details

Version: 0.30.0
Check: files in ‘vignettes’
Result: WARN
    Files in the 'vignettes' directory newer than same file in 'inst/doc':
     ‘incl/example.txt.rsp’
Flavors: r-devel-linux-x86_64-debian-clang, r-devel-linux-x86_64-debian-gcc, r-devel-windows-ix86+x86_64

Version: 0.30.0
Check: dependencies in R code
Result: NOTE
    Invalid MIT-MAGIC-COOKIE-1 key
Flavor: r-release-osx-x86_64-mavericks