CRAN Package Check Results for Package R.rsp

Last updated on 2014-12-22 21:47:25.

Flavor Version Tinstall Tcheck Ttotal Status Flags
r-devel-linux-x86_64-debian-clang 0.19.0 3.76 81.57 85.32 NOTE
r-devel-linux-x86_64-debian-gcc 0.19.0 3.35 78.79 82.14 NOTE
r-devel-linux-x86_64-fedora-clang 0.19.0 175.94 NOTE
r-devel-linux-x86_64-fedora-gcc 0.19.0 160.81 NOTE
r-devel-osx-x86_64-clang 0.19.0 178.78 NOTE
r-devel-windows-ix86+x86_64 0.19.0 19.00 277.00 296.00 NOTE
r-patched-linux-x86_64 0.19.0 3.55 85.86 89.41 NOTE
r-patched-solaris-sparc 0.19.0 1032.30 NOTE
r-patched-solaris-x86 0.19.0 211.80 NOTE
r-release-linux-ix86 0.19.0 4.33 107.44 111.77 NOTE
r-release-linux-x86_64 0.19.0 3.58 82.77 86.35 NOTE
r-release-osx-x86_64-mavericks 0.19.0 NOTE
r-release-osx-x86_64-snowleopard 0.19.0 OK
r-release-windows-ix86+x86_64 0.19.0 11.00 257.00 268.00 NOTE
r-oldrel-windows-ix86+x86_64 0.19.0 14.00 265.00 279.00 OK

Check Details

Version: 0.19.0
Check: R code for possible problems
Result: NOTE
    compileAsciiDocNoweb.default: no visible global function definition for
     ‘Asciidoc’
    compileKnitr.default: no visible global function definition for ‘knit’
    epsDev: no visible global function definition for ‘devNew’
    epsDev: no visible binding for global variable ‘eps’
    parse.RspRSourceCode: no visible global function definition for
     ‘digest’
Flavors: r-devel-linux-x86_64-debian-clang, r-devel-linux-x86_64-debian-gcc, r-devel-linux-x86_64-fedora-clang, r-devel-linux-x86_64-fedora-gcc, r-devel-osx-x86_64-clang, r-devel-windows-ix86+x86_64, r-patched-linux-x86_64, r-patched-solaris-sparc, r-patched-solaris-x86, r-release-linux-ix86, r-release-linux-x86_64, r-release-windows-ix86+x86_64

Version: 0.19.0
Check: re-building of vignette outputs
Result: NOTE
    Error in re-building vignettes:
     ...
    Error: processing vignette 'RSP-refcard.tex.rsp' failed with diagnostics:
    Running 'texi2dvi' on 'RSP-refcard.tex' failed.
    LaTeX errors:
    ! LaTeX Error: File `titlesec.sty' not found.
    
    Type X to quit or <RETURN> to proceed,
    or enter new name. (Default extension: sty)
    
    est/R.rsp/vignettes/RSP-refcard.tex:34: ==> Fatal error occurred, no output PD
    F file produced!
    Execution halted
Flavor: r-release-osx-x86_64-mavericks