CRAN Package Check Results for Package R.rsp

Last updated on 2016-08-30 08:49:08.

Flavor Version Tinstall Tcheck Ttotal Status Flags
r-devel-linux-x86_64-debian-clang 0.30.0 3.02 83.66 86.67 OK
r-devel-linux-x86_64-debian-gcc 0.30.0 3.13 81.82 84.95 OK
r-devel-linux-x86_64-fedora-clang 0.30.0 155.87 OK
r-devel-linux-x86_64-fedora-gcc 0.30.0 148.07 OK
r-devel-osx-x86_64-clang 0.30.0 138.15 OK
r-devel-windows-ix86+x86_64 0.30.0 27.00 464.00 491.00 OK
r-patched-linux-x86_64 0.30.0 3.35 83.38 86.73 OK
r-patched-solaris-sparc 0.30.0 910.70 OK
r-patched-solaris-x86 0.30.0 187.50 OK
r-release-linux-x86_64 0.30.0 3.16 83.11 86.27 OK
r-release-osx-x86_64-mavericks 0.30.0 NOTE
r-release-windows-ix86+x86_64 0.30.0 12.00 347.00 359.00 OK
r-oldrel-windows-ix86+x86_64 0.30.0 18.00 409.00 427.00 OK

Check Details

Version: 0.30.0
Check: dependencies in R code
Result: NOTE
    Invalid MIT-MAGIC-COOKIE-1 key
Flavor: r-release-osx-x86_64-mavericks