CRAN Package Check Results for Package R.rsp

Last updated on 2015-02-01 11:47:23.

Flavor Version Tinstall Tcheck Ttotal Status Flags
r-devel-linux-x86_64-debian-clang 0.19.0 3.22 77.50 80.72 NOTE
r-devel-linux-x86_64-debian-gcc 0.19.0 4.84 74.94 79.78 NOTE
r-devel-linux-x86_64-fedora-clang 0.19.0 172.24 NOTE
r-devel-linux-x86_64-fedora-gcc 0.19.0 150.91 NOTE
r-devel-osx-x86_64-clang 0.19.0 200.43 NOTE
r-devel-windows-ix86+x86_64 0.19.0 27.00 280.00 307.00 NOTE
r-patched-linux-x86_64 0.19.0 3.58 83.86 87.44 NOTE
r-patched-solaris-sparc 0.19.0 1157.70 NOTE
r-patched-solaris-x86 0.19.0 212.40 NOTE
r-release-linux-ix86 0.19.0 4.36 112.39 116.75 NOTE
r-release-linux-x86_64 0.19.0 3.58 84.39 87.97 NOTE
r-release-osx-x86_64-mavericks 0.19.0 NOTE
r-release-osx-x86_64-snowleopard 0.19.0 OK
r-release-windows-ix86+x86_64 0.19.0 13.00 260.00 273.00 NOTE
r-oldrel-windows-ix86+x86_64 0.19.0 13.00 291.00 304.00 OK

Check Details

Version: 0.19.0
Check: dependencies in R code
Result: NOTE
    'library' or 'require' call to ‘tcltk’ in package code.
     Please use :: or requireNamespace() instead.
     See section 'Suggested packages' in the 'Writing R Extensions' manual.
Flavors: r-devel-linux-x86_64-debian-clang, r-devel-linux-x86_64-debian-gcc, r-devel-linux-x86_64-fedora-clang, r-devel-linux-x86_64-fedora-gcc, r-devel-osx-x86_64-clang, r-devel-windows-ix86+x86_64

Version: 0.19.0
Check: S3 generic/method consistency
Result: NOTE
    Found the following apparent S3 methods exported but not registered:
     parse.default rcat.expression rfile.expression rsource.expression
     rspToHtml.default rsptex.default rstring.expression
     setMetadata.RspProduct setMetadata.RspString sourceRspV2.default
     write.default
    See section ‘Registering S3 methods’ in the ‘Writing R Extensions’
    manual.
Flavors: r-devel-linux-x86_64-debian-clang, r-devel-linux-x86_64-debian-gcc, r-devel-linux-x86_64-fedora-clang, r-devel-linux-x86_64-fedora-gcc, r-devel-osx-x86_64-clang

Version: 0.19.0
Check: R code for possible problems
Result: NOTE
    compileAsciiDocNoweb.default: no visible global function definition for
     ‘Asciidoc’
    compileKnitr.default: no visible global function definition for ‘knit’
    epsDev: no visible global function definition for ‘devNew’
    epsDev: no visible binding for global variable ‘eps’
    parse.RspRSourceCode: no visible global function definition for
     ‘digest’
Flavors: r-devel-linux-x86_64-debian-clang, r-devel-linux-x86_64-debian-gcc, r-devel-linux-x86_64-fedora-clang, r-devel-linux-x86_64-fedora-gcc, r-devel-osx-x86_64-clang, r-devel-windows-ix86+x86_64, r-patched-linux-x86_64, r-patched-solaris-sparc, r-patched-solaris-x86, r-release-linux-ix86, r-release-linux-x86_64, r-release-osx-x86_64-mavericks, r-release-windows-ix86+x86_64