CRAN Package Check Results for Package R.rsp

Last updated on 2017-06-23 16:47:59.

Flavor Version Tinstall Tcheck Ttotal Status Flags
r-devel-linux-x86_64-debian-clang 0.41.0 4.62 153.50 158.12 OK
r-devel-linux-x86_64-debian-gcc 0.41.0 4.27 151.97 156.24 OK
r-devel-linux-x86_64-fedora-clang 0.41.0 311.94 OK
r-devel-linux-x86_64-fedora-gcc 0.41.0 296.33 OK
r-devel-windows-ix86+x86_64 0.41.0 19.00 550.00 569.00 OK
r-patched-linux-x86_64 0.41.0 4.11 149.56 153.67 OK
r-patched-solaris-sparc 0.41.0 1650.70 OK
r-patched-solaris-x86 0.41.0 329.60 OK
r-release-linux-x86_64 0.41.0 4.10 147.65 151.75 OK
r-release-windows-ix86+x86_64 0.41.0 15.00 439.00 454.00 OK
r-release-osx-x86_64 0.41.0 WARN
r-oldrel-windows-ix86+x86_64 0.41.0 20.00 431.00 451.00 OK
r-oldrel-osx-x86_64 0.41.0 OK

Check Details

Version: 0.41.0
Check: re-building of vignette outputs
Result: WARN
    Error in re-building vignettes:
     ...
    Error: processing vignette 'RSP_refcard.tex.rsp' failed with diagnostics:
    Running 'texi2dvi' on 'RSP_refcard.tex' failed.
    LaTeX errors:
    ! LaTeX Error: File `titlesec.sty' not found.
    
    Type X to quit or <RETURN> to proceed,
    or enter new name. (Default extension: sty)
    
    ! Emergency stop.
    <read *>
    
    l.34 \titlespacing
     {\section}{0pt}{2.0ex}{0.5ex}^^M
    ! ==> Fatal error occurred, no output PDF file produced!
    Execution halted
Flavor: r-release-osx-x86_64