CRAN Package Check Results for Package R.rsp

Last updated on 2015-04-26 23:47:00.

Flavor Version Tinstall Tcheck Ttotal Status Flags
r-devel-linux-x86_64-debian-clang 0.20.0 3.32 83.03 86.34 OK
r-devel-linux-x86_64-debian-gcc 0.20.0 3.22 84.28 87.49 OK
r-devel-linux-x86_64-fedora-clang 0.20.0 172.63 OK
r-devel-linux-x86_64-fedora-gcc 0.20.0 159.64 OK
r-devel-osx-x86_64-clang 0.20.0 192.13 OK
r-devel-windows-ix86+x86_64 0.20.0 21.00 331.00 352.00 OK
r-patched-linux-x86_64 0.20.0 3.28 80.02 83.30 OK
r-patched-solaris-sparc 0.20.0 1107.30 OK
r-patched-solaris-x86 0.20.0 205.20 OK
r-release-linux-x86_64 0.20.0 3.91 79.64 83.55 OK
r-release-osx-x86_64-mavericks 0.20.0 ERROR
r-release-osx-x86_64-snowleopard 0.20.0 NOTE
r-release-windows-ix86+x86_64 0.20.0 16.00 275.00 291.00 OK
r-oldrel-windows-ix86+x86_64 0.20.0 9.00 277.00 286.00 OK

Check Details

Version: 0.20.0
Check: package dependencies
Result: NOTE
    Package suggested but not available for checking: ‘R.devices’
Flavor: r-release-osx-x86_64-mavericks

Version: 0.20.0
Check: tests
Result: ERROR
    Running the tests in ‘tests/multi,selfcontained.R’ failed.
    Last 13 lines of output:
     at #02. rfile.default("multi,selfcontained.md.rsp", path = path, workdir = "multi,selfcontained/")
     - rfile.default() is in environment 'R.rsp'
    
     at #01. rfile("multi,selfcontained.md.rsp", path = path, workdir = "multi,selfcontained/")
     - rfile() is in environment 'R.rsp'
    
     Error: Failed to install package: R.devices
     In addition: Warning messages:
     1: In parseRepos(sets = repos, where = where, fallback = fallback, :
     Had to fall back to a set of predefined repositories (please make sure to set your package repositories properly, cf. ?setRepositories): CRAN: '@CRAN@' -> 'http://cran.r-project.org'
     2: In install.packages(pkg, type = type, quiet = quietly, ...) :
     installation of package 'R.devices' had non-zero exit status
     Execution halted
Flavor: r-release-osx-x86_64-mavericks

Version: 0.20.0
Check: package dependencies
Result: NOTE
    Package suggested but not available for checking: ‘knitr’
Flavor: r-release-osx-x86_64-snowleopard

Version: 0.20.0
Check: Rd cross-references
Result: NOTE
    Package unavailable to check Rd xrefs: ‘knitr’
Flavor: r-release-osx-x86_64-snowleopard