CRAN Package Check Results for Package R.rsp

Last updated on 2015-08-28 12:48:09.

Flavor Version Tinstall Tcheck Ttotal Status Flags
r-devel-linux-x86_64-debian-clang 0.20.0 3.22 80.43 83.64 NOTE
r-devel-linux-x86_64-debian-gcc 0.20.0 3.10 78.52 81.61 NOTE
r-devel-linux-x86_64-fedora-clang 0.20.0 162.80 NOTE
r-devel-linux-x86_64-fedora-gcc 0.20.0 155.80 NOTE
r-devel-osx-x86_64-clang 0.20.0 167.53 OK
r-devel-windows-ix86+x86_64 0.20.0 32.00 296.00 328.00 NOTE
r-patched-linux-x86_64 0.20.0 3.53 82.09 85.62 OK
r-patched-solaris-sparc 0.20.0 1009.30 OK
r-patched-solaris-x86 0.20.0 210.10 OK
r-release-linux-x86_64 0.20.0 3.13 82.21 85.34 OK
r-release-osx-x86_64-mavericks 0.20.0 OK
r-release-windows-ix86+x86_64 0.20.0 23.00 311.00 334.00 OK
r-oldrel-windows-ix86+x86_64 0.20.0 22.00 318.00 340.00 OK

Check Details

Version: 0.20.0
Check: R code for possible problems
Result: NOTE
    rargs.default : <anonymous>: no visible global function definition for
     ‘as’
    Undefined global functions or variables:
     as
    Consider adding
     importFrom("methods", "as")
    to your NAMESPACE (and ensure that your DESCRIPTION Imports field
    contains 'methods').
Flavors: r-devel-linux-x86_64-debian-clang, r-devel-linux-x86_64-debian-gcc, r-devel-linux-x86_64-fedora-clang, r-devel-linux-x86_64-fedora-gcc, r-devel-windows-ix86+x86_64