CRAN Package Check Results for Package R.rsp

Last updated on 2015-07-29 03:48:39.

Flavor Version Tinstall Tcheck Ttotal Status Flags
r-devel-linux-x86_64-debian-clang 0.20.0 3.20 81.02 84.23 NOTE
r-devel-linux-x86_64-debian-gcc 0.20.0 3.51 78.92 82.43 NOTE
r-devel-linux-x86_64-fedora-clang 0.20.0 165.17 NOTE
r-devel-linux-x86_64-fedora-gcc 0.20.0 155.88 NOTE
r-devel-osx-x86_64-clang 0.20.0 177.09 OK
r-devel-windows-ix86+x86_64 0.20.0 21.00 274.00 295.00 NOTE
r-patched-linux-x86_64 0.20.0 3.38 81.88 85.26 OK
r-patched-solaris-sparc 0.20.0 1009.30 OK
r-patched-solaris-x86 0.20.0 205.80 OK
r-release-linux-x86_64 0.20.0 3.51 80.50 84.00 OK
r-release-osx-x86_64-mavericks 0.20.0 OK
r-release-windows-ix86+x86_64 0.20.0 24.00 306.00 330.00 OK
r-oldrel-windows-ix86+x86_64 0.20.0 20.00 292.00 312.00 OK

Check Details

Version: 0.20.0
Check: R code for possible problems
Result: NOTE
    rargs.default : <anonymous>: no visible global function definition for
     ‘as’
    Undefined global functions or variables:
     as
    Consider adding
     importFrom("methods", "as")
    to your NAMESPACE.
Flavors: r-devel-linux-x86_64-debian-clang, r-devel-linux-x86_64-debian-gcc, r-devel-linux-x86_64-fedora-clang, r-devel-linux-x86_64-fedora-gcc, r-devel-windows-ix86+x86_64