CRAN Package Check Results for Package R.utils

Last updated on 2017-09-21 18:47:35.

Flavor Version Tinstall Tcheck Ttotal Status Flags
r-devel-linux-x86_64-debian-clang 2.5.0 4.40 156.65 161.05 NOTE
r-devel-linux-x86_64-debian-gcc 2.5.0 4.38 154.04 158.41 NOTE
r-devel-linux-x86_64-fedora-clang 2.5.0 288.71 NOTE
r-devel-linux-x86_64-fedora-gcc 2.5.0 283.15 NOTE
r-devel-windows-ix86+x86_64 2.5.0 16.00 783.00 799.00 OK
r-patched-linux-x86_64 2.5.0 4.18 156.58 160.76 NOTE
r-patched-solaris-x86 2.5.0 330.50 NOTE
r-release-linux-x86_64 2.5.0 4.62 155.17 159.79 NOTE
r-release-windows-ix86+x86_64 2.5.0 16.00 764.00 780.00 OK
r-release-osx-x86_64 2.5.0 OK
r-oldrel-windows-ix86+x86_64 2.5.0 10.00 683.00 693.00 OK
r-oldrel-osx-x86_64 2.5.0 OK

Check Details

Version: 2.5.0
Check: S3 generic/method consistency
Result: NOTE
    Found the following apparent S3 methods exported but not registered:
     [.GenericSummary
    See section ‘Registering S3 methods’ in the ‘Writing R Extensions’
    manual.
Flavors: r-devel-linux-x86_64-debian-clang, r-devel-linux-x86_64-debian-gcc, r-devel-linux-x86_64-fedora-clang, r-devel-linux-x86_64-fedora-gcc, r-patched-linux-x86_64, r-patched-solaris-x86, r-release-linux-x86_64