CRAN Package Check Results for Package R.utils

Last updated on 2015-02-01 05:48:05.

Flavor Version Tinstall Tcheck Ttotal Status Flags
r-devel-linux-x86_64-debian-clang 1.34.0 3.90 72.32 76.22 NOTE
r-devel-linux-x86_64-debian-gcc 1.34.0 3.78 69.06 72.84 NOTE
r-devel-linux-x86_64-fedora-clang 1.34.0 131.97 NOTE
r-devel-linux-x86_64-fedora-gcc 1.34.0 118.14 NOTE
r-devel-osx-x86_64-clang 1.34.0 134.70 NOTE
r-devel-windows-ix86+x86_64 1.34.0 15.00 263.00 278.00 NOTE
r-patched-linux-x86_64 1.34.0 4.11 76.26 80.37 OK
r-patched-solaris-sparc 1.34.0 830.80 OK
r-patched-solaris-x86 1.34.0 173.70 OK
r-release-linux-ix86 1.34.0 5.05 89.88 94.94 OK
r-release-linux-x86_64 1.34.0 4.03 75.86 79.89 OK
r-release-osx-x86_64-mavericks 1.34.0 OK
r-release-osx-x86_64-snowleopard 1.34.0 OK
r-release-windows-ix86+x86_64 1.34.0 14.00 210.00 224.00 OK
r-oldrel-windows-ix86+x86_64 1.34.0 15.00 215.00 230.00 OK

Check Details

Version: 1.34.0
Check: dependencies in R code
Result: NOTE
    'library' or 'require' call to ‘digest’ in package code.
     Please use :: or requireNamespace() instead.
     See section 'Suggested packages' in the 'Writing R Extensions' manual.
Flavors: r-devel-linux-x86_64-debian-clang, r-devel-linux-x86_64-debian-gcc, r-devel-linux-x86_64-fedora-clang, r-devel-linux-x86_64-fedora-gcc, r-devel-osx-x86_64-clang, r-devel-windows-ix86+x86_64

Version: 1.34.0
Check: S3 generic/method consistency
Result: NOTE
    Found the following apparent S3 methods exported but not registered:
     warnings.default
    See section ‘Registering S3 methods’ in the ‘Writing R Extensions’
    manual.
Flavors: r-devel-linux-x86_64-debian-clang, r-devel-linux-x86_64-debian-gcc, r-devel-linux-x86_64-fedora-clang, r-devel-linux-x86_64-fedora-gcc, r-devel-osx-x86_64-clang