CRAN Package Check Results for Package R.utils

Last updated on 2015-07-28 14:49:13.

Flavor Version Tinstall Tcheck Ttotal Status Flags
r-devel-linux-x86_64-debian-clang 2.1.0 4.04 99.41 103.45 NOTE
r-devel-linux-x86_64-debian-gcc 2.1.0 3.88 99.15 103.03 NOTE
r-devel-linux-x86_64-fedora-clang 2.1.0 167.59 NOTE
r-devel-linux-x86_64-fedora-gcc 2.1.0 159.15 NOTE
r-devel-osx-x86_64-clang 2.1.0 178.22 OK
r-devel-windows-ix86+x86_64 2.1.0 24.00 376.00 400.00 NOTE
r-patched-linux-x86_64 2.1.0 3.83 97.63 101.46 OK
r-patched-solaris-sparc 2.1.0 1204.40 OK
r-patched-solaris-x86 2.1.0 226.30 OK
r-release-linux-x86_64 2.1.0 3.92 100.52 104.44 OK
r-release-osx-x86_64-mavericks 2.1.0 OK
r-release-windows-ix86+x86_64 2.1.0 17.00 344.00 361.00 OK
r-oldrel-windows-ix86+x86_64 2.1.0 15.00 191.00 206.00 OK

Check Details

Version: 2.1.0
Check: R code for possible problems
Result: NOTE
    draw.density: no visible global function definition for ‘lines’
    findGraphicsDevice.System: no visible binding for global variable ‘png’
    findGraphicsDevice.System: no visible binding for global variable
     ‘jpeg’
    findGraphicsDevice.System: no visible global function definition for
     ‘plot’
    findGraphicsDevice.System: no visible global function definition for
     ‘dev.off’
    getReadablePathname.Arguments: no visible global function definition
     for ‘URLdecode’
    increase.ProgressBar: no visible global function definition for
     ‘update’
    parseDebian.System: no visible global function definition for ‘na.omit’
    popMessage.TextStatusBar: no visible global function definition for
     ‘update’
    reset.ProgressBar: no visible global function definition for ‘update’
    setProgress.ProgressBar: no visible global function definition for
     ‘update’
    shell.exec2: no visible global function definition for ‘file_test’
    stext.default: no visible global function definition for ‘strwidth’
    stext.default: no visible global function definition for ‘strheight’
    stext.default: no visible global function definition for ‘par’
    stext.default: no visible global function definition for ‘mtext’
    updateLabels.TextStatusBar: no visible global function definition for
     ‘update’
    use.default : installPkg: no visible global function definition for
     ‘na.omit’
    Undefined global functions or variables:
     URLdecode dev.off file_test jpeg lines mtext na.omit par plot png
     strheight strwidth update
    Consider adding
     importFrom("grDevices", "dev.off", "jpeg", "png")
     importFrom("graphics", "lines", "mtext", "par", "plot", "strheight",
     "strwidth")
     importFrom("stats", "na.omit", "update")
     importFrom("utils", "URLdecode", "file_test")
    to your NAMESPACE.
Flavors: r-devel-linux-x86_64-debian-clang, r-devel-linux-x86_64-debian-gcc, r-devel-linux-x86_64-fedora-clang, r-devel-linux-x86_64-fedora-gcc, r-devel-windows-ix86+x86_64