CRAN Package Check Results for Package R.utils

Last updated on 2017-07-25 07:47:05.

Flavor Version Tinstall Tcheck Ttotal Status Flags
r-devel-linux-x86_64-debian-clang 2.5.0 4.26 170.41 174.67 NOTE
r-devel-linux-x86_64-debian-gcc 2.5.0 4.17 173.15 177.32 NOTE
r-devel-linux-x86_64-fedora-clang 2.5.0 289.85 NOTE
r-devel-linux-x86_64-fedora-gcc 2.5.0 289.15 NOTE
r-devel-windows-ix86+x86_64 2.5.0 28.00 811.00 839.00 OK
r-patched-linux-x86_64 2.5.0 4.18 176.22 180.40 NOTE
r-patched-solaris-x86 2.5.0 331.90 NOTE
r-release-linux-x86_64 2.5.0 4.66 173.27 177.92 NOTE
r-release-windows-ix86+x86_64 2.5.0 16.00 883.00 899.00 OK
r-release-osx-x86_64 2.5.0 OK
r-oldrel-windows-ix86+x86_64 2.5.0 13.00 676.00 689.00 OK
r-oldrel-osx-x86_64 2.5.0 OK

Check Details

Version: 2.5.0
Check: S3 generic/method consistency
Result: NOTE
    Found the following apparent S3 methods exported but not registered:
     [.GenericSummary
    See section ‘Registering S3 methods’ in the ‘Writing R Extensions’
    manual.
Flavors: r-devel-linux-x86_64-debian-clang, r-devel-linux-x86_64-debian-gcc, r-devel-linux-x86_64-fedora-clang, r-devel-linux-x86_64-fedora-gcc, r-patched-linux-x86_64, r-patched-solaris-x86, r-release-linux-x86_64