CRAN Package Check Results for Package R2BEAT

Last updated on 2022-12-07 17:50:35 CET.

Flavor Version Tinstall Tcheck Ttotal Status Flags
r-devel-linux-x86_64-debian-clang 1.0.4 10.52 80.16 90.68 NOTE
r-devel-linux-x86_64-debian-gcc 1.0.4 8.03 60.91 68.94 NOTE
r-devel-linux-x86_64-fedora-clang 1.0.4 125.77 NOTE
r-devel-linux-x86_64-fedora-gcc 1.0.4 123.56 NOTE
r-devel-windows-x86_64 1.0.4 25.00 110.00 135.00 NOTE
r-patched-linux-x86_64 1.0.4 12.39 76.52 88.91 NOTE
r-release-linux-x86_64 1.0.4 8.65 79.01 87.66 NOTE
r-release-macos-arm64 1.0.4 26.00 NOTE
r-release-macos-x86_64 1.0.4 57.00 NOTE
r-release-windows-x86_64 1.0.4 27.00 114.00 141.00 NOTE
r-oldrel-macos-arm64 1.0.4 148.00 NOTE
r-oldrel-macos-x86_64 1.0.4 41.00 NOTE
r-oldrel-windows-ix86+x86_64 1.0.4 27.00 104.00 131.00 NOTE

Check Details

Version: 1.0.4
Check: package dependencies
Result: NOTE
    Package suggested but not available for checking: 'ReGenesees'
Flavors: r-devel-linux-x86_64-debian-clang, r-devel-linux-x86_64-debian-gcc, r-devel-linux-x86_64-fedora-clang, r-devel-linux-x86_64-fedora-gcc, r-devel-windows-x86_64, r-patched-linux-x86_64, r-release-linux-x86_64, r-release-macos-arm64, r-release-macos-x86_64, r-release-windows-x86_64, r-oldrel-macos-arm64, r-oldrel-macos-x86_64, r-oldrel-windows-ix86+x86_64