CRAN Package Check Results for Package R2BayesX

Last updated on 2017-10-24 10:48:03.

Flavor Version Tinstall Tcheck Ttotal Status Flags
r-devel-linux-x86_64-debian-clang 1.1-0 4.33 72.79 77.12 NOTE
r-devel-linux-x86_64-debian-gcc 1.1-0 4.64 74.35 78.99 NOTE
r-devel-linux-x86_64-fedora-clang 1.1-0 154.19 NOTE
r-devel-linux-x86_64-fedora-gcc 1.1-0 149.91 NOTE
r-devel-windows-ix86+x86_64 1.1-0 13.00 201.00 214.00 OK
r-patched-linux-x86_64 1.1-0 4.16 72.07 76.24 NOTE
r-release-linux-x86_64 1.1-0 3.93 73.33 77.26 NOTE
r-release-windows-ix86+x86_64 1.1-0 17.00 148.00 165.00 OK
r-release-osx-x86_64 1.1-0 OK
r-oldrel-windows-ix86+x86_64 1.1-0 12.00 139.00 151.00 OK
r-oldrel-osx-x86_64 1.1-0 OK

Check Details

Version: 1.1-0
Check: compiled code
Result: NOTE
    File ‘R2BayesX/libs/R2BayesX.so’:
     Found no calls to: ‘R_registerRoutines’, ‘R_useDynamicSymbols’
    
    It is good practice to register native routines and to disable symbol
    search.
    
    See ‘Writing portable packages’ in the ‘Writing R Extensions’ manual.
Flavors: r-devel-linux-x86_64-debian-clang, r-devel-linux-x86_64-debian-gcc, r-devel-linux-x86_64-fedora-clang, r-devel-linux-x86_64-fedora-gcc, r-patched-linux-x86_64, r-release-linux-x86_64