CRAN Package Check Results for Package R2BayesX

Last updated on 2017-04-27 10:48:40.

Flavor Version Tinstall Tcheck Ttotal Status Flags
r-devel-linux-x86_64-debian-clang 1.1-0 3.96 71.78 75.74 NOTE
r-devel-linux-x86_64-debian-gcc 1.1-0 3.88 71.87 75.76 NOTE
r-devel-linux-x86_64-fedora-clang 1.1-0 152.76 NOTE --no-stop-on-test-error
r-devel-linux-x86_64-fedora-gcc 1.1-0 146.82 NOTE --no-stop-on-test-error
r-devel-windows-ix86+x86_64 1.1-0 12.00 142.00 154.00 OK
r-patched-linux-x86_64 1.1-0 3.76 70.70 74.47 NOTE
r-release-linux-x86_64 1.1-0 3.90 71.52 75.42 NOTE
r-release-windows-ix86+x86_64 1.1-0 13.00 189.00 202.00 OK
r-release-osx-x86_64 1.1-0 OK
r-oldrel-windows-ix86+x86_64 1.1-0 11.00 131.00 142.00 OK
r-oldrel-osx-x86_64 1.1-0 OK

Check Details

Version: 1.1-0
Check: compiled code
Result: NOTE
    File ‘R2BayesX/libs/R2BayesX.so’:
     Found no calls to: ‘R_registerRoutines’, ‘R_useDynamicSymbols’
    
    It is good practice to register native routines and to disable symbol
    search.
    
    See ‘Writing portable packages’ in the ‘Writing R Extensions’ manual.
Flavors: r-devel-linux-x86_64-debian-clang, r-devel-linux-x86_64-debian-gcc, r-patched-linux-x86_64, r-release-linux-x86_64

Version: 1.1-0
Flags: --no-stop-on-test-error
Check: compiled code
Result: NOTE
    File ‘R2BayesX/libs/R2BayesX.so’:
     Found no calls to: ‘R_registerRoutines’, ‘R_useDynamicSymbols’
    
    It is good practice to register native routines and to disable symbol
    search.
    
    See ‘Writing portable packages’ in the ‘Writing R Extensions’ manual.
Flavors: r-devel-linux-x86_64-fedora-clang, r-devel-linux-x86_64-fedora-gcc