CRAN Package Check Results for Package R2BayesX

Last updated on 2014-10-25 09:52:14.

Flavor Version Tinstall Tcheck Ttotal Status Flags
r-devel-linux-x86_64-debian-clang 0.3-1 4.88 70.12 74.99 NOTE
r-devel-linux-x86_64-debian-gcc 0.3-1 4.82 69.00 73.82 NOTE
r-devel-windows-ix86+x86_64 0.3-1 15.00 120.00 135.00 NOTE
r-patched-linux-x86_64 0.3-1 5.11 72.59 77.70 NOTE
r-release-linux-ix86 0.3-1 6.40 94.68 101.08 NOTE
r-release-linux-x86_64 0.3-1 5.19 74.94 80.13 NOTE
r-release-osx-x86_64-mavericks 0.3-1 NOTE
r-release-osx-x86_64-snowleopard 0.3-1 ERROR
r-release-windows-ix86+x86_64 0.3-1 17.00 140.00 157.00 NOTE
r-oldrel-windows-ix86+x86_64 0.3-1 15.00 134.00 149.00 NOTE

Check Details

Version: 0.3-1
Check: dependencies in R code
Result: NOTE
    Packages in Depends field not imported from:
     ‘BayesXsrc’ ‘colorspace’ ‘mgcv’
     These packages need to be imported from (in the NAMESPACE file)
     for when this namespace is loaded but not attached.
    See the information on DESCRIPTION files in the chapter ‘Creating R
    packages’ of the ‘Writing R Extensions’ manual.
Flavors: r-devel-linux-x86_64-debian-clang, r-devel-linux-x86_64-debian-gcc, r-devel-windows-ix86+x86_64, r-patched-linux-x86_64, r-release-linux-ix86, r-release-linux-x86_64, r-release-osx-x86_64-mavericks, r-release-windows-ix86+x86_64, r-oldrel-windows-ix86+x86_64

Version: 0.3-1
Check: R code for possible problems
Result: NOTE
    GRstats: no visible global function definition for ‘gelman.diag’
    Predict.matrix.nu.smooth: no visible global function definition for
     ‘Predict.matrix.pspline.smooth’
    bayesx: no visible global function definition for ‘mclapply’
    bayesx: no visible global function definition for ‘run.bayesx’
    interp2: no visible global function definition for ‘point.in.polygon’
    plotmap: no visible global function definition for ‘gpclibPermit’
    plotmap: no visible global function definition for
     ‘unionSpatialPolygons’
    plotmap: no visible global function definition for ‘point.in.polygon’
    plotmap: no visible global function definition for ‘SpatialPoints’
    samples: no visible global function definition for ‘mcmc’
    samples: no visible global function definition for ‘mcmc.list’
    smooth.construct.nu.smooth.spec: no visible global function definition
     for ‘smooth.construct.ps.smooth.spec’
Flavors: r-devel-linux-x86_64-debian-clang, r-devel-linux-x86_64-debian-gcc, r-devel-windows-ix86+x86_64, r-patched-linux-x86_64

Version: 0.3-1
Check: package dependencies
Result: NOTE
    Packages suggested but not available for checking: ‘maptools’ ‘MBA’ ‘spdep’
Flavor: r-release-osx-x86_64-mavericks

Version: 0.3-1
Check: R code for possible problems
Result: NOTE
    plotmap: no visible global function definition for ‘gpclibPermit’
    plotmap: no visible global function definition for
     ‘unionSpatialPolygons’
Flavor: r-release-osx-x86_64-mavericks

Version: 0.3-1
Check: Rd cross-references
Result: NOTE
    Package unavailable to check Rd xrefs: ‘MBA’
Flavor: r-release-osx-x86_64-mavericks

Version: 0.3-1
Check: package dependencies
Result: NOTE
    Packages suggested but not available for checking: ‘parallel’ ‘splines’
Flavor: r-release-osx-x86_64-snowleopard

Version: 0.3-1
Check: whether package can be installed
Result: ERROR
    Installation failed.
Flavor: r-release-osx-x86_64-snowleopard