CRAN Package Check Results for Package R2BayesX

Last updated on 2017-02-28 12:49:38.

Flavor Version Tinstall Tcheck Ttotal Status Flags
r-devel-linux-x86_64-debian-clang 1.1-0 3.98 72.63 76.61 NOTE
r-devel-linux-x86_64-debian-gcc 1.1-0 3.90 74.25 78.16 NOTE
r-devel-linux-x86_64-fedora-clang 1.1-0 149.60 NOTE --no-stop-on-test-error
r-devel-linux-x86_64-fedora-gcc 1.1-0 149.00 NOTE --no-stop-on-test-error
r-devel-macos-x86_64-clang 1.1-0 120.06 NOTE --no-stop-on-test-error
r-devel-windows-ix86+x86_64 1.1-0 13.00 202.00 215.00 OK
r-patched-linux-x86_64 1.1-0 3.92 65.52 69.44 OK
r-release-linux-x86_64 1.1-0 4.05 65.13 69.18 OK
r-release-osx-x86_64-mavericks 1.1-0 OK
r-release-windows-ix86+x86_64 1.1-0 17.00 179.00 196.00 OK
r-oldrel-windows-ix86+x86_64 1.1-0 16.00 182.00 198.00 OK

Check Details

Version: 1.1-0
Check: compiled code
Result: NOTE
    File ‘R2BayesX/libs/R2BayesX.so’:
     Found no calls to: ‘R_registerRoutines’, ‘R_useDynamicSymbols’
    
    It is good practice to register native routines and to disable symbol
    search.
    
    See ‘Writing portable packages’ in the ‘Writing R Extensions’ manual.
Flavors: r-devel-linux-x86_64-debian-clang, r-devel-linux-x86_64-debian-gcc

Version: 1.1-0
Flags: --no-stop-on-test-error
Check: compiled code
Result: NOTE
    File ‘R2BayesX/libs/R2BayesX.so’:
     Found no calls to: ‘R_registerRoutines’, ‘R_useDynamicSymbols’
    
    It is good practice to register native routines and to disable symbol
    search.
    
    See ‘Writing portable packages’ in the ‘Writing R Extensions’ manual.
Flavors: r-devel-linux-x86_64-fedora-clang, r-devel-linux-x86_64-fedora-gcc, r-devel-macos-x86_64-clang