CRAN Package Check Results for Package R2BayesX

Last updated on 2015-01-29 05:48:30.

Flavor Version Tinstall Tcheck Ttotal Status Flags
r-devel-linux-x86_64-debian-clang 1.0-0 4.63 72.10 76.74 OK
r-devel-linux-x86_64-debian-gcc 1.0-0 4.62 68.69 73.31 OK
r-devel-windows-ix86+x86_64 1.0-0 20.00 124.00 144.00 OK
r-patched-linux-x86_64 1.0-0 5.08 79.33 84.42 OK
r-release-linux-ix86 0.3-1 6.22 86.70 92.92 NOTE
r-release-linux-x86_64 1.0-0 5.02 80.08 85.10 OK
r-release-osx-x86_64-mavericks 1.0-0 OK
r-release-osx-x86_64-snowleopard 1.0-0 OK
r-release-windows-ix86+x86_64 1.0-0 18.00 164.00 182.00 OK
r-oldrel-windows-ix86+x86_64 1.0-0 19.00 152.00 171.00 OK

Check Details

Version: 0.3-1
Check: dependencies in R code
Result: NOTE
    Packages in Depends field not imported from:
     ‘BayesXsrc’ ‘colorspace’ ‘mgcv’
     These packages need to be imported from (in the NAMESPACE file)
     for when this namespace is loaded but not attached.
    See the information on DESCRIPTION files in the chapter ‘Creating R
    packages’ of the ‘Writing R Extensions’ manual.
Flavor: r-release-linux-ix86

Version: 0.3-1
Check: R code for possible problems
Result: NOTE
    GRstats: no visible global function definition for ‘gelman.diag’
    Predict.matrix.nu.smooth: no visible global function definition for
     ‘Predict.matrix.pspline.smooth’
    bayesx: no visible global function definition for ‘mclapply’
    bayesx: no visible global function definition for ‘run.bayesx’
    interp2: no visible global function definition for ‘point.in.polygon’
    plotmap: no visible global function definition for ‘gpclibPermit’
    plotmap: no visible global function definition for
     ‘unionSpatialPolygons’
    plotmap: no visible global function definition for ‘point.in.polygon’
    plotmap: no visible global function definition for ‘SpatialPoints’
    samples: no visible global function definition for ‘mcmc’
    samples: no visible global function definition for ‘mcmc.list’
    smooth.construct.nu.smooth.spec: no visible global function definition
     for ‘smooth.construct.ps.smooth.spec’
Flavor: r-release-linux-ix86