CRAN Package Check Results for Package R2BayesX

Last updated on 2017-08-21 02:49:14.

Flavor Version Tinstall Tcheck Ttotal Status Flags
r-devel-linux-x86_64-debian-clang 1.1-0 3.81 72.37 76.17 NOTE
r-devel-linux-x86_64-debian-gcc 1.1-0 3.72 71.32 75.04 NOTE
r-devel-linux-x86_64-fedora-clang 1.1-0 148.63 NOTE
r-devel-linux-x86_64-fedora-gcc 1.1-0 152.20 NOTE
r-devel-windows-ix86+x86_64 1.1-0 12.00 146.00 158.00 OK
r-patched-linux-x86_64 1.1-0 3.94 73.87 77.80 NOTE
r-release-linux-x86_64 1.1-0 3.82 73.59 77.41 NOTE
r-release-windows-ix86+x86_64 1.1-0 18.00 152.00 170.00 OK
r-release-osx-x86_64 1.1-0 OK
r-oldrel-windows-ix86+x86_64 1.1-0 14.00 126.00 140.00 OK
r-oldrel-osx-x86_64 1.1-0 OK

Check Details

Version: 1.1-0
Check: compiled code
Result: NOTE
    File ‘R2BayesX/libs/R2BayesX.so’:
     Found no calls to: ‘R_registerRoutines’, ‘R_useDynamicSymbols’
    
    It is good practice to register native routines and to disable symbol
    search.
    
    See ‘Writing portable packages’ in the ‘Writing R Extensions’ manual.
Flavors: r-devel-linux-x86_64-debian-clang, r-devel-linux-x86_64-debian-gcc, r-devel-linux-x86_64-fedora-clang, r-devel-linux-x86_64-fedora-gcc, r-patched-linux-x86_64, r-release-linux-x86_64