CRAN Package Check Results for Package R2BayesX

Last updated on 2015-05-22 17:46:46.

Flavor Version Tinstall Tcheck Ttotal Status Flags
r-devel-linux-x86_64-debian-clang 1.0-0 4.21 65.93 70.14 OK
r-devel-linux-x86_64-debian-gcc 1.0-0 4.48 65.67 70.15 OK
r-devel-windows-ix86+x86_64 1.0-0 20.00 121.00 141.00 OK
r-patched-linux-x86_64 1.0-0 4.40 66.66 71.06 OK
r-release-linux-x86_64 1.0-0 4.55 64.45 69.00 OK
r-release-osx-x86_64-mavericks 1.0-0 OK
r-release-osx-x86_64-snowleopard 1.0-0 NOTE
r-release-windows-ix86+x86_64 1.0-0 15.00 123.00 138.00 OK
r-oldrel-windows-ix86+x86_64 1.0-0 17.00 138.00 155.00 OK

Check Details

Version: 1.0-0
Check: package dependencies
Result: NOTE
    Package suggested but not available for checking: ‘spdep’
Flavor: r-release-osx-x86_64-snowleopard

Version: 1.0-0
Check: Rd cross-references
Result: NOTE
    Package unavailable to check Rd xrefs: ‘fields’
Flavor: r-release-osx-x86_64-snowleopard