CRAN Package Check Results for Package R2BayesX

Last updated on 2017-01-16 22:55:21.

Flavor Version Tinstall Tcheck Ttotal Status Flags
r-devel-linux-x86_64-debian-clang 1.1-0 3.65 70.21 73.86 OK
r-devel-linux-x86_64-debian-gcc 1.1-0 4.23 68.38 72.61 OK
r-devel-linux-x86_64-fedora-clang 1.1-0 144.90 OK --no-stop-on-test-error
r-devel-linux-x86_64-fedora-gcc 1.1-0 140.97 NOTE --no-stop-on-test-error
r-devel-macos-x86_64-clang 1.1-0 116.49 OK --no-stop-on-test-error
r-devel-windows-ix86+x86_64 1.1-0 21.00 158.00 179.00 OK
r-patched-linux-x86_64 1.1-0 3.73 63.52 67.25 OK
r-release-linux-x86_64 1.1-0 3.65 62.48 66.13 OK
r-release-osx-x86_64-mavericks 1.1-0 OK
r-release-windows-ix86+x86_64 1.1-0 20.00 134.00 154.00 OK
r-oldrel-windows-ix86+x86_64 1.1-0 16.00 206.00 222.00 OK

Check Details

Version: 1.1-0
Flags: --no-stop-on-test-error
Check: compiled code
Result: NOTE
    File ‘R2BayesX/libs/R2BayesX.so’:
     Found no calls to: ‘R_registerRoutines’, ‘R_useDynamicSymbols’
    
    It is good practice to use registered native symbols and disable symbol
    search.
    
    See ‘Writing portable packages’ in the ‘Writing R Extensions’ manual.
Flavor: r-devel-linux-x86_64-fedora-gcc