CRAN Package Check Results for Package R2BayesX

Last updated on 2017-06-27 20:48:57.

Flavor Version Tinstall Tcheck Ttotal Status Flags
r-devel-linux-x86_64-debian-clang 1.1-0 3.91 72.65 76.56 NOTE
r-devel-linux-x86_64-debian-gcc 1.1-0 3.95 71.67 75.62 NOTE
r-devel-linux-x86_64-fedora-clang 1.1-0 151.16 NOTE
r-devel-linux-x86_64-fedora-gcc 1.1-0 146.69 NOTE
r-devel-windows-ix86+x86_64 1.1-0 18.00 145.00 163.00 OK
r-patched-linux-x86_64 1.1-0 4.16 72.52 76.69 NOTE
r-release-linux-x86_64 1.1-0 3.82 71.20 75.01 NOTE
r-release-windows-ix86+x86_64 1.1-0 12.00 203.00 215.00 OK
r-release-osx-x86_64 1.1-0 OK
r-oldrel-windows-ix86+x86_64 1.1-0 16.00 182.00 198.00 OK
r-oldrel-osx-x86_64 1.1-0 OK

Check Details

Version: 1.1-0
Check: compiled code
Result: NOTE
    File ‘R2BayesX/libs/R2BayesX.so’:
     Found no calls to: ‘R_registerRoutines’, ‘R_useDynamicSymbols’
    
    It is good practice to register native routines and to disable symbol
    search.
    
    See ‘Writing portable packages’ in the ‘Writing R Extensions’ manual.
Flavors: r-devel-linux-x86_64-debian-clang, r-devel-linux-x86_64-debian-gcc, r-devel-linux-x86_64-fedora-clang, r-devel-linux-x86_64-fedora-gcc, r-patched-linux-x86_64, r-release-linux-x86_64