CRAN Package Check Results for Package R2Cuba

Last updated on 2014-04-24 03:47:51.

Flavor Version Tinstall Tcheck Ttotal Status Flags
r-devel-linux-x86_64-debian-clang 1.0-11 3.66 24.24 27.90 NOTE
r-devel-linux-x86_64-debian-gcc 1.0-11 4.88 23.86 28.74 NOTE
r-devel-linux-x86_64-fedora-clang 1.0-11 56.25 NOTE
r-devel-linux-x86_64-fedora-gcc 1.0-11 56.38 NOTE
r-devel-osx-x86_64-clang 1.0-11 52.61 NOTE
r-devel-osx-x86_64-gcc 1.0-11 NOTE
r-devel-windows-ix86+x86_64 1.0-11 34.00 55.00 89.00 NOTE
r-patched-linux-x86_64 1.0-11 4.97 24.23 29.20 NOTE
r-patched-solaris-sparc 1.0-11 365.70 NOTE
r-patched-solaris-x86 1.0-11 72.10 NOTE
r-release-linux-ix86 1.0-11 9.00 43.00 52.00 NOTE
r-release-linux-x86_64 1.0-11 4.91 24.03 28.94 NOTE
r-release-osx-x86_64-mavericks 1.0-11 WARN
r-release-windows-ix86+x86_64 1.0-11 68.00 83.00 151.00 NOTE
r-oldrel-windows-ix86+x86_64 1.0-11 36.00 64.00 100.00 NOTE

Memtest notes: valgrind

Check Details

Version: 1.0-11
Check: dependencies in R code
Result: NOTE
    Package in Depends field not imported from: ‘methods’
     These packages need to be imported from (in the NAMESPACE file)
     for when this namespace is loaded but not attached.
    See the information on DESCRIPTION files in the chapter ‘Creating R
    packages’ of the ‘Writing R Extensions’ manual.
Flavors: r-devel-linux-x86_64-debian-clang, r-devel-linux-x86_64-debian-gcc, r-devel-linux-x86_64-fedora-clang, r-devel-linux-x86_64-fedora-gcc, r-devel-osx-x86_64-clang, r-devel-osx-x86_64-gcc, r-devel-windows-ix86+x86_64, r-patched-linux-x86_64, r-patched-solaris-sparc, r-patched-solaris-x86, r-release-linux-ix86, r-release-linux-x86_64, r-release-osx-x86_64-mavericks, r-release-windows-ix86+x86_64, r-oldrel-windows-ix86+x86_64

Version: 1.0-11
Check: PDF version of manual
Result: WARNING
    LaTeX errors when creating PDF version.
    This typically indicates Rd problems.
    LaTeX errors found:
    ! LaTeX Error: File `upquote.sty' not found.
    
    Type X to quit or <RETURN> to proceed,
    or enter new name. (Default extension: sty)
    
    30b422e/Rd2.tex:8: ==> Fatal error occurred, no output PDF file produced!
Flavor: r-release-osx-x86_64-mavericks