CRAN Package Check Results for Package R2Cuba

Last updated on 2015-02-01 11:47:21.

Flavor Version Tinstall Tcheck Ttotal Status Flags
r-devel-linux-x86_64-debian-clang 1.0-11 3.94 21.94 25.88 NOTE
r-devel-linux-x86_64-debian-gcc 1.0-11 5.26 21.32 26.59 NOTE
r-devel-linux-x86_64-fedora-clang 1.0-11 55.70 NOTE
r-devel-linux-x86_64-fedora-gcc 1.0-11 49.38 NOTE
r-devel-osx-x86_64-clang 1.0-11 61.16 NOTE
r-devel-windows-ix86+x86_64 1.0-11 40.00 53.00 93.00 NOTE
r-patched-linux-x86_64 1.0-11 5.24 23.50 28.73 NOTE
r-patched-solaris-sparc 1.0-11 390.60 NOTE
r-patched-solaris-x86 1.0-11 74.50 NOTE
r-release-linux-ix86 1.0-11 6.74 33.14 39.88 NOTE
r-release-linux-x86_64 1.0-11 5.25 24.76 30.01 NOTE
r-release-osx-x86_64-mavericks 1.0-11 NOTE
r-release-windows-ix86+x86_64 1.0-11 35.00 62.00 97.00 NOTE
r-oldrel-windows-ix86+x86_64 1.0-11 32.00 59.00 91.00 NOTE

Memtest notes: UBSAN-gcc valgrind

Check Details

Version: 1.0-11
Check: dependencies in R code
Result: NOTE
    Package in Depends field not imported from: ‘methods’
     These packages need to be imported from (in the NAMESPACE file)
     for when this namespace is loaded but not attached.
Flavors: r-devel-linux-x86_64-debian-clang, r-devel-linux-x86_64-debian-gcc, r-devel-linux-x86_64-fedora-clang, r-devel-linux-x86_64-fedora-gcc, r-devel-osx-x86_64-clang, r-devel-windows-ix86+x86_64

Version: 1.0-11
Check: S3 generic/method consistency
Result: NOTE
    Found the following apparent S3 methods exported but not registered:
     print.cuba
    See section ‘Registering S3 methods’ in the ‘Writing R Extensions’
    manual.
Flavors: r-devel-linux-x86_64-debian-clang, r-devel-linux-x86_64-debian-gcc, r-devel-linux-x86_64-fedora-clang, r-devel-linux-x86_64-fedora-gcc, r-devel-osx-x86_64-clang

Version: 1.0-11
Check: dependencies in R code
Result: NOTE
    Package in Depends field not imported from: ‘methods’
     These packages need to be imported from (in the NAMESPACE file)
     for when this namespace is loaded but not attached.
    See the information on DESCRIPTION files in the chapter ‘Creating R
    packages’ of the ‘Writing R Extensions’ manual.
Flavors: r-patched-linux-x86_64, r-patched-solaris-sparc, r-patched-solaris-x86, r-release-linux-ix86, r-release-linux-x86_64, r-release-osx-x86_64-mavericks, r-release-windows-ix86+x86_64, r-oldrel-windows-ix86+x86_64