CRAN Package Check Results for Package R2Cuba

Last updated on 2017-02-23 05:49:19.

Flavor Version Tinstall Tcheck Ttotal Status Flags
r-devel-linux-x86_64-debian-clang 1.1-0 5.78 20.46 26.24 NOTE
r-devel-linux-x86_64-debian-gcc 1.1-0 5.94 21.21 27.14 NOTE
r-devel-linux-x86_64-fedora-clang 1.1-0 45.94 NOTE --no-stop-on-test-error
r-devel-linux-x86_64-fedora-gcc 1.1-0 43.80 NOTE --no-stop-on-test-error
r-devel-macos-x86_64-clang 1.1-0 37.92 NOTE --no-stop-on-test-error
r-devel-windows-ix86+x86_64 1.1-0 32.00 78.00 110.00 OK
r-patched-linux-x86_64 1.1-0 5.16 15.99 21.15 OK
r-patched-solaris-sparc 1.1-0 245.90 OK
r-patched-solaris-x86 1.1-0 48.30 OK
r-release-linux-x86_64 1.1-0 5.29 15.84 21.13 OK
r-release-osx-x86_64-mavericks 1.1-0 OK
r-release-windows-ix86+x86_64 1.1-0 34.00 49.00 83.00 OK
r-oldrel-windows-ix86+x86_64 1.1-0 49.00 53.00 102.00 OK

Memtest notes: clang-ASAN valgrind

Check Details

Version: 1.1-0
Check: compiled code
Result: NOTE
    File ‘R2Cuba/libs/R2Cuba.so’:
     Found no calls to: ‘R_registerRoutines’, ‘R_useDynamicSymbols’
    
    It is good practice to register native routines and to disable symbol
    search.
    
    See ‘Writing portable packages’ in the ‘Writing R Extensions’ manual.
Flavors: r-devel-linux-x86_64-debian-clang, r-devel-linux-x86_64-debian-gcc

Version: 1.1-0
Flags: --no-stop-on-test-error
Check: compiled code
Result: NOTE
    File ‘R2Cuba/libs/R2Cuba.so’:
     Found no calls to: ‘R_registerRoutines’, ‘R_useDynamicSymbols’
    
    It is good practice to register native routines and to disable symbol
    search.
    
    See ‘Writing portable packages’ in the ‘Writing R Extensions’ manual.
Flavors: r-devel-linux-x86_64-fedora-clang, r-devel-linux-x86_64-fedora-gcc, r-devel-macos-x86_64-clang