CRAN Package Check Results for Package R2Cuba

Last updated on 2014-10-23 03:48:54.

Flavor Version Tinstall Tcheck Ttotal Status Flags
r-devel-linux-x86_64-debian-clang 1.0-11 3.99 22.77 26.76 NOTE
r-devel-linux-x86_64-debian-gcc 1.0-11 5.00 22.57 27.57 NOTE
r-devel-linux-x86_64-fedora-clang 1.0-11 54.54 NOTE
r-devel-linux-x86_64-fedora-gcc 1.0-11 52.13 NOTE
r-devel-osx-x86_64-clang 1.0-11 54.89 NOTE
r-devel-windows-ix86+x86_64 1.0-11 38.00 57.00 95.00 NOTE
r-patched-linux-x86_64 1.0-11 5.58 25.90 31.48 NOTE
r-patched-solaris-sparc 1.0-11 339.30 NOTE
r-patched-solaris-x86 1.0-11 74.80 NOTE
r-release-linux-ix86 1.0-11 7.01 32.65 39.66 NOTE
r-release-linux-x86_64 1.0-11 5.01 23.38 28.39 NOTE
r-release-osx-x86_64-mavericks 1.0-11 NOTE
r-release-windows-ix86+x86_64 1.0-11 35.00 60.00 95.00 NOTE
r-oldrel-windows-ix86+x86_64 1.0-11 35.00 71.00 106.00 NOTE

Memtest notes: UBSAN-gcc valgrind

Check Details

Version: 1.0-11
Check: dependencies in R code
Result: NOTE
    Package in Depends field not imported from: ‘methods’
     These packages need to be imported from (in the NAMESPACE file)
     for when this namespace is loaded but not attached.
    See the information on DESCRIPTION files in the chapter ‘Creating R
    packages’ of the ‘Writing R Extensions’ manual.
Flavors: r-devel-linux-x86_64-debian-clang, r-devel-linux-x86_64-debian-gcc, r-devel-linux-x86_64-fedora-clang, r-devel-linux-x86_64-fedora-gcc, r-devel-osx-x86_64-clang, r-devel-windows-ix86+x86_64, r-patched-linux-x86_64, r-patched-solaris-sparc, r-patched-solaris-x86, r-release-linux-ix86, r-release-linux-x86_64, r-release-osx-x86_64-mavericks, r-release-windows-ix86+x86_64, r-oldrel-windows-ix86+x86_64