CRAN Package Check Results for Package R2Cuba

Last updated on 2015-03-29 11:51:24.

Flavor Version Tinstall Tcheck Ttotal Status Flags
r-devel-linux-x86_64-debian-clang 1.0-11 4.14 22.21 26.36 NOTE
r-devel-linux-x86_64-debian-gcc 1.0-11 5.00 21.60 26.60 NOTE
r-devel-linux-x86_64-fedora-clang 1.0-11 53.76 NOTE
r-devel-linux-x86_64-fedora-gcc 1.0-11 51.18 NOTE
r-devel-osx-x86_64-clang 1.0-11 56.91 NOTE
r-prerel-windows-ix86+x86_64 1.0-11 58.00 67.00 125.00 NOTE
r-prerel-linux-x86_64 1.0-11 5.04 21.81 26.85 NOTE
r-prerel-solaris-sparc 1.0-11 383.80 NOTE
r-prerel-solaris-x86 1.0-11 68.20 NOTE
r-release-linux-x86_64 1.0-11 5.62 23.63 29.25 NOTE
r-release-osx-x86_64-mavericks 1.0-11 NOTE
r-release-windows-ix86+x86_64 1.0-11 56.00 64.00 120.00 NOTE
r-oldrel-windows-ix86+x86_64 1.0-11 39.00 65.00 104.00 NOTE

Memtest notes: valgrind

Check Details

Version: 1.0-11
Check: DESCRIPTION meta-information
Result: NOTE
    Malformed Description field: should contain one or more complete sentences.
Flavors: r-devel-linux-x86_64-debian-clang, r-devel-linux-x86_64-debian-gcc, r-devel-linux-x86_64-fedora-clang, r-devel-linux-x86_64-fedora-gcc, r-devel-osx-x86_64-clang, r-prerel-windows-ix86+x86_64, r-prerel-linux-x86_64, r-prerel-solaris-sparc, r-prerel-solaris-x86

Version: 1.0-11
Check: dependencies in R code
Result: NOTE
    Package in Depends field not imported from: ‘methods’
     These packages need to be imported from (in the NAMESPACE file)
     for when this namespace is loaded but not attached.
Flavors: r-devel-linux-x86_64-debian-clang, r-devel-linux-x86_64-debian-gcc, r-devel-linux-x86_64-fedora-clang, r-devel-linux-x86_64-fedora-gcc, r-devel-osx-x86_64-clang, r-prerel-windows-ix86+x86_64, r-prerel-linux-x86_64, r-prerel-solaris-sparc, r-prerel-solaris-x86, r-release-linux-x86_64, r-release-windows-ix86+x86_64

Version: 1.0-11
Check: S3 generic/method consistency
Result: NOTE
    Found the following apparent S3 methods exported but not registered:
     print.cuba
    See section ‘Registering S3 methods’ in the ‘Writing R Extensions’
    manual.
Flavors: r-devel-linux-x86_64-debian-clang, r-devel-linux-x86_64-debian-gcc, r-devel-linux-x86_64-fedora-clang, r-devel-linux-x86_64-fedora-gcc, r-devel-osx-x86_64-clang, r-prerel-linux-x86_64

Version: 1.0-11
Check: dependencies in R code
Result: NOTE
    Package in Depends field not imported from: ‘methods’
     These packages need to be imported from (in the NAMESPACE file)
     for when this namespace is loaded but not attached.
    See the information on DESCRIPTION files in the chapter ‘Creating R
    packages’ of the ‘Writing R Extensions’ manual.
Flavors: r-release-osx-x86_64-mavericks, r-oldrel-windows-ix86+x86_64