CRAN Package Check Results for Package R2Cuba

Last updated on 2015-07-04 11:49:57.

Flavor Version Tinstall Tcheck Ttotal Status Flags
r-devel-linux-x86_64-debian-clang 1.0-11 4.02 21.08 25.11 NOTE
r-devel-linux-x86_64-debian-gcc 1.0-11 5.12 20.43 25.54 NOTE
r-devel-linux-x86_64-fedora-clang 1.0-11 48.49 NOTE
r-devel-linux-x86_64-fedora-gcc 1.0-11 47.15 NOTE
r-devel-osx-x86_64-clang 1.0-11 45.64 NOTE
r-devel-windows-ix86+x86_64 1.0-11 59.00 51.00 110.00 NOTE
r-patched-linux-x86_64 1.0-11 5.37 20.50 25.88 NOTE
r-patched-solaris-sparc 1.0-11 352.10 NOTE
r-patched-solaris-x86 1.0-11 67.00 NOTE
r-release-linux-x86_64 1.0-11 4.98 20.58 25.56 NOTE
r-release-osx-x86_64-mavericks 1.0-11 NOTE
r-release-windows-ix86+x86_64 1.0-11 40.00 53.00 93.00 NOTE
r-oldrel-windows-ix86+x86_64 1.0-11 56.00 64.00 120.00 NOTE

Memtest notes: valgrind

Check Details

Version: 1.0-11
Check: DESCRIPTION meta-information
Result: NOTE
    Malformed Description field: should contain one or more complete sentences.
Flavors: r-devel-linux-x86_64-debian-clang, r-devel-linux-x86_64-debian-gcc, r-devel-linux-x86_64-fedora-clang, r-devel-linux-x86_64-fedora-gcc, r-devel-osx-x86_64-clang, r-devel-windows-ix86+x86_64, r-patched-linux-x86_64, r-patched-solaris-sparc, r-patched-solaris-x86, r-release-linux-x86_64, r-release-osx-x86_64-mavericks, r-release-windows-ix86+x86_64

Version: 1.0-11
Check: dependencies in R code
Result: NOTE
    Package in Depends field not imported from: ‘methods’
     These packages need to be imported from (in the NAMESPACE file)
     for when this namespace is loaded but not attached.
Flavors: r-devel-linux-x86_64-debian-clang, r-devel-linux-x86_64-debian-gcc, r-devel-linux-x86_64-fedora-clang, r-devel-linux-x86_64-fedora-gcc, r-devel-osx-x86_64-clang, r-devel-windows-ix86+x86_64, r-patched-linux-x86_64, r-patched-solaris-sparc, r-patched-solaris-x86, r-release-linux-x86_64, r-release-osx-x86_64-mavericks, r-release-windows-ix86+x86_64, r-oldrel-windows-ix86+x86_64

Version: 1.0-11
Check: S3 generic/method consistency
Result: NOTE
    Found the following apparent S3 methods exported but not registered:
     print.cuba
    See section ‘Registering S3 methods’ in the ‘Writing R Extensions’
    manual.
Flavors: r-devel-linux-x86_64-debian-clang, r-devel-linux-x86_64-debian-gcc, r-devel-linux-x86_64-fedora-clang, r-devel-linux-x86_64-fedora-gcc, r-devel-osx-x86_64-clang, r-patched-linux-x86_64, r-patched-solaris-sparc, r-patched-solaris-x86, r-release-linux-x86_64