CRAN Package Check Results for Package R2Cuba

Last updated on 2016-02-08 02:47:32.

Flavor Version Tinstall Tcheck Ttotal Status Flags
r-devel-linux-x86_64-debian-gcc 1.1-0 5.20 15.10 20.30 OK
r-devel-linux-x86_64-fedora-clang 1.1-0 36.51 OK
r-devel-linux-x86_64-fedora-gcc 1.1-0 34.80 OK
r-devel-osx-x86_64-clang 1.1-0 38.26 OK
r-devel-windows-ix86+x86_64 1.1-0 58.00 46.00 104.00 OK
r-patched-linux-x86_64 1.1-0 5.37 15.78 21.15 OK
r-patched-solaris-sparc 1.1-0 238.50 OK
r-patched-solaris-x86 1.1-0 48.10 OK
r-release-linux-x86_64 1.1-0 5.35 15.54 20.89 OK
r-release-osx-x86_64-mavericks 1.1-0 OK
r-release-windows-ix86+x86_64 1.1-0 49.00 57.00 106.00 OK
r-oldrel-windows-ix86+x86_64 1.1-0 58.00 51.00 109.00 WARN

Memtest notes: valgrind

Check Details

Version: 1.1-0
Check: Rd files
Result: WARN
    prepare_Rd: R2Cuba-package.Rd:6: unknown macro '\packageTitle'
    prepare_Rd: R2Cuba-package.Rd:9: unknown macro '\packageDescription'
    prepare_Rd: R2Cuba-package.Rd:12: unknown macro '\packageAuthor'
    prepare_Rd: R2Cuba-package.Rd:14: unknown macro '\packageMaintainer'
Flavor: r-oldrel-windows-ix86+x86_64