CRAN Package Check Results for Package R2Cuba

Last updated on 2014-11-23 11:47:21.

Flavor Version Tinstall Tcheck Ttotal Status Flags
r-devel-linux-x86_64-debian-clang 1.0-11 3.99 23.22 27.22 NOTE
r-devel-linux-x86_64-debian-gcc 1.0-11 5.04 22.12 27.16 NOTE
r-devel-linux-x86_64-fedora-clang 1.0-11 57.14 NOTE
r-devel-linux-x86_64-fedora-gcc 1.0-11 52.62 NOTE
r-devel-osx-x86_64-clang 1.0-11 55.10 NOTE
r-devel-windows-ix86+x86_64 1.0-11 37.00 55.00 92.00 NOTE
r-patched-linux-x86_64 1.0-11 5.24 23.79 29.03 NOTE
r-patched-solaris-sparc 1.0-11 339.30 NOTE
r-patched-solaris-x86 1.0-11 73.90 NOTE
r-release-linux-ix86 1.0-11 6.72 32.46 39.18 NOTE
r-release-linux-x86_64 1.0-11 5.00 23.88 28.88 NOTE
r-release-osx-x86_64-mavericks 1.0-11 NOTE
r-release-windows-ix86+x86_64 1.0-11 40.00 56.00 96.00 NOTE
r-oldrel-windows-ix86+x86_64 1.0-11 35.00 71.00 106.00 NOTE

Memtest notes: UBSAN-gcc valgrind

Check Details

Version: 1.0-11
Check: dependencies in R code
Result: NOTE
    Package in Depends field not imported from: ‘methods’
     These packages need to be imported from (in the NAMESPACE file)
     for when this namespace is loaded but not attached.
    See the information on DESCRIPTION files in the chapter ‘Creating R
    packages’ of the ‘Writing R Extensions’ manual.
Flavors: r-devel-linux-x86_64-debian-clang, r-devel-linux-x86_64-debian-gcc, r-devel-linux-x86_64-fedora-clang, r-devel-linux-x86_64-fedora-gcc, r-devel-osx-x86_64-clang, r-devel-windows-ix86+x86_64, r-patched-linux-x86_64, r-patched-solaris-sparc, r-patched-solaris-x86, r-release-linux-ix86, r-release-linux-x86_64, r-release-osx-x86_64-mavericks, r-release-windows-ix86+x86_64, r-oldrel-windows-ix86+x86_64