CRAN Package Check Results for Package R2Cuba

Last updated on 2014-07-24 03:48:53.

Flavor Version Tinstall Tcheck Ttotal Status Flags
r-devel-linux-x86_64-debian-clang 1.0-11 3.55 21.96 25.52 NOTE
r-devel-linux-x86_64-debian-gcc 1.0-11 5.26 21.64 26.90 NOTE
r-devel-linux-x86_64-fedora-clang 1.0-11 54.40 NOTE
r-devel-linux-x86_64-fedora-gcc 1.0-11 52.71 NOTE
r-devel-osx-x86_64-clang 1.0-11 48.86 NOTE
r-devel-windows-ix86+x86_64 1.0-11 35.00 58.00 93.00 NOTE
r-patched-linux-x86_64 1.0-11 5.02 22.34 27.35 NOTE
r-patched-solaris-sparc 1.0-11 365.70 NOTE
r-patched-solaris-x86 1.0-11 71.50 NOTE
r-release-linux-ix86 1.0-11 7.09 32.54 39.63 NOTE
r-release-linux-x86_64 1.0-11 5.12 22.70 27.82 NOTE
r-release-osx-x86_64-mavericks 1.0-11 NOTE
r-release-windows-ix86+x86_64 1.0-11 45.00 56.00 101.00 NOTE
r-oldrel-windows-ix86+x86_64 1.0-11 33.00 68.00 101.00 NOTE

Memtest notes: valgrind

Check Details

Version: 1.0-11
Check: dependencies in R code
Result: NOTE
    Package in Depends field not imported from: ‘methods’
     These packages need to be imported from (in the NAMESPACE file)
     for when this namespace is loaded but not attached.
    See the information on DESCRIPTION files in the chapter ‘Creating R
    packages’ of the ‘Writing R Extensions’ manual.
Flavors: r-devel-linux-x86_64-debian-clang, r-devel-linux-x86_64-debian-gcc, r-devel-linux-x86_64-fedora-clang, r-devel-linux-x86_64-fedora-gcc, r-devel-osx-x86_64-clang, r-devel-windows-ix86+x86_64, r-patched-linux-x86_64, r-patched-solaris-sparc, r-patched-solaris-x86, r-release-linux-ix86, r-release-linux-x86_64, r-release-osx-x86_64-mavericks, r-release-windows-ix86+x86_64, r-oldrel-windows-ix86+x86_64