CRAN Package Check Results for Package R2Cuba

Last updated on 2014-12-20 21:46:57.

Flavor Version Tinstall Tcheck Ttotal Status Flags
r-devel-linux-x86_64-debian-clang 1.0-11 3.90 22.76 26.66 NOTE
r-devel-linux-x86_64-debian-gcc 1.0-11 5.15 21.65 26.80 NOTE
r-devel-linux-x86_64-fedora-clang 1.0-11 56.12 NOTE
r-devel-linux-x86_64-fedora-gcc 1.0-11 53.87 NOTE
r-devel-osx-x86_64-clang 1.0-11 54.56 NOTE
r-devel-windows-ix86+x86_64 1.0-11 66.00 77.00 143.00 NOTE
r-patched-linux-x86_64 1.0-11 5.20 24.62 29.82 NOTE
r-patched-solaris-sparc 1.0-11 352.80 NOTE
r-patched-solaris-x86 1.0-11 75.60 NOTE
r-release-linux-ix86 1.0-11 6.71 32.30 39.01 NOTE
r-release-linux-x86_64 1.0-11 5.04 23.88 28.92 NOTE
r-release-osx-x86_64-mavericks 1.0-11 NOTE
r-release-windows-ix86+x86_64 1.0-11 35.00 62.00 97.00 NOTE
r-oldrel-windows-ix86+x86_64 1.0-11 32.00 59.00 91.00 NOTE

Memtest notes: UBSAN-gcc valgrind

Check Details

Version: 1.0-11
Check: dependencies in R code
Result: NOTE
    Package in Depends field not imported from: ‘methods’
     These packages need to be imported from (in the NAMESPACE file)
     for when this namespace is loaded but not attached.
    See the information on DESCRIPTION files in the chapter ‘Creating R
    packages’ of the ‘Writing R Extensions’ manual.
Flavors: r-devel-linux-x86_64-debian-clang, r-devel-linux-x86_64-debian-gcc, r-devel-linux-x86_64-fedora-clang, r-devel-linux-x86_64-fedora-gcc, r-devel-osx-x86_64-clang, r-devel-windows-ix86+x86_64, r-patched-linux-x86_64, r-patched-solaris-sparc, r-patched-solaris-x86, r-release-linux-ix86, r-release-linux-x86_64, r-release-osx-x86_64-mavericks, r-release-windows-ix86+x86_64, r-oldrel-windows-ix86+x86_64