CRAN Package Check Results for Package R2Cuba

Last updated on 2015-04-27 19:47:24.

Flavor Version Tinstall Tcheck Ttotal Status Flags
r-devel-linux-x86_64-debian-clang 1.0-11 4.19 22.62 26.82 NOTE
r-devel-linux-x86_64-debian-gcc 1.0-11 4.96 22.12 27.07 NOTE
r-devel-linux-x86_64-fedora-clang 1.0-11 54.09 NOTE
r-devel-linux-x86_64-fedora-gcc 1.0-11 51.55 NOTE
r-devel-osx-x86_64-clang 1.0-11 51.86 NOTE
r-devel-windows-ix86+x86_64 1.0-11 41.00 57.00 98.00 NOTE
r-patched-linux-x86_64 1.0-11 4.94 22.32 27.25 NOTE
r-patched-solaris-sparc 1.0-11 383.80 NOTE
r-patched-solaris-x86 1.0-11 68.80 NOTE
r-release-linux-x86_64 1.0-11 4.88 21.87 26.75 NOTE
r-release-osx-x86_64-mavericks 1.0-11 NOTE
r-release-osx-x86_64-snowleopard 1.0-11 NOTE
r-release-windows-ix86+x86_64 1.0-11 28.00 74.00 102.00 NOTE
r-oldrel-windows-ix86+x86_64 1.0-11 56.00 64.00 120.00 NOTE

Memtest notes: valgrind

Check Details

Version: 1.0-11
Check: DESCRIPTION meta-information
Result: NOTE
    Malformed Description field: should contain one or more complete sentences.
Flavors: r-devel-linux-x86_64-debian-clang, r-devel-linux-x86_64-debian-gcc, r-devel-linux-x86_64-fedora-clang, r-devel-linux-x86_64-fedora-gcc, r-devel-osx-x86_64-clang, r-devel-windows-ix86+x86_64, r-patched-solaris-sparc, r-patched-solaris-x86, r-release-linux-x86_64, r-release-osx-x86_64-mavericks, r-release-osx-x86_64-snowleopard, r-release-windows-ix86+x86_64

Version: 1.0-11
Check: dependencies in R code
Result: NOTE
    Package in Depends field not imported from: ‘methods’
     These packages need to be imported from (in the NAMESPACE file)
     for when this namespace is loaded but not attached.
Flavors: r-devel-linux-x86_64-debian-clang, r-devel-linux-x86_64-debian-gcc, r-devel-linux-x86_64-fedora-clang, r-devel-linux-x86_64-fedora-gcc, r-devel-osx-x86_64-clang, r-devel-windows-ix86+x86_64, r-patched-solaris-sparc, r-patched-solaris-x86, r-release-linux-x86_64, r-release-osx-x86_64-mavericks, r-release-osx-x86_64-snowleopard, r-release-windows-ix86+x86_64, r-oldrel-windows-ix86+x86_64

Version: 1.0-11
Check: S3 generic/method consistency
Result: NOTE
    Found the following apparent S3 methods exported but not registered:
     print.cuba
    See section ‘Registering S3 methods’ in the ‘Writing R Extensions’
    manual.
Flavors: r-devel-linux-x86_64-debian-clang, r-devel-linux-x86_64-debian-gcc, r-devel-linux-x86_64-fedora-clang, r-devel-linux-x86_64-fedora-gcc, r-devel-osx-x86_64-clang, r-patched-solaris-x86, r-release-linux-x86_64