CRAN Package Check Results for Package R2Cuba

Last updated on 2014-09-23 12:47:04.

Flavor Version Tinstall Tcheck Ttotal Status Flags
r-devel-linux-x86_64-debian-clang 1.0-11 3.94 22.02 25.96 NOTE
r-devel-linux-x86_64-debian-gcc 1.0-11 5.09 21.41 26.50 NOTE
r-devel-linux-x86_64-fedora-clang 1.0-11 52.76 NOTE
r-devel-linux-x86_64-fedora-gcc 1.0-11 51.18 NOTE
r-devel-osx-x86_64-clang 1.0-11 50.13 NOTE
r-devel-windows-ix86+x86_64 1.0-11 37.00 51.00 88.00 NOTE
r-patched-linux-x86_64 1.0-11 4.96 23.83 28.78 NOTE
r-patched-solaris-sparc 1.0-11 339.30 NOTE
r-patched-solaris-x86 1.0-11 72.70 NOTE
r-release-linux-ix86 1.0-11 7.09 32.54 39.62 NOTE
r-release-linux-x86_64 1.0-11 4.98 23.41 28.40 NOTE
r-release-osx-x86_64-mavericks 1.0-11 NOTE
r-release-windows-ix86+x86_64 1.0-11 35.00 60.00 95.00 NOTE
r-oldrel-windows-ix86+x86_64 1.0-11 35.00 71.00 106.00 NOTE

Memtest notes: valgrind

Check Details

Version: 1.0-11
Check: dependencies in R code
Result: NOTE
    Package in Depends field not imported from: ‘methods’
     These packages need to be imported from (in the NAMESPACE file)
     for when this namespace is loaded but not attached.
    See the information on DESCRIPTION files in the chapter ‘Creating R
    packages’ of the ‘Writing R Extensions’ manual.
Flavors: r-devel-linux-x86_64-debian-clang, r-devel-linux-x86_64-debian-gcc, r-devel-linux-x86_64-fedora-clang, r-devel-linux-x86_64-fedora-gcc, r-devel-osx-x86_64-clang, r-devel-windows-ix86+x86_64, r-patched-linux-x86_64, r-patched-solaris-sparc, r-patched-solaris-x86, r-release-linux-ix86, r-release-linux-x86_64, r-release-osx-x86_64-mavericks, r-release-windows-ix86+x86_64, r-oldrel-windows-ix86+x86_64