CRAN Package Check Results for Package R2Cuba

Last updated on 2015-05-30 21:46:49.

Flavor Version Tinstall Tcheck Ttotal Status Flags
r-devel-linux-x86_64-debian-clang 1.0-11 4.12 21.12 25.24 NOTE
r-devel-linux-x86_64-debian-gcc 1.0-11 4.97 20.11 25.08 NOTE
r-devel-linux-x86_64-fedora-clang 1.0-11 50.65 NOTE
r-devel-linux-x86_64-fedora-gcc 1.0-11 47.88 NOTE
r-devel-osx-x86_64-clang 1.0-11 52.56 NOTE
r-devel-windows-ix86+x86_64 1.0-11 37.00 54.00 91.00 NOTE
r-patched-linux-x86_64 1.0-11 4.92 20.35 25.27 NOTE
r-patched-solaris-sparc 1.0-11 352.10 NOTE
r-patched-solaris-x86 1.0-11 67.50 NOTE
r-release-linux-x86_64 1.0-11 4.99 22.99 27.98 NOTE
r-release-osx-x86_64-mavericks 1.0-11 NOTE
r-release-osx-x86_64-snowleopard 1.0-11 NOTE
r-release-windows-ix86+x86_64 1.0-11 38.00 58.00 96.00 NOTE
r-oldrel-windows-ix86+x86_64 1.0-11 56.00 64.00 120.00 NOTE

Memtest notes: valgrind

Check Details

Version: 1.0-11
Check: DESCRIPTION meta-information
Result: NOTE
    Malformed Description field: should contain one or more complete sentences.
Flavors: r-devel-linux-x86_64-debian-clang, r-devel-linux-x86_64-debian-gcc, r-devel-linux-x86_64-fedora-clang, r-devel-linux-x86_64-fedora-gcc, r-devel-osx-x86_64-clang, r-devel-windows-ix86+x86_64, r-patched-linux-x86_64, r-patched-solaris-sparc, r-patched-solaris-x86, r-release-linux-x86_64, r-release-osx-x86_64-mavericks, r-release-osx-x86_64-snowleopard, r-release-windows-ix86+x86_64

Version: 1.0-11
Check: dependencies in R code
Result: NOTE
    Package in Depends field not imported from: ‘methods’
     These packages need to be imported from (in the NAMESPACE file)
     for when this namespace is loaded but not attached.
Flavors: r-devel-linux-x86_64-debian-clang, r-devel-linux-x86_64-debian-gcc, r-devel-linux-x86_64-fedora-clang, r-devel-linux-x86_64-fedora-gcc, r-devel-osx-x86_64-clang, r-devel-windows-ix86+x86_64, r-patched-linux-x86_64, r-patched-solaris-sparc, r-patched-solaris-x86, r-release-linux-x86_64, r-release-osx-x86_64-mavericks, r-release-osx-x86_64-snowleopard, r-release-windows-ix86+x86_64, r-oldrel-windows-ix86+x86_64

Version: 1.0-11
Check: S3 generic/method consistency
Result: NOTE
    Found the following apparent S3 methods exported but not registered:
     print.cuba
    See section ‘Registering S3 methods’ in the ‘Writing R Extensions’
    manual.
Flavors: r-devel-linux-x86_64-debian-clang, r-devel-linux-x86_64-debian-gcc, r-devel-linux-x86_64-fedora-clang, r-devel-linux-x86_64-fedora-gcc, r-devel-osx-x86_64-clang, r-patched-linux-x86_64, r-patched-solaris-sparc, r-patched-solaris-x86, r-release-linux-x86_64