CRAN Package Check Results for Package R2G2

Last updated on 2014-10-25 14:51:01.

Flavor Version Tinstall Tcheck Ttotal Status Flags
r-devel-linux-x86_64-debian-clang 1.0-2 0.76 14.96 15.72 NOTE
r-devel-linux-x86_64-debian-gcc 1.0-2 0.74 14.32 15.06 NOTE
r-devel-linux-x86_64-fedora-clang 1.0-2 30.05 NOTE
r-devel-linux-x86_64-fedora-gcc 1.0-2 29.50 NOTE
r-devel-osx-x86_64-clang 1.0-2 31.44 NOTE
r-devel-windows-ix86+x86_64 1.0-2 3.00 21.00 24.00 OK
r-patched-linux-x86_64 1.0-2 0.81 14.73 15.54 NOTE
r-patched-solaris-sparc 1.0-2 195.10 NOTE
r-patched-solaris-x86 1.0-2 41.30 NOTE
r-release-linux-ix86 1.0-2 1.09 20.73 21.82 NOTE
r-release-linux-x86_64 1.0-2 0.76 14.85 15.61 NOTE
r-release-osx-x86_64-mavericks 1.0-2 OK
r-release-windows-ix86+x86_64 1.0-2 4.00 23.00 27.00 OK
r-oldrel-windows-ix86+x86_64 1.0-2 3.00 25.00 28.00 OK

Check Details

Version: 1.0-2
Check: R code for possible problems
Result: NOTE
    Found an obsolete/platform-specific call in the following function:
     ‘Plots2GE’
    Found the platform-specific device:
     ‘x11’
    dev.new() is the preferred way to open a new device, in the unlikely
    event one is needed.
Flavors: r-devel-linux-x86_64-debian-clang, r-devel-linux-x86_64-debian-gcc, r-devel-linux-x86_64-fedora-clang, r-devel-linux-x86_64-fedora-gcc, r-devel-osx-x86_64-clang, r-patched-linux-x86_64, r-patched-solaris-sparc, r-patched-solaris-x86, r-release-linux-ix86, r-release-linux-x86_64

Version: 1.0-2
Check: Rd line widths
Result: NOTE
    Rd file 'Hist2GE.Rd':
     \usage lines wider than 90 characters:
     Hist2GE(coords, species = 0, grid, goo, nedges, orient, maxAlt = 1e+05, colors = "auto", ...)
     \examples lines wider than 100 characters:
     ###Using Hist2GE: using custom grids, when working at local scale (not accounting for earth curvature)
     "lat" = MyGridRad[, 2]) #this step is only cosmetic and necessary for compatibily issues.
    
    Rd file 'Pies2GE.Rd':
     \usage lines wider than 90 characters:
     Pies2GE(center, obs, nesting = 0, goo = "Pies2GE.kml", colors = "auto", nedges = 20, orient = 0, maxAlt = 10000, radius = 50000)
    
    Rd file 'PolyLines2GE.Rd':
     \usage lines wider than 90 characters:
     PolyLines2GE(coords, nesting = 0, maxAlt = 10000, goo = "Lines2GE.kml", colors = "blue", extrude = 0, fill = FALSE, lwd = 1, closepoly ... [TRUNCATED]
    
    Rd file 'Shapes2GE.Rd':
     \usage lines wider than 90 characters:
     Shapes2GE(center, nesting = 0, goo = "Shapes2GE.kml", nedges = 20, orient = 0, colors = "blue", maxAlt = 10000, radius = 50000)
    
    Rd file 'grid50.Rd':
     \examples lines wider than 100 characters:
     grid50Rad = data.frame("1", grid50Rad) #this step is only cosmetic and necessary for compatibily issues.
    
    These lines will be truncated in the PDF manual.
Flavors: r-devel-linux-x86_64-debian-clang, r-devel-linux-x86_64-debian-gcc, r-devel-linux-x86_64-fedora-clang, r-devel-linux-x86_64-fedora-gcc, r-patched-linux-x86_64, r-release-linux-x86_64