CRAN Package Check Results for Package R2G2

Last updated on 2015-07-07 14:48:24.

Flavor Version Tinstall Tcheck Ttotal Status Flags
r-devel-linux-x86_64-debian-clang 1.0-2 0.71 12.76 13.47 NOTE
r-devel-linux-x86_64-debian-gcc 1.0-2 0.65 12.77 13.42 NOTE
r-devel-linux-x86_64-fedora-clang 1.0-2 25.23 NOTE
r-devel-linux-x86_64-fedora-gcc 1.0-2 24.23 NOTE
r-devel-osx-x86_64-clang 1.0-2 25.39 NOTE
r-devel-windows-ix86+x86_64 1.0-2 4.00 21.00 25.00 NOTE
r-patched-linux-x86_64 1.0-2 0.69 12.94 13.63 NOTE
r-patched-solaris-sparc 1.0-2 167.80 NOTE
r-patched-solaris-x86 1.0-2 37.60 NOTE
r-release-linux-x86_64 1.0-2 0.70 12.98 13.68 NOTE
r-release-osx-x86_64-mavericks 1.0-2 NOTE
r-release-windows-ix86+x86_64 1.0-2 3.00 23.00 26.00 NOTE
r-oldrel-windows-ix86+x86_64 1.0-2 5.00 26.00 31.00 OK

Check Details

Version: 1.0-2
Check: DESCRIPTION meta-information
Result: NOTE
    Malformed Title field: should not end in a period.
Flavors: r-devel-linux-x86_64-debian-clang, r-devel-linux-x86_64-debian-gcc, r-devel-linux-x86_64-fedora-clang, r-devel-linux-x86_64-fedora-gcc, r-devel-osx-x86_64-clang, r-devel-windows-ix86+x86_64, r-patched-linux-x86_64, r-patched-solaris-sparc, r-patched-solaris-x86, r-release-linux-x86_64, r-release-osx-x86_64-mavericks, r-release-windows-ix86+x86_64

Version: 1.0-2
Check: R code for possible problems
Result: NOTE
    Found an obsolete/platform-specific call in the following function:
     ‘Plots2GE’
    Found the platform-specific device:
     ‘x11’
    dev.new() is the preferred way to open a new device, in the unlikely
    event one is needed.
    FancyPies: no visible global function definition for ‘rainbow’
    FancyPies: no visible global function definition for ‘plot’
    FancyPies: no visible global function definition for ‘polygon’
    Hist2GE: no visible global function definition for ‘dist’
    Pies2GE: no visible global function definition for ‘rainbow’
    Plots2GE: no visible global function definition for ‘aggregate’
    Plots2GE: no visible global function definition for ‘x11’
    Plots2GE: no visible global function definition for ‘title’
    Plots2GE: no visible global function definition for ‘png’
    Plots2GE: no visible global function definition for ‘dev.off’
    PolyLines2GE: no visible global function definition for ‘rainbow’
    Shapes2GE: no visible global function definition for ‘rainbow’
    Undefined global functions or variables:
     aggregate dev.off dist plot png polygon rainbow title x11
Flavors: r-devel-linux-x86_64-debian-clang, r-devel-linux-x86_64-debian-gcc, r-devel-linux-x86_64-fedora-clang, r-devel-linux-x86_64-fedora-gcc

Version: 1.0-2
Check: Rd line widths
Result: NOTE
    Rd file 'Hist2GE.Rd':
     \usage lines wider than 90 characters:
     Hist2GE(coords, species = 0, grid, goo, nedges, orient, maxAlt = 1e+05, colors = "auto", ...)
     \examples lines wider than 100 characters:
     ###Using Hist2GE: using custom grids, when working at local scale (not accounting for earth curvature)
     "lat" = MyGridRad[, 2]) #this step is only cosmetic and necessary for compatibily issues.
    
    Rd file 'Pies2GE.Rd':
     \usage lines wider than 90 characters:
     Pies2GE(center, obs, nesting = 0, goo = "Pies2GE.kml", colors = "auto", nedges = 20, orient = 0, maxAlt = 10000, radius = 50000)
    
    Rd file 'PolyLines2GE.Rd':
     \usage lines wider than 90 characters:
     PolyLines2GE(coords, nesting = 0, maxAlt = 10000, goo = "Lines2GE.kml", colors = "blue", extrude = 0, fill = FALSE, lwd = 1, closepoly ... [TRUNCATED]
    
    Rd file 'Shapes2GE.Rd':
     \usage lines wider than 90 characters:
     Shapes2GE(center, nesting = 0, goo = "Shapes2GE.kml", nedges = 20, orient = 0, colors = "blue", maxAlt = 10000, radius = 50000)
    
    Rd file 'grid50.Rd':
     \examples lines wider than 100 characters:
     grid50Rad = data.frame("1", grid50Rad) #this step is only cosmetic and necessary for compatibily issues.
    
    These lines will be truncated in the PDF manual.
Flavors: r-devel-linux-x86_64-debian-clang, r-devel-linux-x86_64-debian-gcc, r-devel-linux-x86_64-fedora-clang, r-devel-linux-x86_64-fedora-gcc, r-patched-linux-x86_64, r-release-linux-x86_64

Version: 1.0-2
Check: R code for possible problems
Result: NOTE
    Found an obsolete/platform-specific call in the following function:
     ‘Plots2GE’
    Found the platform-specific device:
     ‘x11’
    dev.new() is the preferred way to open a new device, in the unlikely
    event one is needed.
Flavors: r-devel-osx-x86_64-clang, r-patched-linux-x86_64, r-patched-solaris-sparc, r-patched-solaris-x86, r-release-linux-x86_64

Version: 1.0-2
Check: R code for possible problems
Result: NOTE
    FancyPies: no visible global function definition for 'rainbow'
    FancyPies: no visible global function definition for 'plot'
    FancyPies: no visible global function definition for 'polygon'
    Hist2GE: no visible global function definition for 'dist'
    Pies2GE: no visible global function definition for 'rainbow'
    Plots2GE: no visible global function definition for 'aggregate'
    Plots2GE: no visible global function definition for 'x11'
    Plots2GE: no visible global function definition for 'title'
    Plots2GE: no visible global function definition for 'png'
    Plots2GE: no visible global function definition for 'dev.off'
    PolyLines2GE: no visible global function definition for 'rainbow'
    Shapes2GE: no visible global function definition for 'rainbow'
    Undefined global functions or variables:
     aggregate dev.off dist plot png polygon rainbow title x11
Flavor: r-devel-windows-ix86+x86_64