CRAN Package Check Results for Package R2HTML

Last updated on 2022-01-20 11:51:06 CET.

Flavor Version Tinstall Tcheck Ttotal Status Flags
r-devel-linux-x86_64-debian-clang 2.3.2 NOTE
r-devel-linux-x86_64-debian-gcc 2.3.2 6.56 41.55 48.11 NOTE
r-devel-linux-x86_64-fedora-clang 2.3.2 78.69 NOTE
r-devel-linux-x86_64-fedora-gcc 2.3.2 63.93 NOTE
r-devel-windows-x86_64-new-UL 2.3.2 102.00 71.00 173.00 OK
r-devel-windows-x86_64-new-TK 2.3.2 OK
r-patched-linux-x86_64 2.3.2 8.92 52.71 61.63 NOTE
r-release-linux-x86_64 2.3.2 8.64 53.21 61.85 NOTE
r-release-macos-arm64 2.3.2 OK
r-release-macos-x86_64 2.3.2 OK
r-release-windows-ix86+x86_64 2.3.2 13.00 60.00 73.00 OK
r-oldrel-macos-x86_64 2.3.2 OK
r-oldrel-windows-ix86+x86_64 2.3.2 13.00 60.00 73.00 OK

Check Details

Version: 2.3.2
Check: for non-standard things in the check directory
Result: NOTE
    Found the following files/directories:
     'output.html'
Flavors: r-devel-linux-x86_64-debian-clang, r-devel-linux-x86_64-debian-gcc, r-devel-linux-x86_64-fedora-clang, r-devel-linux-x86_64-fedora-gcc, r-patched-linux-x86_64, r-release-linux-x86_64