CRAN Package Check Results for Package R2HTML

Last updated on 2018-07-23 07:47:59 CEST.

Flavor Version Tinstall Tcheck Ttotal Status Flags
r-devel-linux-x86_64-debian-clang 2.3.2 6.05 32.94 38.99 OK
r-devel-linux-x86_64-debian-gcc 2.3.2 5.19 29.24 34.43 OK
r-devel-linux-x86_64-fedora-clang 2.3.2 49.81 OK
r-devel-linux-x86_64-fedora-gcc 2.3.2 47.76 OK
r-devel-windows-ix86+x86_64 2.3.2 15.00 58.00 73.00 ERROR
r-patched-linux-x86_64 2.3.2 OK
r-patched-solaris-x86 2.3.2 65.60 OK
r-release-linux-x86_64 2.3.2 4.61 36.45 41.06 OK
r-release-windows-ix86+x86_64 2.3.2 9.00 53.00 62.00 OK
r-release-osx-x86_64 2.3.2 OK
r-oldrel-windows-ix86+x86_64 2.3.2 4.00 61.00 65.00 OK
r-oldrel-osx-x86_64 2.3.2 OK

Check Details

Version: 2.3.2
Check: examples
Result: ERROR
    Running examples in 'R2HTML-Ex.R' failed
    The error most likely occurred in:
    
    > ### Name: HTM2clip
    > ### Title: Wrapper around HTML() to save output to the clipboard
    > ### Aliases: HTML2clip
    > ### Keywords: print IO file
    >
    > ### ** Examples
    >
    > if (.Platform$OS == "windows")
    + HTML2clip(summary(lm(rating ~., attitude)))
    >
    >
    >
    > cleanEx()
    Error: connections left open:
     clipboard (clipboard)
    Execution halted
Flavor: r-devel-windows-ix86+x86_64