CRAN Package Check Results for Package R2MLwiN

Last updated on 2014-08-29 03:47:17.

Flavor Version Tinstall Tcheck Ttotal Status Flags
r-devel-windows-ix86+x86_64 0.2-1 5.00 53.00 58.00 NOTE
r-release-osx-x86_64-mavericks 0.2-1 OK
r-release-osx-x86_64-snowleopard 0.2-1 OK
r-release-windows-ix86+x86_64 0.2-1 5.00 60.00 65.00 OK
r-oldrel-windows-ix86+x86_64 0.2-1 6.00 53.00 59.00 OK

Check Details

Version: 0.2-1
Check: R code for possible problems
Result: NOTE
    MCSE: no visible global function definition for 'is.mcmc'
    caterpillarR: no visible global function definition for 'qqmath'
    mlwin2bugs : rbugs2: no visible global function definition for
     'genBugsScript'
    mlwin2bugs : rbugs2: no visible global function definition for
     'getBugsOutput'
    mlwin2bugs: no visible binding for global variable 'rbugs'
    sixway: no visible global function definition for 'is.mcmc'
Flavor: r-devel-windows-ix86+x86_64