CRAN Package Check Results for Package R2MLwiN

Last updated on 2015-09-03 14:48:30.

Flavor Version Tinstall Tcheck Ttotal Status Flags
r-devel-linux-x86_64-debian-clang 0.8-1 3.72 64.07 67.80 NOTE
r-devel-linux-x86_64-debian-gcc 0.8-1 3.71 64.84 68.55 NOTE
r-devel-windows-ix86+x86_64 0.8-1 17.00 100.00 117.00 NOTE
r-patched-linux-x86_64 0.8-1 4.01 65.11 69.12 OK
r-release-linux-x86_64 0.8-1 3.87 67.85 71.72 OK
r-release-osx-x86_64-mavericks 0.8-1 OK
r-release-windows-ix86+x86_64 0.8-1 16.00 106.00 122.00 OK
r-oldrel-windows-ix86+x86_64 0.8-1 20.00 125.00 145.00 OK

Check Details

Version: 0.8-1
Check: whether the namespace can be loaded with stated dependencies
Result: NOTE
    Warning: no function found corresponding to methods exports from ‘R2MLwiN’ for: ‘nobs’
    
    A namespace must be able to be loaded with just the base namespace
    loaded: otherwise if the namespace gets loaded by a saved object, the
    session will be unable to start.
    
    Probably some imports need to be declared in the NAMESPACE file.
Flavors: r-devel-linux-x86_64-debian-clang, r-devel-linux-x86_64-debian-gcc, r-devel-windows-ix86+x86_64

Version: 0.8-1
Check: R code for possible problems
Result: NOTE
    BD: no visible global function definition for ‘qnorm’
    Formula.translate : get.terms: no visible global function definition
     for ‘as.formula’
    Formula.translate : get.terms: no visible global function definition
     for ‘terms’
    Formula.translate : get.offset: no visible global function definition
     for ‘terms.formula’
    Formula.translate : get.offset: no visible global function definition
     for ‘as.formula’
    Formula.translate : get.offset: no visible global function definition
     for ‘model.frame’
    Formula.translate : get.offset: no visible global function definition
     for ‘model.offset’
    Formula.translate : get.Idata: no visible global function definition
     for ‘as.formula’
    Formula.translate : get.Idata: no visible global function definition
     for ‘terms’
    Formula.translate : get.Idata: no visible global function definition
     for ‘model.frame’
    Formula.translate : get.Interdata: no visible global function
     definition for ‘as.formula’
    Formula.translate : get.Interdata: no visible global function
     definition for ‘terms’
    Formula.translate : get.Interdata: no visible global function
     definition for ‘model.matrix’
    Formula.translate : get.polydata: no visible global function definition
     for ‘as.formula’
    Formula.translate : get.polydata: no visible global function definition
     for ‘model.frame’
    Formula.translate : get_categstr: no visible global function definition
     for ‘as.formula’
    Formula.translate : get_categstr: no visible global function definition
     for ‘model.matrix’
    Formula.translate: no visible global function definition for
     ‘terms.formula’
    Formula.translate: no visible global function definition for ‘na.omit’
    Formula.translate.compat: no visible global function definition for
     ‘as.formula’
    Formula.translate.compat: no visible global function definition for
     ‘terms.formula’
    Formula.translate.compat: no visible global function definition for
     ‘na.omit’
    MCSE: no visible global function definition for ‘var’
    MCSE: no visible global function definition for ‘end’
    MCSE: no visible global function definition for ‘start’
    caterpillar: no visible global function definition for ‘plot’
    caterpillar: no visible global function definition for ‘points’
    caterpillar: no visible global function definition for ‘lines’
    caterpillarR : qqmath.ranef.mer : f: no visible global function
     definition for ‘stack’
    caterpillarR: no visible global function definition for ‘na.omit’
    df2matrix: no visible global function definition for ‘na.omit’
    matrix2df: no visible global function definition for ‘is’
    predLines: no visible global function definition for ‘na.omit’
    predLines : <anonymous>: no visible global function definition for
     ‘quantile’
    printIGLS: no visible global function definition for ‘pnorm’
    printIGLS: no visible global function definition for ‘qnorm’
    printMCMC: no visible global function definition for ‘qnorm’
    printMCMC : <anonymous>: no visible global function definition for ‘sd’
    printMCMC: no visible global function definition for ‘pnorm’
    printMCMC: no visible global function definition for ‘quantile’
    prior2macro : get.terms: no visible global function definition for
     ‘as.formula’
    prior2macro : get.terms: no visible global function definition for
     ‘terms’
    prior2macro : get.Idata: no visible global function definition for
     ‘as.formula’
    prior2macro : get.Idata: no visible global function definition for
     ‘terms’
    prior2macro : get.Idata: no visible global function definition for
     ‘model.frame’
    prior2macro : get.polydata: no visible global function definition for
     ‘as.formula’
    prior2macro : get.polydata: no visible global function definition for
     ‘model.frame’
    prior2macro : get_categstr: no visible global function definition for
     ‘as.formula’
    prior2macro : get_categstr: no visible global function definition for
     ‘model.matrix’
    prior2macro: no visible global function definition for ‘as.formula’
    prior2macro: no visible global function definition for ‘terms.formula’
    runMLwiN: no visible global function definition for ‘as.formula’
    runMLwiN: no visible global function definition for ‘get_all_vars’
    runMLwiN: no visible global function definition for ‘read.delim’
    runMLwiN: no visible global function definition for ‘model.frame’
    runMLwiN: no visible global function definition for ‘na.omit’
    runMLwiN: no visible global function definition for ‘is’
    runMLwiN: no visible global function definition for ‘new’
    sixway: no visible global function definition for ‘dev.new’
    sixway: no visible global function definition for ‘par’
    sixway: no visible global function definition for ‘split.screen’
    sixway: no visible global function definition for ‘screen’
    sixway: no visible global function definition for ‘density’
    sixway: no visible global function definition for ‘plot’
    sixway: no visible global function definition for ‘acf’
    sixway: no visible global function definition for ‘pacf’
    sixway: no visible global function definition for ‘var’
    sixway: no visible global function definition for ‘text’
    sixway: no visible global function definition for ‘quantile’
    sixway: no visible global function definition for ‘sd’
    sixway: no visible global function definition for ‘close.screen’
    trajectories: no visible global function definition for ‘window’
    trajectories: no visible global function definition for ‘par’
    trajectories: no visible global function definition for ‘plot’
    trajectories: no visible global function definition for ‘lines’
    trajectories: no visible global function definition for ‘dev.new’
    updateMLwiN : my.update.formula: no visible global function definition
     for ‘as.formula’
    updateMLwiN : my.update.formula: no visible global function definition
     for ‘update.formula’
    updateMLwiN : my.update.formula: no visible global function definition
     for ‘terms.formula’
    updateMLwiN: no visible global function definition for ‘getCall’
    updateMLwiN: no visible global function definition for ‘as.formula’
    [<-,mlwinfitIGLS-ANY-ANY-ANY: no visible global function definition for
     ‘validObject’
    [<-,mlwinfitMCMC-ANY-ANY-ANY: no visible global function definition for
     ‘validObject’
    [[<-,mlwinfitIGLS: no visible global function definition for
     ‘validObject’
    [[<-,mlwinfitMCMC: no visible global function definition for
     ‘validObject’
    df.residual,mlwinfitIGLS: no visible global function definition for
     ‘nobs’
    formula,mlwinfitIGLS: no visible global function definition for
     ‘as.formula’
    formula,mlwinfitMCMC: no visible global function definition for
     ‘as.formula’
    logLik,mlwinfitIGLS: no visible global function definition for ‘nobs’
    predict,mlwinfitIGLS: no visible global function definition for ‘pnorm’
    predict,mlwinfitMCMC: no visible global function definition for ‘pnorm’
    print,mlwinfitIGLS: no visible global function definition for ‘pnorm’
    print,mlwinfitIGLS: no visible global function definition for ‘qnorm’
    print,mlwinfitMCMC: no visible global function definition for ‘qnorm’
    print,mlwinfitMCMC : <anonymous>: no visible global function definition
     for ‘sd’
    print,mlwinfitMCMC: no visible global function definition for ‘pnorm’
    print,mlwinfitMCMC: no visible global function definition for
     ‘quantile’
    update,mlwinfitIGLS : my.update.formula: no visible global function
     definition for ‘as.formula’
    update,mlwinfitIGLS : my.update.formula: no visible global function
     definition for ‘update.formula’
    update,mlwinfitIGLS : my.update.formula: no visible global function
     definition for ‘terms.formula’
    update,mlwinfitIGLS: no visible global function definition for
     ‘getCall’
    update,mlwinfitIGLS: no visible global function definition for
     ‘as.formula’
    update,mlwinfitMCMC : my.update.formula: no visible global function
     definition for ‘as.formula’
    update,mlwinfitMCMC : my.update.formula: no visible global function
     definition for ‘update.formula’
    update,mlwinfitMCMC : my.update.formula: no visible global function
     definition for ‘terms.formula’
    update,mlwinfitMCMC: no visible global function definition for
     ‘getCall’
    update,mlwinfitMCMC: no visible global function definition for
     ‘as.formula’
    Undefined global functions or variables:
     acf as.formula close.screen density dev.new end getCall get_all_vars
     is lines model.frame model.matrix model.offset na.omit new nobs pacf
     par plot pnorm points qnorm quantile read.delim screen sd
     split.screen stack start terms terms.formula text update.formula
     validObject var window
    Consider adding
     importFrom("grDevices", "dev.new")
     importFrom("graphics", "close.screen", "lines", "par", "plot",
     "points", "screen", "split.screen", "text")
     importFrom("methods", "is", "new", "validObject")
     importFrom("stats", "acf", "as.formula", "density", "end", "getCall",
     "get_all_vars", "model.frame", "model.matrix",
     "model.offset", "na.omit", "nobs", "pacf", "pnorm", "qnorm",
     "quantile", "sd", "start", "terms", "terms.formula",
     "update.formula", "var", "window")
     importFrom("utils", "read.delim", "stack")
    to your NAMESPACE (and ensure that your DESCRIPTION Imports field
    contains 'methods').
Flavors: r-devel-linux-x86_64-debian-clang, r-devel-linux-x86_64-debian-gcc, r-devel-windows-ix86+x86_64