CRAN Package Check Results for Package R2MLwiN

Last updated on 2015-01-31 17:49:46.

Flavor Version Tinstall Tcheck Ttotal Status Flags
r-devel-windows-ix86+x86_64 0.2-1 7.00 45.00 52.00 NOTE
r-release-osx-x86_64-mavericks 0.2-1 OK
r-release-osx-x86_64-snowleopard 0.2-1 OK
r-release-windows-ix86+x86_64 0.2-1 6.00 55.00 61.00 NOTE
r-oldrel-windows-ix86+x86_64 0.2-1 6.00 58.00 64.00 OK

Check Details

Version: 0.2-1
Check: dependencies in R code
Result: NOTE
    'library' or 'require' call to 'lme4' in package code.
     Please use :: or requireNamespace() instead.
     See section 'Suggested packages' in the 'Writing R Extensions' manual.
Flavor: r-devel-windows-ix86+x86_64

Version: 0.2-1
Check: R code for possible problems
Result: NOTE
    MCSE: no visible global function definition for 'is.mcmc'
    caterpillarR: no visible global function definition for 'qqmath'
    mlwin2bugs : rbugs2: no visible global function definition for
     'genBugsScript'
    mlwin2bugs : rbugs2: no visible global function definition for
     'getBugsOutput'
    mlwin2bugs: no visible binding for global variable 'rbugs'
    sixway: no visible global function definition for 'is.mcmc'
Flavors: r-devel-windows-ix86+x86_64, r-release-windows-ix86+x86_64