CRAN Package Check Results for Package R2MLwiN

Last updated on 2015-05-28 05:46:59.

Flavor Version Tinstall Tcheck Ttotal Status Flags
r-devel-linux-x86_64-debian-clang 0.8-1 3.96 64.17 68.13 OK
r-devel-linux-x86_64-debian-gcc 0.8-1 4.19 62.16 66.35 OK
r-devel-windows-ix86+x86_64 0.8-1 13.00 88.00 101.00 OK
r-patched-linux-x86_64 0.8-1 3.82 61.97 65.80 OK
r-release-linux-x86_64 0.8-1 5.54 63.78 69.32 OK
r-release-osx-x86_64-mavericks 0.8-1 OK
r-release-osx-x86_64-snowleopard 0.8-1 NOTE
r-release-windows-ix86+x86_64 0.8-1 12.00 90.00 102.00 OK
r-oldrel-windows-ix86+x86_64 0.8-1 15.00 99.00 114.00 OK

Check Details

Version: 0.8-1
Check: package dependencies
Result: NOTE
    Packages suggested but not available for checking: ‘car’ ‘lmtest’
Flavor: r-release-osx-x86_64-snowleopard

Version: 0.8-1
Check: Rd cross-references
Result: NOTE
    Package unavailable to check Rd xrefs: ‘lmtest’
Flavor: r-release-osx-x86_64-snowleopard