CRAN Package Check Results for Package R2MLwiN

Last updated on 2022-09-27 09:53:34 CEST.

Flavor Version Tinstall Tcheck Ttotal Status Flags
r-devel-linux-x86_64-debian-clang 0.8-7 68.05 218.47 286.52 OK
r-devel-linux-x86_64-debian-gcc 0.8-7 55.25 160.44 215.69 OK
r-devel-linux-x86_64-fedora-clang 0.8-7 365.20 NOTE
r-devel-linux-x86_64-fedora-gcc 0.8-7 350.93 OK
r-devel-windows-x86_64 0.8-7 91.00 246.00 337.00 OK
r-patched-linux-x86_64 0.8-7 50.08 202.87 252.95 OK
r-release-linux-x86_64 0.8-7 43.91 202.26 246.17 OK
r-release-macos-arm64 0.8-7 78.00 OK
r-release-macos-x86_64 0.8-7 168.00 OK
r-release-windows-x86_64 0.8-7 96.00 226.00 322.00 OK
r-oldrel-macos-arm64 0.8-7 85.00 OK
r-oldrel-macos-x86_64 0.8-7 132.00 OK
r-oldrel-windows-ix86+x86_64 0.8-7 107.00 225.00 332.00 OK

Check Details

Version: 0.8-7
Check: Rd cross-references
Result: NOTE
    Undeclared package ‘generics’ in Rd xrefs
Flavor: r-devel-linux-x86_64-fedora-clang