CRAN Package Check Results for Package R2MLwiN

Last updated on 2018-01-17 03:49:26 CET.

Flavor Version Tinstall Tcheck Ttotal Status Flags
r-devel-linux-x86_64-debian-clang 0.8-5 6.76 146.69 153.45 OK
r-devel-linux-x86_64-debian-gcc 0.8-5 5.63 108.85 114.48 OK
r-devel-windows-ix86+x86_64 0.8-5 22.00 131.00 153.00 WARN
r-patched-linux-x86_64 0.8-5 5.72 147.87 153.59 OK
r-release-linux-x86_64 0.8-5 6.89 145.40 152.29 OK
r-release-windows-ix86+x86_64 0.8-5 24.00 142.00 166.00 OK
r-release-osx-x86_64 0.8-5 OK
r-oldrel-windows-ix86+x86_64 0.8-5 18.00 182.00 200.00 OK
r-oldrel-osx-x86_64 0.8-5 OK

Check Details

Version: 0.8-5
Check: whether package can be installed
Result: WARN
    Found the following significant warnings:
     Warning: S3 methods 'anova.gam', 'influence.gam', 'cooks.distance.gam', 'formula.gam', 'logLik.gam', 'model.matrix.gam', 'plot.gam', 'plot.jam', 'predict.gam', 'predict.bam', 'predict.jam', 'print.anova.gam', 'print.gam', 'print.jam', 'print.summary.gam', 'residuals.gam', 'summary.gam', 'vcov.gam', 'vcov.jam', 'coef.pdTens', 'pdConstruct.pdTens', 'pdFactor.pdTens', 'pdMatrix.pdTens', 'summary.pdTens', 'Dim.pdIdnot', 'coef.pdIdnot', 'corMatrix.pdIdnot', 'logDet.pdIdnot', 'pdConstruct.pdIdnot', 'pdFactor.pdIdnot', 'pdMatrix.pdIdnot', 'solve.pdIdnot', 'summary.pdIdnot', 'fix.family.link.family', 'fix.family.link.extended.family', 'fix.family.link.general.family', 'smooth.construct.ad.smooth.spec', 'smooth.construct.bs.smooth.spec', 'smooth.construct.cc.smooth.spec', 'smooth.construct.cp.smooth.spec', 'smooth.construct.cr.smooth.spec', 'smooth.construct.cs.smooth.spec', 'smooth.construct.ds.smooth.spec', 'smooth.construct.fs.smooth.spec', 'smooth.construct.mrf.smooth.spec', 'smooth.construct.gp.smo [... truncated]
Flavor: r-devel-windows-ix86+x86_64