CRAN Package Check Results for Package R2OpenBUGS

Last updated on 2015-05-05 11:48:12.

Flavor Version Tinstall Tcheck Ttotal Status Flags
r-devel-linux-x86_64-debian-clang 3.2-3.1 0.94 21.84 22.77 NOTE
r-devel-linux-x86_64-debian-gcc 3.2-3.1 0.92 21.56 22.48 NOTE
r-devel-linux-x86_64-fedora-clang 3.2-3.1 43.65 OK
r-devel-linux-x86_64-fedora-gcc 3.2-3.1 41.21 OK
r-devel-osx-x86_64-clang 3.2-3.1 47.43 OK --no-tests
r-devel-windows-ix86+x86_64 3.2-3.1 4.00 30.00 34.00 OK
r-patched-linux-x86_64 3.2-3.1 0.93 21.01 21.94 NOTE
r-patched-solaris-sparc 3.2-3.1 225.80 OK --no-tests
r-patched-solaris-x86 3.2-3.1 53.00 OK --no-tests
r-release-linux-x86_64 3.2-3.1 0.92 20.92 21.84 NOTE
r-release-osx-x86_64-mavericks 3.2-3.1 NOTE
r-release-osx-x86_64-snowleopard 3.2-3.1 OK
r-release-windows-ix86+x86_64 3.2-3.1 5.00 32.00 37.00 OK
r-oldrel-windows-ix86+x86_64 3.2-3.1 6.00 45.00 51.00 OK

Check Details

Version: 3.2-3.1
Check: R code for possible problems
Result: NOTE
    Found the following calls to attach():
    File ‘R2OpenBUGS/R/attach.all.R’:
     attach(x, name = name)
    See section ‘Good practice’ in ‘?attach’.
Flavors: r-devel-linux-x86_64-debian-clang, r-devel-linux-x86_64-debian-gcc, r-patched-linux-x86_64, r-release-linux-x86_64

Version: 3.2-3.1
Check: re-building of vignette outputs
Result: NOTE
    Error in re-building vignettes:
     ...
    Error in texi2dvi(file = file, pdf = TRUE, clean = clean, quiet = quiet, :
     Running 'texi2dvi' on 'R2OpenBUGS.tex' failed.
    LaTeX errors:
    ! Undefined control sequence.
    l.15 x<9c><ed>\AL
     ^^[W^^S^^^^^L^^FL<8c><97><a7>^^R0N^^V̪nCq<8d><cb>V<88> ^^Q~UT<ad><9a>*<f4><92>S<a2><f6>ƥ<97><f6><94>^^^<a3>ޫ^^...
    The control sequence at the end of the top line
    of your error message was never \def'ed. If you have
    ! Extra }, or forgotten \endgroup.
    l.18 ...Tf<92><95><d4>/<aa>^^@e<e1>p^^X9<ee><ec><ec><8c>D"<99>L<a6><b1><b1><f1><e5><97>_<ce>f<b3>O<9e><<d1>u}}
     }<bd><b9><b9><b9><bf><bf>?<9f><cf>744,,,tww<af><ad><ad>577^...
    I've deleted a group-closing symbol because it seems to be
    spurious, as in `$x}$'. But perhaps the } is legitimate and
    ! Extra }, or forgotten \endgroup.
    l.18 ...f<92><95><d4>/<aa>^^@e<e1>p^^X9<ee><ec><ec><8c>D"<99>L<a6><b1><b1><f1><e5><97>_<ce>f<b3>O<9e><<d1>u}}}
     <bd><b9><b9><b9><bf><bf>?<9f><cf>744,,,tww<af><ad><ad>577^^...
    I've deleted a
    Calls: buildVignettes -> texi2pdf -> texi2dvi
    Execution halted
Flavor: r-release-osx-x86_64-mavericks