CRAN Package Check Results for Package R2OpenBUGS

Last updated on 2015-01-28 19:49:27.

Flavor Version Tinstall Tcheck Ttotal Status Flags
r-devel-linux-x86_64-debian-clang 3.2-2.2 1.08 36.16 37.24 NOTE
r-devel-linux-x86_64-debian-gcc 3.2-2.2 1.02 35.13 36.16 NOTE
r-devel-linux-x86_64-fedora-clang 3.2-2.2 70.10 NOTE
r-devel-linux-x86_64-fedora-gcc 3.2-2.2 65.69 NOTE
r-devel-osx-x86_64-clang 3.2-2.2 51.25 NOTE --no-tests
r-devel-windows-ix86+x86_64 3.2-2.2 6.00 73.00 79.00 NOTE
r-patched-linux-x86_64 3.2-2.2 1.11 36.16 37.27 NOTE
r-patched-solaris-sparc 3.2-2.2 285.60 NOTE --no-tests
r-patched-solaris-x86 3.2-2.2 60.10 NOTE --no-tests
r-release-linux-ix86 3.2-2.2 1.46 45.56 47.02 NOTE
r-release-linux-x86_64 3.2-2.2 1.08 36.60 37.68 NOTE
r-release-osx-x86_64-mavericks 3.2-2.2 ERROR
r-release-windows-ix86+x86_64 3.2-2.2 5.00 74.00 79.00 NOTE
r-oldrel-windows-ix86+x86_64 3.2-2.2 4.00 107.00 111.00 NOTE

Check Details

Version: 3.2-2.2
Check: top-level files
Result: NOTE
    Non-standard file/directory found at top level:
     ‘CreatevalidateOpenBUGS.R’
Flavors: r-devel-linux-x86_64-debian-clang, r-devel-linux-x86_64-debian-gcc, r-devel-linux-x86_64-fedora-clang, r-devel-linux-x86_64-fedora-gcc, r-patched-linux-x86_64, r-release-linux-x86_64

Version: 3.2-2.2
Check: dependencies in R code
Result: NOTE
    ':::' calls which should be '::':
     ‘utils:::packageDescription’ ‘utils:::readRegistry’
     See the note in ?`:::` about the use of this operator.
Flavors: r-devel-linux-x86_64-debian-clang, r-devel-linux-x86_64-debian-gcc, r-devel-linux-x86_64-fedora-clang, r-devel-linux-x86_64-fedora-gcc, r-devel-windows-ix86+x86_64

Version: 3.2-2.2
Check: R code for possible problems
Result: NOTE
    Found the following calls to attach():
    File ‘R2OpenBUGS/R/attach.all.R’:
     attach(x, name = name)
    See section ‘Good practice’ in ‘?attach’.
Flavors: r-devel-linux-x86_64-debian-clang, r-devel-linux-x86_64-debian-gcc, r-patched-linux-x86_64, r-release-linux-x86_64

Version: 3.2-2.2
Flags: --no-tests
Check: dependencies in R code
Result: NOTE
    ':::' calls which should be '::':
     ‘utils:::packageDescription’ ‘utils:::readRegistry’
     See the note in ?`:::` about the use of this operator.
Flavor: r-devel-osx-x86_64-clang

Version: 3.2-2.2
Check: dependencies in R code
Result: NOTE
    ':::' calls which should be '::':
     ‘utils:::packageDescription’ ‘utils:::readRegistry’
     See the note in ?`:::` about the use of this operator.
    See the information on DESCRIPTION files in the chapter ‘Creating R
    packages’ of the ‘Writing R Extensions’ manual.
Flavors: r-patched-linux-x86_64, r-release-linux-ix86, r-release-linux-x86_64, r-release-osx-x86_64-mavericks, r-release-windows-ix86+x86_64, r-oldrel-windows-ix86+x86_64

Version: 3.2-2.2
Flags: --no-tests
Check: dependencies in R code
Result: NOTE
    ':::' calls which should be '::':
     ‘utils:::packageDescription’ ‘utils:::readRegistry’
     See the note in ?`:::` about the use of this operator.
    See the information on DESCRIPTION files in the chapter ‘Creating R
    packages’ of the ‘Writing R Extensions’ manual.
Flavors: r-patched-solaris-sparc, r-patched-solaris-x86

Version: 3.2-2.2
Check: tests
Result: ERROR
    Running the tests in ‘tests/R2OpenBUGS.R’ failed.
    Last 13 lines of output:
    
     R is a collaborative project with many contributors.
     Type 'contributors()' for more information and
     'citation()' on how to cite R or R packages in publications.
    
     Type 'demo()' for some demos, 'help()' for on-line help, or
     'help.start()' for an HTML browser interface to help.
     Type 'q()' to quit R.
    
     > library("R2OpenBUGS")
     > validateInstallOpenBUGS()
     Error in validateInstallOpenBUGS() : Cannot find the OpenBUGS program
     Execution halted
Flavor: r-release-osx-x86_64-mavericks