CRAN Package Check Results for Package R2OpenBUGS

Last updated on 2017-06-22 15:48:49.

Flavor Version Tinstall Tcheck Ttotal Status Flags
r-devel-linux-x86_64-debian-clang 3.2-3.2 1.02 24.72 25.74 NOTE
r-devel-linux-x86_64-debian-gcc 3.2-3.2 1.11 25.44 26.55 NOTE
r-devel-linux-x86_64-fedora-clang 3.2-3.2 43.78 OK
r-devel-linux-x86_64-fedora-gcc 3.2-3.2 41.21 OK
r-devel-windows-ix86+x86_64 3.2-3.2 6.00 48.00 54.00 OK
r-patched-linux-x86_64 3.2-3.2 1.36 24.16 25.52 NOTE
r-patched-solaris-sparc 3.2-3.2 246.40 OK --no-tests
r-patched-solaris-x86 3.2-3.2 51.70 OK --no-tests
r-release-linux-x86_64 3.2-3.2 1.13 24.41 25.54 NOTE
r-release-windows-ix86+x86_64 3.2-3.2 7.00 69.00 76.00 OK
r-release-osx-x86_64 3.2-3.2 WARN
r-oldrel-windows-ix86+x86_64 3.2-3.2 7.00 48.00 55.00 OK
r-oldrel-osx-x86_64 3.2-3.2 WARN

Check Details

Version: 3.2-3.2
Check: R code for possible problems
Result: NOTE
    Found the following calls to attach():
    File ‘R2OpenBUGS/R/attach.all.R’:
     attach(x, name = name)
    See section ‘Good practice’ in ‘?attach’.
Flavors: r-devel-linux-x86_64-debian-clang, r-devel-linux-x86_64-debian-gcc, r-patched-linux-x86_64, r-release-linux-x86_64

Version: 3.2-3.2
Check: re-building of vignette outputs
Result: WARN
    Error in re-building vignettes:
     ...
    Error in texi2dvi(file = file, pdf = TRUE, clean = clean, quiet = quiet, :
     Running 'texi2dvi' on 'R2OpenBUGS.tex' failed.
    LaTeX errors:
    ! LaTeX Error: File `a4wide.sty' not found.
    
    Type X to quit or <RETURN> to proceed,
    or enter new name. (Default extension: sty)
    
    ! Emergency stop.
    <read *>
    
    l.20 \RequirePackage
     [T1]{fontenc}^^M
    ! ==> Fatal error occurred, no output PDF file produced!
    Calls: buildVignettes -> texi2pdf -> texi2dvi
    Execution halted
Flavor: r-release-osx-x86_64

Version: 3.2-3.2
Check: re-building of vignette outputs
Result: WARN
    Error in re-building vignettes:
     ...
    Warning in grepl("(Rerun to get|biblatex.*\\(re\\)run)", readLines(log, :
     input string 231 is invalid in this locale
    Warning in grepl("(Rerun to get|biblatex.*\\(re\\)run)", readLines(log, :
     input string 232 is invalid in this locale
    Warning in grepl("(Rerun to get|biblatex.*\\(re\\)run)", readLines(log, :
     input string 240 is invalid in this locale
    Error in texi2dvi(file = file, pdf = TRUE, clean = clean, quiet = quiet, :
     Running 'texi2dvi' on 'R2OpenBUGS.tex' failed.
    LaTeX errors:
    ! Undefined control sequence.
    l.15 x<9c><ed>\AL
     ^^[W^^S^^^^^L^^FL<8c><97><a7>^^R0N^^V̪nCq<8d><cb>V<88> ^^Q~UT<ad><9a>*<f4><92>S<a2><f6>ƥ<97><f6><94>^^^<a3>ޫ^^...
    The control sequence at the end of the top line
    of your error message was never \def'ed. If you have
    ! Extra }, or forgotten \endgroup.
    l.18 ...Tf<92><95><d4>/<aa>^^@e<e1>p^^X9<ee><ec><ec><8c>D"<99>L<a6><b1><b1><f1><e5><97>_<ce>f<b3>O<9e><<d1>u}}
     }<bd><b9><b9><b9><bf><bf>?<9f><cf>744,,,tww<af><ad><ad>577^...
    I've deleted a group-closing symbol because it seems to be
    spurious, as in `$x}$'. But perhaps the } is legitimate and
    ! Extra }, or forgotten \endgroup.
    l.18 ...f<92><95><d4>/<aa>^^@e<e1>p^^X9<ee><ec><ec><8c>D"<99>L<a6><b1><b1><f1><e5><97>_<ce>f<b3>O<9e><<d1>u}}}
     <bd><b9><b9><b9><bf><bf>?<9f><cf>744,,,tww<af><ad><ad>577^^...
    I've deleted a
    Calls: buildVignettes -> texi2pdf -> texi2dvi
    Execution halted
Flavor: r-oldrel-osx-x86_64