CRAN Package Check Results for Package R2OpenBUGS

Last updated on 2024-03-02 04:48:31 CET.

Flavor Version Tinstall Tcheck Ttotal Status Flags
r-devel-linux-x86_64-debian-clang 3.2-3.2.1 4.56 48.74 53.30 NOTE
r-devel-linux-x86_64-debian-gcc 3.2-3.2.1 3.36 37.68 41.04 NOTE
r-devel-linux-x86_64-fedora-clang 3.2-3.2.1 67.59 NOTE
r-devel-linux-x86_64-fedora-gcc 3.2-3.2.1 80.31 NOTE
r-devel-windows-x86_64 3.2-3.2.1 5.00 78.00 83.00 OK
r-patched-linux-x86_64 3.2-3.2.1 4.39 47.94 52.33 NOTE
r-release-linux-x86_64 3.2-3.2.1 3.84 47.84 51.68 NOTE
r-release-macos-arm64 3.2-3.2.1 31.00 OK
r-release-macos-x86_64 3.2-3.2.1 46.00 OK
r-release-windows-x86_64 3.2-3.2.1 7.00 75.00 82.00 OK
r-oldrel-macos-arm64 3.2-3.2.1 26.00 OK
r-oldrel-windows-x86_64 3.2-3.2.1 6.00 80.00 86.00 OK

Check Details

Version: 3.2-3.2.1
Check: R code for possible problems
Result: NOTE Found the following calls to attach(): File ‘R2OpenBUGS/R/attach.all.R’: attach(x, name = name) See section ‘Good practice’ in ‘?attach’. Flavors: r-devel-linux-x86_64-debian-clang, r-devel-linux-x86_64-debian-gcc, r-patched-linux-x86_64, r-release-linux-x86_64

Version: 3.2-3.2.1
Check: Rd files
Result: NOTE checkRd: (-1) bugs.Rd:158: Lost braces in \itemize; meant \describe ? checkRd: (-1) bugs.Rd:163: Lost braces in \itemize; meant \describe ? checkRd: (-1) bugs.Rd:164: Lost braces in \itemize; meant \describe ? checkRd: (-1) bugs.Rd:166: Lost braces in \itemize; meant \describe ? Flavors: r-devel-linux-x86_64-debian-clang, r-devel-linux-x86_64-debian-gcc, r-devel-linux-x86_64-fedora-clang, r-devel-linux-x86_64-fedora-gcc