CRAN Package Check Results for Package R2OpenBUGS

Last updated on 2018-06-20 07:47:53 CEST.

Flavor Version Tinstall Tcheck Ttotal Status Flags
r-devel-linux-x86_64-debian-clang 3.2-3.2 2.89 36.67 39.56 NOTE
r-devel-linux-x86_64-debian-gcc 3.2-3.2 2.58 28.55 31.13 NOTE
r-devel-linux-x86_64-fedora-clang 3.2-3.2 49.22 OK
r-devel-linux-x86_64-fedora-gcc 3.2-3.2 46.86 OK
r-devel-windows-ix86+x86_64 3.2-3.2 7.00 69.00 76.00 OK
r-patched-linux-x86_64 3.2-3.2 2.42 35.42 37.84 NOTE
r-patched-solaris-x86 3.2-3.2 62.60 OK --no-tests
r-release-linux-x86_64 3.2-3.2 2.90 35.90 38.80 NOTE
r-release-windows-ix86+x86_64 3.2-3.2 5.00 67.00 72.00 OK
r-release-osx-x86_64 3.2-3.2 OK
r-oldrel-windows-ix86+x86_64 3.2-3.2 6.00 47.00 53.00 OK
r-oldrel-osx-x86_64 3.2-3.2 WARN

Check Details

Version: 3.2-3.2
Check: R code for possible problems
Result: NOTE
    Found the following calls to attach():
    File ‘R2OpenBUGS/R/attach.all.R’:
     attach(x, name = name)
    See section ‘Good practice’ in ‘?attach’.
Flavors: r-devel-linux-x86_64-debian-clang, r-devel-linux-x86_64-debian-gcc, r-patched-linux-x86_64, r-release-linux-x86_64

Version: 3.2-3.2
Check: re-building of vignette outputs
Result: WARN
    Error in re-building vignettes:
     ...
    Error in texi2dvi(file = file, pdf = TRUE, clean = clean, quiet = quiet, :
     Running 'texi2dvi' on 'R2OpenBUGS.tex' failed.
    LaTeX errors:
    ! LaTeX Error: File `a4wide.sty' not found.
    
    Type X to quit or <RETURN> to proceed,
    or enter new name. (Default extension: sty)
    
    ! Emergency stop.
    <read *>
    
    l.20 \RequirePackage
     [T1]{fontenc}^^M
    ! ==> Fatal error occurred, no output PDF file produced!
    Calls: buildVignettes -> texi2pdf -> texi2dvi
    Execution halted
Flavor: r-oldrel-osx-x86_64