CRAN Package Check Results for Package R2OpenBUGS

Last updated on 2015-03-05 12:48:09.

Flavor Version Tinstall Tcheck Ttotal Status Flags
r-devel-linux-x86_64-debian-clang 3.2-2.2 1.02 34.97 35.99 NOTE
r-devel-linux-x86_64-debian-gcc 3.2-2.2 0.98 34.58 35.56 NOTE
r-devel-linux-x86_64-fedora-clang 3.2-2.2 66.05 NOTE
r-devel-linux-x86_64-fedora-gcc 3.2-2.2 64.61 NOTE
r-devel-osx-x86_64-clang 3.2-2.2 48.57 NOTE --no-tests
r-devel-windows-ix86+x86_64 3.2-2.2 5.00 75.00 80.00 NOTE
r-patched-linux-x86_64 3.2-2.2 1.09 36.88 37.97 NOTE
r-patched-solaris-sparc 3.2-2.2 302.80 NOTE --no-tests
r-patched-solaris-x86 3.2-2.2 60.20 NOTE --no-tests
r-release-linux-ix86 3.2-2.2 1.44 57.08 58.52 NOTE
r-release-linux-x86_64 3.2-2.2 1.08 38.26 39.34 NOTE
r-release-osx-x86_64-mavericks 3.2-2.2 ERROR
r-release-windows-ix86+x86_64 3.2-2.2 5.00 82.00 87.00 NOTE
r-oldrel-windows-ix86+x86_64 3.2-2.2 5.00 78.00 83.00 NOTE

Check Details

Version: 3.2-2.2
Check: top-level files
Result: NOTE
    Non-standard file/directory found at top level:
     ‘CreatevalidateOpenBUGS.R’
Flavors: r-devel-linux-x86_64-debian-clang, r-devel-linux-x86_64-debian-gcc, r-devel-linux-x86_64-fedora-clang, r-devel-linux-x86_64-fedora-gcc, r-patched-linux-x86_64, r-release-linux-ix86, r-release-linux-x86_64

Version: 3.2-2.2
Check: dependencies in R code
Result: NOTE
    ':::' calls which should be '::':
     ‘utils:::packageDescription’ ‘utils:::readRegistry’
     See the note in ?`:::` about the use of this operator.
Flavors: r-devel-linux-x86_64-debian-clang, r-devel-linux-x86_64-debian-gcc, r-devel-linux-x86_64-fedora-clang, r-devel-linux-x86_64-fedora-gcc, r-devel-windows-ix86+x86_64, r-patched-linux-x86_64

Version: 3.2-2.2
Check: R code for possible problems
Result: NOTE
    Found the following calls to attach():
    File ‘R2OpenBUGS/R/attach.all.R’:
     attach(x, name = name)
    See section ‘Good practice’ in ‘?attach’.
Flavors: r-devel-linux-x86_64-debian-clang, r-devel-linux-x86_64-debian-gcc, r-patched-linux-x86_64, r-release-linux-ix86, r-release-linux-x86_64

Version: 3.2-2.2
Flags: --no-tests
Check: dependencies in R code
Result: NOTE
    ':::' calls which should be '::':
     ‘utils:::packageDescription’ ‘utils:::readRegistry’
     See the note in ?`:::` about the use of this operator.
Flavors: r-devel-osx-x86_64-clang, r-patched-solaris-sparc, r-patched-solaris-x86

Version: 3.2-2.2
Check: dependencies in R code
Result: NOTE
    ':::' calls which should be '::':
     ‘utils:::packageDescription’ ‘utils:::readRegistry’
     See the note in ?`:::` about the use of this operator.
    See the information on DESCRIPTION files in the chapter ‘Creating R
    packages’ of the ‘Writing R Extensions’ manual.
Flavors: r-release-linux-ix86, r-release-linux-x86_64, r-release-osx-x86_64-mavericks, r-release-windows-ix86+x86_64, r-oldrel-windows-ix86+x86_64

Version: 3.2-2.2
Check: tests
Result: ERROR
    Running the tests in ‘tests/R2OpenBUGS.R’ failed.
    Last 13 lines of output:
    
     R is a collaborative project with many contributors.
     Type 'contributors()' for more information and
     'citation()' on how to cite R or R packages in publications.
    
     Type 'demo()' for some demos, 'help()' for on-line help, or
     'help.start()' for an HTML browser interface to help.
     Type 'q()' to quit R.
    
     > library("R2OpenBUGS")
     > validateInstallOpenBUGS()
     Error in validateInstallOpenBUGS() : Cannot find the OpenBUGS program
     Execution halted
Flavor: r-release-osx-x86_64-mavericks