CRAN Package Check Results for Package R2OpenBUGS

Last updated on 2014-04-23 20:47:19.

Flavor Version Tinstall Tcheck Ttotal Status Flags
r-devel-linux-x86_64-debian-clang 3.2-2.2 1.17 17.17 18.34 NOTE --install=fake
r-devel-linux-x86_64-debian-gcc 3.2-2.2 1.15 16.91 18.06 NOTE --install=fake
r-devel-linux-x86_64-fedora-clang 3.2-2.2 73.98 NOTE
r-devel-linux-x86_64-fedora-gcc 3.2-2.2 71.51 NOTE
r-devel-osx-x86_64-clang 3.2-2.2 52.48 NOTE --no-tests
r-devel-osx-x86_64-gcc 3.2-2.2 ERROR
r-devel-windows-ix86+x86_64 3.2-2.2 4.00 68.00 72.00 NOTE
r-patched-linux-x86_64 3.2-2.2 1.18 17.43 18.60 NOTE --install=fake
r-patched-solaris-sparc 3.2-2.2 248.70 NOTE --no-tests
r-patched-solaris-x86 3.2-2.2 58.10 NOTE --no-tests
r-release-linux-ix86 3.2-2.2 2.00 33.00 35.00 NOTE --install=fake
r-release-linux-x86_64 3.2-2.2 1.16 16.93 18.10 NOTE --install=fake
r-release-osx-x86_64-mavericks 3.2-2.2 ERROR
r-release-windows-ix86+x86_64 3.2-2.2 4.00 69.00 73.00 NOTE
r-oldrel-windows-ix86+x86_64 3.2-2.2 4.00 74.00 78.00 NOTE

Check Details

Version: 3.2-2.2
Flags: --install=fake
Check: dependencies in R code
Result: NOTE
    ':::' calls which should be '::':
     ‘utils:::packageDescription’ ‘utils:::readRegistry’
     See the note in ?`:::` about the use of this operator.
    See the information on DESCRIPTION files in the chapter ‘Creating R
    packages’ of the ‘Writing R Extensions’ manual.
Flavors: r-devel-linux-x86_64-debian-clang, r-devel-linux-x86_64-debian-gcc, r-patched-linux-x86_64, r-release-linux-ix86, r-release-linux-x86_64

Version: 3.2-2.2
Check: top-level files
Result: NOTE
    Non-standard file/directory found at top level:
     ‘CreatevalidateOpenBUGS.R’
Flavors: r-devel-linux-x86_64-fedora-clang, r-devel-linux-x86_64-fedora-gcc

Version: 3.2-2.2
Check: dependencies in R code
Result: NOTE
    ':::' calls which should be '::':
     ‘utils:::packageDescription’ ‘utils:::readRegistry’
     See the note in ?`:::` about the use of this operator.
    See the information on DESCRIPTION files in the chapter ‘Creating R
    packages’ of the ‘Writing R Extensions’ manual.
Flavors: r-devel-linux-x86_64-fedora-clang, r-devel-linux-x86_64-fedora-gcc, r-devel-osx-x86_64-gcc, r-devel-windows-ix86+x86_64, r-release-osx-x86_64-mavericks, r-release-windows-ix86+x86_64, r-oldrel-windows-ix86+x86_64

Version: 3.2-2.2
Flags: --no-tests
Check: dependencies in R code
Result: NOTE
    ':::' calls which should be '::':
     ‘utils:::packageDescription’ ‘utils:::readRegistry’
     See the note in ?`:::` about the use of this operator.
    See the information on DESCRIPTION files in the chapter ‘Creating R
    packages’ of the ‘Writing R Extensions’ manual.
Flavors: r-devel-osx-x86_64-clang, r-patched-solaris-sparc, r-patched-solaris-x86

Version: 3.2-2.2
Check: tests
Result: ERROR
    Running the tests in ‘tests/R2OpenBUGS.R’ failed.
    Last 13 lines of output:
    
     R is a collaborative project with many contributors.
     Type 'contributors()' for more information and
     'citation()' on how to cite R or R packages in publications.
    
     Type 'demo()' for some demos, 'help()' for on-line help, or
     'help.start()' for an HTML browser interface to help.
     Type 'q()' to quit R.
    
     > library("R2OpenBUGS")
     > validateInstallOpenBUGS()
     Error in validateInstallOpenBUGS() : Cannot find the OpenBUGS program
     Execution halted
Flavors: r-devel-osx-x86_64-gcc, r-release-osx-x86_64-mavericks