CRAN Package Check Results for Package R2OpenBUGS

Last updated on 2017-02-27 11:48:43.

Flavor Version Tinstall Tcheck Ttotal Status Flags
r-devel-linux-x86_64-debian-clang 3.2-3.2 1.21 23.66 24.86 NOTE
r-devel-linux-x86_64-debian-gcc 3.2-3.2 1.17 24.90 26.08 NOTE
r-devel-linux-x86_64-fedora-clang 3.2-3.2 42.18 OK --no-stop-on-test-error
r-devel-linux-x86_64-fedora-gcc 3.2-3.2 41.40 OK --no-stop-on-test-error
r-devel-macos-x86_64-clang 3.2-3.2 38.08 OK --no-tests --no-stop-on-test-error
r-devel-windows-ix86+x86_64 3.2-3.2 5.00 59.00 64.00 OK
r-patched-linux-x86_64 3.2-3.2 0.95 21.16 22.11 NOTE
r-patched-solaris-sparc 3.2-3.2 229.60 OK --no-tests
r-patched-solaris-x86 3.2-3.2 47.20 OK --no-tests
r-release-linux-x86_64 3.2-3.2 0.97 21.08 22.05 NOTE
r-release-osx-x86_64-mavericks 3.2-3.2 WARN
r-release-windows-ix86+x86_64 3.2-3.2 10.00 45.00 55.00 OK
r-oldrel-windows-ix86+x86_64 3.2-3.2 10.00 96.00 106.00 OK

Check Details

Version: 3.2-3.2
Check: R code for possible problems
Result: NOTE
    Found the following calls to attach():
    File ‘R2OpenBUGS/R/attach.all.R’:
     attach(x, name = name)
    See section ‘Good practice’ in ‘?attach’.
Flavors: r-devel-linux-x86_64-debian-clang, r-devel-linux-x86_64-debian-gcc, r-patched-linux-x86_64, r-release-linux-x86_64

Version: 3.2-3.2
Check: re-building of vignette outputs
Result: WARN
    Error in re-building vignettes:
     ...
    Warning in grepl("(Rerun to get|biblatex.*\\(re\\)run)", readLines(log, :
     input string 231 is invalid in this locale
    Warning in grepl("(Rerun to get|biblatex.*\\(re\\)run)", readLines(log, :
     input string 232 is invalid in this locale
    Warning in grepl("(Rerun to get|biblatex.*\\(re\\)run)", readLines(log, :
     input string 240 is invalid in this locale
    Error in texi2dvi(file = file, pdf = TRUE, clean = clean, quiet = quiet, :
     Running 'texi2dvi' on 'R2OpenBUGS.tex' failed.
    LaTeX errors:
    ! Undefined control sequence.
    l.15 x<9c><ed>\AL
     ^^[W^^S^^^^^L^^FL<8c><97><a7>^^R0N^^V̪nCq<8d><cb>V<88> ^^Q~UT<ad><9a>*<f4><92>S<a2><f6>ƥ<97><f6><94>^^^<a3>ޫ^^...
    The control sequence at the end of the top line
    of your error message was never \def'ed. If you have
    ! Extra }, or forgotten \endgroup.
    l.18 ...Tf<92><95><d4>/<aa>^^@e<e1>p^^X9<ee><ec><ec><8c>D"<99>L<a6><b1><b1><f1><e5><97>_<ce>f<b3>O<9e><<d1>u}}
     }<bd><b9><b9><b9><bf><bf>?<9f><cf>744,,,tww<af><ad><ad>577^...
    I've deleted a group-closing symbol because it seems to be
    spurious, as in `$x}$'. But perhaps the } is legitimate and
    ! Extra }, or forgotten \endgroup.
    l.18 ...f<92><95><d4>/<aa>^^@e<e1>p^^X9<ee><ec><ec><8c>D"<99>L<a6><b1><b1><f1><e5><97>_<ce>f<b3>O<9e><<d1>u}}}
     <bd><b9><b9><b9><bf><bf>?<9f><cf>744,,,tww<af><ad><ad>577^^...
    I've deleted a
    Calls: buildVignettes -> texi2pdf -> texi2dvi
    Execution halted
Flavor: r-release-osx-x86_64-mavericks