CRAN Package Check Results for Package R2STATS

Last updated on 2014-07-25 21:47:58.

Flavor Version Tinstall Tcheck Ttotal Status Flags
r-devel-linux-x86_64-debian-clang 0.68-38 9.80 121.11 130.91 OK
r-devel-linux-x86_64-debian-gcc 0.68-38 9.53 117.81 127.34 OK
r-devel-linux-x86_64-fedora-clang 0.68-38 319.55 OK
r-devel-linux-x86_64-fedora-gcc 0.68-38 302.63 OK
r-devel-osx-x86_64-clang 0.68-38 251.45 OK
r-devel-windows-ix86+x86_64 0.68-38 30.00 178.00 208.00 OK
r-patched-linux-x86_64 0.68-38 9.70 121.18 130.88 OK
r-patched-solaris-sparc 0.68-38 1563.10 OK
r-patched-solaris-x86 0.68-38 416.20 OK
r-release-linux-ix86 0.68-38 11.64 150.38 162.02 OK
r-release-linux-x86_64 0.68-38 12.90 124.62 137.52 OK
r-release-osx-x86_64-mavericks 0.68-38 ERROR
r-release-osx-x86_64-snowleopard 0.68-38 OK
r-release-windows-ix86+x86_64 0.68-38 31.00 187.00 218.00 OK
r-oldrel-windows-ix86+x86_64 0.68-38 29.00 175.00 204.00 OK

Check Details

Version: 0.68-38
Check: package dependencies
Result: ERROR
    Packages required but not available:
     ‘cairoDevice’ ‘gWidgetsRGtk2’ ‘RGtk2Extras’
    
    See the information on DESCRIPTION files in the chapter ‘Creating R
    packages’ of the ‘Writing R Extensions’ manual.
Flavor: r-release-osx-x86_64-mavericks