CRAN Package Check Results for Package R2STATS

Last updated on 2015-05-24 14:47:05.

Flavor Version Tinstall Tcheck Ttotal Status Flags
r-devel-linux-x86_64-debian-clang 0.68-38 9.45 90.62 100.07 OK
r-devel-linux-x86_64-debian-gcc 0.68-38 7.32 89.73 97.06 OK
r-devel-linux-x86_64-fedora-clang 0.68-38 213.21 OK
r-devel-linux-x86_64-fedora-gcc 0.68-38 197.14 OK
r-devel-osx-x86_64-clang 0.68-38 193.51 OK
r-devel-windows-ix86+x86_64 0.68-38 22.00 143.00 165.00 OK
r-patched-linux-x86_64 0.68-38 7.48 89.18 96.66 OK
r-patched-solaris-sparc 0.68-38 1195.60 OK
r-patched-solaris-x86 0.68-38 304.60 OK
r-release-linux-x86_64 0.68-38 7.59 91.98 99.57 OK
r-release-osx-x86_64-mavericks 0.68-38 OK
r-release-osx-x86_64-snowleopard 0.68-38 ERROR
r-release-windows-ix86+x86_64 0.68-38 21.00 144.00 165.00 OK
r-oldrel-windows-ix86+x86_64 0.68-38 32.00 174.00 206.00 OK

Check Details

Version: 0.68-38
Check: package dependencies
Result: ERROR
    Package required but not available: ‘latticeExtra’
    
    See section ‘The DESCRIPTION file’ in the ‘Writing R Extensions’
    manual.
Flavor: r-release-osx-x86_64-snowleopard