CRAN Package Check Results for Package R2STATS

Last updated on 2015-02-01 08:48:29.

Flavor Version Tinstall Tcheck Ttotal Status Flags
r-devel-linux-x86_64-debian-clang 0.68-38 7.44 90.43 97.86 OK
r-devel-linux-x86_64-debian-gcc 0.68-38 7.14 87.60 94.74 OK
r-devel-linux-x86_64-fedora-clang 0.68-38 266.60 OK
r-devel-linux-x86_64-fedora-gcc 0.68-38 199.71 OK
r-devel-osx-x86_64-clang 0.68-38 206.69 OK
r-devel-windows-ix86+x86_64 0.68-38 29.00 133.00 162.00 OK
r-patched-linux-x86_64 0.68-38 9.73 120.22 129.95 OK
r-patched-solaris-sparc 0.68-38 1637.40 OK
r-patched-solaris-x86 0.68-38 416.60 OK
r-release-linux-ix86 0.68-38 11.37 139.83 151.20 OK
r-release-linux-x86_64 0.68-38 9.62 120.81 130.43 OK
r-release-osx-x86_64-mavericks 0.68-38 ERROR
r-release-osx-x86_64-snowleopard 0.68-38 OK
r-release-windows-ix86+x86_64 0.68-38 30.00 180.00 210.00 OK
r-oldrel-windows-ix86+x86_64 0.68-38 33.00 181.00 214.00 OK

Check Details

Version: 0.68-38
Check: package dependencies
Result: ERROR
    Packages required but not available:
     ‘cairoDevice’ ‘gWidgetsRGtk2’ ‘RGtk2Extras’
    
    See the information on DESCRIPTION files in the chapter ‘Creating R
    packages’ of the ‘Writing R Extensions’ manual.
Flavor: r-release-osx-x86_64-mavericks