CRAN Package Check Results for Package R2STATS

Last updated on 2016-09-29 23:47:44.

Flavor Version Tinstall Tcheck Ttotal Status Flags
r-devel-linux-x86_64-debian-clang 0.68-38 6.32 81.85 88.18 OK
r-devel-linux-x86_64-debian-gcc 0.68-38 6.54 82.94 89.47 OK
r-devel-linux-x86_64-fedora-clang 0.68-38 193.98 OK
r-devel-linux-x86_64-fedora-gcc 0.68-38 164.12 OK
r-devel-macos-x86_64-clang 0.68-38 11.89 ERROR
r-devel-windows-ix86+x86_64 0.68-38 27.00 170.00 197.00 OK
r-patched-linux-x86_64 0.68-38 6.68 86.66 93.34 OK
r-patched-solaris-sparc 0.68-38 1013.60 OK
r-patched-solaris-x86 0.68-38 242.80 OK
r-release-linux-x86_64 0.68-38 7.55 89.78 97.33 OK
r-release-osx-x86_64-mavericks 0.68-38 ERROR
r-release-windows-ix86+x86_64 0.68-38 20.00 129.00 149.00 OK
r-oldrel-windows-ix86+x86_64 0.68-38 31.00 192.00 223.00 OK

Check Details

Version: 0.68-38
Check: whether package can be installed
Result: ERROR
    Installation failed.
Flavors: r-devel-macos-x86_64-clang, r-release-osx-x86_64-mavericks