CRAN Package Check Results for Package R2STATS

Last updated on 2018-02-21 01:47:48 CET.

Flavor Version Tinstall Tcheck Ttotal Status Flags
r-devel-linux-x86_64-debian-clang 0.68-38 13.37 133.92 147.29 OK
r-devel-linux-x86_64-debian-gcc 0.68-38 10.57 103.98 114.55 WARN
r-devel-linux-x86_64-fedora-clang 0.68-38 182.28 WARN
r-devel-linux-x86_64-fedora-gcc 0.68-38 185.04 WARN
r-devel-windows-ix86+x86_64 0.68-38 21.00 141.00 162.00 OK
r-patched-linux-x86_64 0.68-38 10.49 161.10 171.59 OK
r-patched-solaris-x86 0.68-38 283.60 OK
r-release-linux-x86_64 0.68-38 9.86 159.75 169.61 OK
r-release-windows-ix86+x86_64 0.68-38 30.00 210.00 240.00 OK
r-release-osx-x86_64 0.68-38 ERROR
r-oldrel-windows-ix86+x86_64 0.68-38 24.00 182.00 206.00 OK
r-oldrel-osx-x86_64 0.68-38 ERROR

Check Details

Version: 0.68-38
Check: whether package can be installed
Result: WARN
    Found the following significant warnings:
     Note: possible error in 'unlist(strsplit(.$removeSpaces(.$ivField)), ': unused argument (fixed = TRUE)
Flavors: r-devel-linux-x86_64-debian-gcc, r-devel-linux-x86_64-fedora-clang, r-devel-linux-x86_64-fedora-gcc

Version: 0.68-38
Check: package dependencies
Result: ERROR
    Packages required but not available:
     ‘cairoDevice’ ‘gWidgetsRGtk2’ ‘RGtk2Extras’
    
    See section ‘The DESCRIPTION file’ in the ‘Writing R Extensions’
    manual.
Flavor: r-release-osx-x86_64

Version: 0.68-38
Check: whether package can be installed
Result: ERROR
    Installation failed.
Flavor: r-oldrel-osx-x86_64