CRAN Package Check Results for Package R2STATS

Last updated on 2016-07-28 10:47:57.

Flavor Version Tinstall Tcheck Ttotal Status Flags
r-devel-linux-x86_64-debian-clang 0.68-38 8.42 102.77 111.18 OK
r-devel-linux-x86_64-debian-gcc 0.68-38 8.41 99.81 108.23 OK
r-devel-linux-x86_64-fedora-clang 0.68-38 183.02 OK
r-devel-linux-x86_64-fedora-gcc 0.68-38 172.39 OK
r-devel-osx-x86_64-clang 0.68-38 12.42 ERROR
r-devel-windows-ix86+x86_64 0.68-38 27.00 147.00 174.00 OK
r-patched-linux-x86_64 0.68-38 8.86 98.76 107.62 OK
r-patched-solaris-sparc 0.68-38 1013.60 OK
r-patched-solaris-x86 0.68-38 245.20 OK
r-release-linux-x86_64 0.68-38 8.34 102.49 110.83 OK
r-release-osx-x86_64-mavericks 0.68-38 ERROR
r-release-windows-ix86+x86_64 0.68-38 25.00 140.00 165.00 OK
r-oldrel-windows-ix86+x86_64 0.68-38 28.00 163.00 191.00 OK

Check Details

Version: 0.68-38
Check: whether package can be installed
Result: ERROR
    Installation failed.
Flavors: r-devel-osx-x86_64-clang, r-release-osx-x86_64-mavericks