CRAN Package Check Results for Package R2STATS

Last updated on 2017-03-23 23:51:02.

Flavor Version Tinstall Tcheck Ttotal Status Flags
r-devel-linux-x86_64-debian-clang 0.68-38 8.38 103.43 111.81 OK
r-devel-linux-x86_64-debian-gcc 0.68-38 8.14 102.17 110.32 OK
r-devel-linux-x86_64-fedora-clang 0.68-38 217.91 OK --no-stop-on-test-error
r-devel-linux-x86_64-fedora-gcc 0.68-38 214.69 OK --no-stop-on-test-error
r-devel-macos-x86_64-clang 0.68-38 14.11 ERROR --no-stop-on-test-error
r-devel-windows-ix86+x86_64 0.68-38 22.00 164.00 186.00 OK
r-patched-linux-x86_64 0.68-38 7.17 89.05 96.22 OK
r-patched-solaris-sparc 0.68-38 1232.30 OK
r-patched-solaris-x86 0.68-38 288.30 OK
r-release-linux-x86_64 0.68-38 6.57 86.54 93.11 OK
r-release-osx-x86_64-mavericks 0.68-38 ERROR
r-release-windows-ix86+x86_64 0.68-38 26.00 133.00 159.00 OK
r-oldrel-windows-ix86+x86_64 0.68-38 29.00 219.00 248.00 OK

Check Details

Version: 0.68-38
Flags: --no-stop-on-test-error
Check: whether package can be installed
Result: ERROR
    Installation failed.
Flavor: r-devel-macos-x86_64-clang

Version: 0.68-38
Check: whether package can be installed
Result: ERROR
    Installation failed.
Flavor: r-release-osx-x86_64-mavericks