CRAN Package Check Results for Package R2STATS

Last updated on 2014-12-18 11:50:13.

Flavor Version Tinstall Tcheck Ttotal Status Flags
r-devel-linux-x86_64-debian-clang 0.68-38 9.91 114.09 124.00 OK
r-devel-linux-x86_64-debian-gcc 0.68-38 8.98 110.60 119.58 OK
r-devel-linux-x86_64-fedora-clang 0.68-38 294.87 OK
r-devel-linux-x86_64-fedora-gcc 0.68-38 274.49 OK
r-devel-osx-x86_64-clang 0.68-38 256.89 OK
r-devel-windows-ix86+x86_64 0.68-38 29.00 169.00 198.00 OK
r-patched-linux-x86_64 0.68-38 9.62 124.16 133.78 OK
r-patched-solaris-sparc 0.68-38 1662.10 OK
r-patched-solaris-x86 0.68-38 419.10 OK
r-release-linux-ix86 0.68-38 11.14 138.92 150.06 OK
r-release-linux-x86_64 0.68-38 9.74 120.57 130.31 OK
r-release-osx-x86_64-mavericks 0.68-38 ERROR
r-release-osx-x86_64-snowleopard 0.68-38 OK
r-release-windows-ix86+x86_64 0.68-38 26.00 177.00 203.00 OK
r-oldrel-windows-ix86+x86_64 0.68-38 29.00 185.00 214.00 OK

Check Details

Version: 0.68-38
Check: package dependencies
Result: ERROR
    Packages required but not available:
     ‘cairoDevice’ ‘gWidgetsRGtk2’ ‘RGtk2Extras’
    
    See the information on DESCRIPTION files in the chapter ‘Creating R
    packages’ of the ‘Writing R Extensions’ manual.
Flavor: r-release-osx-x86_64-mavericks