CRAN Package Check Results for Package R2STATS

Last updated on 2014-10-24 16:46:52.

Flavor Version Tinstall Tcheck Ttotal Status Flags
r-devel-linux-x86_64-debian-clang 0.68-38 8.72 113.40 122.12 OK
r-devel-linux-x86_64-debian-gcc 0.68-38 10.17 113.32 123.49 OK
r-devel-linux-x86_64-fedora-clang 0.68-38 298.01 OK
r-devel-linux-x86_64-fedora-gcc 0.68-38 281.02 OK
r-devel-osx-x86_64-clang 0.68-38 250.04 OK
r-devel-windows-ix86+x86_64 0.68-38 29.00 167.00 196.00 OK
r-patched-linux-x86_64 0.68-38 11.23 121.46 132.69 OK
r-patched-solaris-sparc 0.68-38 1662.10 OK
r-patched-solaris-x86 0.68-38 421.10 OK
r-release-linux-ix86 0.68-38 12.02 151.01 163.03 OK
r-release-linux-x86_64 0.68-38 10.72 125.57 136.29 OK
r-release-osx-x86_64-mavericks 0.68-38 ERROR
r-release-osx-x86_64-snowleopard 0.68-38 OK
r-release-windows-ix86+x86_64 0.68-38 23.00 190.00 213.00 OK
r-oldrel-windows-ix86+x86_64 0.68-38 29.00 174.00 203.00 OK

Check Details

Version: 0.68-38
Check: package dependencies
Result: ERROR
    Packages required but not available:
     ‘cairoDevice’ ‘gWidgetsRGtk2’ ‘RGtk2Extras’
    
    See the information on DESCRIPTION files in the chapter ‘Creating R
    packages’ of the ‘Writing R Extensions’ manual.
Flavor: r-release-osx-x86_64-mavericks