CRAN Package Check Results for Package R2STATS

Last updated on 2017-10-17 19:48:07.

Flavor Version Tinstall Tcheck Ttotal Status Flags
r-devel-linux-x86_64-debian-clang 0.68-38 7.67 99.86 107.53 OK
r-devel-linux-x86_64-debian-gcc 0.68-38 7.68 101.93 109.61 OK
r-devel-linux-x86_64-fedora-clang 0.68-38 219.57 OK
r-devel-linux-x86_64-fedora-gcc 0.68-38 221.53 OK
r-devel-windows-ix86+x86_64 0.68-38 21.00 164.00 185.00 OK
r-patched-linux-x86_64 0.68-38 7.66 103.08 110.74 OK
r-patched-solaris-x86 0.68-38 292.70 OK
r-release-linux-x86_64 0.68-38 8.57 101.18 109.76 OK
r-release-windows-ix86+x86_64 0.68-38 34.00 215.00 249.00 OK
r-release-osx-x86_64 0.68-38 ERROR
r-oldrel-windows-ix86+x86_64 0.68-38 26.00 188.00 214.00 OK
r-oldrel-osx-x86_64 0.68-38 ERROR

Check Details

Version: 0.68-38
Check: package dependencies
Result: ERROR
    Packages required but not available:
     ‘cairoDevice’ ‘gWidgetsRGtk2’ ‘RGtk2Extras’
    
    See section ‘The DESCRIPTION file’ in the ‘Writing R Extensions’
    manual.
Flavor: r-release-osx-x86_64

Version: 0.68-38
Check: whether package can be installed
Result: ERROR
    Installation failed.
Flavor: r-oldrel-osx-x86_64