CRAN Package Check Results for Package R2STATS

Last updated on 2015-03-02 19:52:24.

Flavor Version Tinstall Tcheck Ttotal Status Flags
r-devel-linux-x86_64-debian-clang 0.68-38 8.76 92.88 101.64 OK
r-devel-linux-x86_64-debian-gcc 0.68-38 6.83 90.52 97.35 OK
r-devel-linux-x86_64-fedora-clang 0.68-38 209.55 OK
r-devel-linux-x86_64-fedora-gcc 0.68-38 190.66 OK
r-devel-osx-x86_64-clang 0.68-38 206.17 OK
r-devel-windows-ix86+x86_64 0.68-38 30.00 187.00 217.00 OK
r-patched-linux-x86_64 0.68-38 10.58 123.48 134.06 OK
r-patched-solaris-sparc 0.68-38 1637.40 OK
r-patched-solaris-x86 0.68-38 413.40 OK
r-release-linux-ix86 0.68-38 12.62 140.32 152.94 OK
r-release-linux-x86_64 0.68-38 11.15 126.89 138.04 OK
r-release-osx-x86_64-mavericks 0.68-38 ERROR
r-release-osx-x86_64-snowleopard 0.68-38 OK
r-release-windows-ix86+x86_64 0.68-38 46.00 261.00 307.00 OK
r-oldrel-windows-ix86+x86_64 0.68-38 29.00 186.00 215.00 OK

Check Details

Version: 0.68-38
Check: package dependencies
Result: ERROR
    Packages required but not available:
     ‘cairoDevice’ ‘gWidgetsRGtk2’ ‘RGtk2Extras’
    
    See section ‘The DESCRIPTION file’ in the ‘Writing R Extensions’
    manual.
Flavor: r-release-osx-x86_64-mavericks