CRAN Package Check Results for Package R2STATS

Last updated on 2015-04-26 19:47:27.

Flavor Version Tinstall Tcheck Ttotal Status Flags
r-devel-linux-x86_64-debian-clang 0.68-38 7.77 92.56 100.34 OK
r-devel-linux-x86_64-debian-gcc 0.68-38 6.91 92.28 99.19 OK
r-devel-linux-x86_64-fedora-clang 0.68-38 215.02 OK
r-devel-linux-x86_64-fedora-gcc 0.68-38 202.70 OK
r-devel-osx-x86_64-clang 0.68-38 197.50 OK
r-devel-windows-ix86+x86_64 0.68-38 20.00 136.00 156.00 OK
r-patched-linux-x86_64 0.68-38 7.12 91.26 98.38 OK
r-patched-solaris-sparc 0.68-38 1222.60 OK
r-patched-solaris-x86 0.68-38 300.40 OK
r-release-linux-x86_64 0.68-38 7.74 90.36 98.10 OK
r-release-osx-x86_64-mavericks 0.68-38 ERROR
r-release-osx-x86_64-snowleopard 0.68-38 ERROR
r-release-windows-ix86+x86_64 0.68-38 22.00 143.00 165.00 OK
r-oldrel-windows-ix86+x86_64 0.68-38 28.00 172.00 200.00 OK

Check Details

Version: 0.68-38
Check: package dependencies
Result: ERROR
    Packages required but not available:
     ‘cairoDevice’ ‘gWidgetsRGtk2’ ‘RGtk2Extras’
    
    See section ‘The DESCRIPTION file’ in the ‘Writing R Extensions’
    manual.
Flavor: r-release-osx-x86_64-mavericks

Version: 0.68-38
Check: package dependencies
Result: ERROR
    Package required but not available: ‘latticeExtra’
    
    See section ‘The DESCRIPTION file’ in the ‘Writing R Extensions’
    manual.
Flavor: r-release-osx-x86_64-snowleopard