CRAN Package Check Results for Package R2STATS

Last updated on 2017-02-19 23:48:29.

Flavor Version Tinstall Tcheck Ttotal Status Flags
r-devel-linux-x86_64-debian-clang 0.68-38 8.23 102.11 110.34 OK
r-devel-linux-x86_64-debian-gcc 0.68-38 7.75 102.88 110.63 OK
r-devel-linux-x86_64-fedora-clang 0.68-38 217.47 OK --no-stop-on-test-error
r-devel-linux-x86_64-fedora-gcc 0.68-38 214.75 OK --no-stop-on-test-error
r-devel-macos-x86_64-clang 0.68-38 13.93 ERROR --no-stop-on-test-error
r-devel-windows-ix86+x86_64 0.68-38 33.00 211.00 244.00 OK
r-patched-linux-x86_64 0.68-38 7.25 86.26 93.51 OK
r-patched-solaris-sparc 0.68-38 1034.20 OK
r-patched-solaris-x86 0.68-38 245.80 OK
r-release-linux-x86_64 0.68-38 7.16 85.70 92.86 OK
r-release-osx-x86_64-mavericks 0.68-38 ERROR
r-release-windows-ix86+x86_64 0.68-38 19.00 135.00 154.00 OK
r-oldrel-windows-ix86+x86_64 0.68-38 33.00 202.00 235.00 OK

Check Details

Version: 0.68-38
Flags: --no-stop-on-test-error
Check: whether package can be installed
Result: ERROR
    Installation failed.
Flavor: r-devel-macos-x86_64-clang

Version: 0.68-38
Check: whether package can be installed
Result: ERROR
    Installation failed.
Flavor: r-release-osx-x86_64-mavericks