CRAN Package Check Results for Package R2STATS

Last updated on 2014-11-28 19:51:26.

Flavor Version Tinstall Tcheck Ttotal Status Flags
r-devel-linux-x86_64-debian-clang 0.68-38 8.98 113.30 122.28 OK
r-devel-linux-x86_64-debian-gcc 0.68-38 8.67 111.20 119.88 OK
r-devel-linux-x86_64-fedora-clang 0.68-38 305.03 OK
r-devel-linux-x86_64-fedora-gcc 0.68-38 303.20 OK
r-devel-osx-x86_64-clang 0.68-38 251.52 OK
r-devel-windows-ix86+x86_64 0.68-38 27.00 161.00 188.00 OK
r-patched-linux-x86_64 0.68-38 9.74 121.39 131.13 OK
r-patched-solaris-sparc 0.68-38 1662.10 OK
r-patched-solaris-x86 0.68-38 420.50 OK
r-release-linux-ix86 0.68-38 11.22 139.18 150.40 OK
r-release-linux-x86_64 0.68-38 9.79 125.37 135.16 OK
r-release-osx-x86_64-mavericks 0.68-38 ERROR
r-release-osx-x86_64-snowleopard 0.68-38 OK
r-release-windows-ix86+x86_64 0.68-38 32.00 181.00 213.00 OK
r-oldrel-windows-ix86+x86_64 0.68-38 29.00 173.00 202.00 OK

Check Details

Version: 0.68-38
Check: package dependencies
Result: ERROR
    Packages required but not available:
     ‘cairoDevice’ ‘gWidgetsRGtk2’ ‘RGtk2Extras’
    
    See the information on DESCRIPTION files in the chapter ‘Creating R
    packages’ of the ‘Writing R Extensions’ manual.
Flavor: r-release-osx-x86_64-mavericks