CRAN Package Check Results for Package R2STATS

Last updated on 2014-09-17 21:46:42.

Flavor Version Tinstall Tcheck Ttotal Status Flags
r-devel-linux-x86_64-debian-clang 0.68-38 8.87 112.06 120.93 OK
r-devel-linux-x86_64-debian-gcc 0.68-38 8.84 109.52 118.36 OK
r-devel-linux-x86_64-fedora-clang 0.68-38 296.12 OK
r-devel-linux-x86_64-fedora-gcc 0.68-38 370.23 OK
r-devel-osx-x86_64-clang 0.68-38 235.12 OK
r-devel-windows-ix86+x86_64 0.68-38 27.00 166.00 193.00 OK
r-patched-linux-x86_64 0.68-38 10.03 122.55 132.58 OK
r-patched-solaris-sparc 0.68-38 1662.10 OK
r-patched-solaris-x86 0.68-38 418.90 OK
r-release-linux-ix86 0.68-38 12.05 151.77 163.82 OK
r-release-linux-x86_64 0.68-38 10.02 127.78 137.80 OK
r-release-osx-x86_64-mavericks 0.68-38 ERROR
r-release-osx-x86_64-snowleopard 0.68-38 OK
r-release-windows-ix86+x86_64 0.68-38 27.00 186.00 213.00 OK
r-oldrel-windows-ix86+x86_64 0.68-38 28.00 188.00 216.00 OK

Check Details

Version: 0.68-38
Check: package dependencies
Result: ERROR
    Packages required but not available:
     ‘cairoDevice’ ‘gWidgetsRGtk2’ ‘RGtk2Extras’
    
    See the information on DESCRIPTION files in the chapter ‘Creating R
    packages’ of the ‘Writing R Extensions’ manual.
Flavor: r-release-osx-x86_64-mavericks