CRAN Package Check Results for Package R2STATS

Last updated on 2017-01-23 20:49:03.

Flavor Version Tinstall Tcheck Ttotal Status Flags
r-devel-linux-x86_64-debian-clang 0.68-38 7.81 101.17 108.98 OK
r-devel-linux-x86_64-debian-gcc 0.68-38 7.95 101.30 109.25 OK
r-devel-linux-x86_64-fedora-clang 0.68-38 231.87 OK --no-stop-on-test-error
r-devel-linux-x86_64-fedora-gcc 0.68-38 198.28 OK --no-stop-on-test-error
r-devel-macos-x86_64-clang 0.68-38 12.65 ERROR --no-stop-on-test-error
r-devel-windows-ix86+x86_64 0.68-38 24.00 167.00 191.00 OK
r-patched-linux-x86_64 0.68-38 7.39 85.67 93.06 OK
r-patched-solaris-sparc 0.68-38 1034.20 OK
r-patched-solaris-x86 0.68-38 249.30 OK
r-release-linux-x86_64 0.68-38 7.35 84.79 92.14 OK
r-release-osx-x86_64-mavericks 0.68-38 ERROR
r-release-windows-ix86+x86_64 0.68-38 37.00 186.00 223.00 OK
r-oldrel-windows-ix86+x86_64 0.68-38 39.00 202.00 241.00 OK

Check Details

Version: 0.68-38
Flags: --no-stop-on-test-error
Check: whether package can be installed
Result: ERROR
    Installation failed.
Flavor: r-devel-macos-x86_64-clang

Version: 0.68-38
Check: whether package can be installed
Result: ERROR
    Installation failed.
Flavor: r-release-osx-x86_64-mavericks