CRAN Package Check Results for Package R2STATS

Last updated on 2016-08-29 21:49:17.

Flavor Version Tinstall Tcheck Ttotal Status Flags
r-devel-linux-x86_64-debian-clang 0.68-38 6.77 87.26 94.03 OK
r-devel-linux-x86_64-debian-gcc 0.68-38 7.10 84.09 91.19 OK
r-devel-linux-x86_64-fedora-clang 0.68-38 179.65 OK
r-devel-linux-x86_64-fedora-gcc 0.68-38 169.24 OK
r-devel-osx-x86_64-clang 0.68-38 12.29 ERROR
r-devel-windows-ix86+x86_64 0.68-38 27.00 190.00 217.00 OK
r-patched-linux-x86_64 0.68-38 7.17 88.02 95.18 OK
r-patched-solaris-sparc 0.68-38 1013.60 OK
r-patched-solaris-x86 0.68-38 241.40 OK
r-release-linux-x86_64 0.68-38 7.43 85.13 92.56 WARN
r-release-osx-x86_64-mavericks 0.68-38 ERROR
r-release-windows-ix86+x86_64 0.68-38 19.00 117.00 136.00 OK
r-oldrel-windows-ix86+x86_64 0.68-38 28.00 195.00 223.00 OK

Check Details

Version: 0.68-38
Check: whether package can be installed
Result: ERROR
    Installation failed.
Flavors: r-devel-osx-x86_64-clang, r-release-osx-x86_64-mavericks

Version: 0.68-38
Check: replacement functions
Result: WARN
    
    (R:4251): Gtk-CRITICAL **: IA__gtk_tree_store_set_value: assertion 'VALID_ITER (iter, tree_store)' failed
    The argument of a replacement function which corresponds to the right
    hand side must be named ‘value’.
Flavor: r-release-linux-x86_64