CRAN Package Check Results for Package R2STATS

Last updated on 2014-04-24 07:52:34.

Flavor Version Tinstall Tcheck Ttotal Status Flags
r-devel-linux-x86_64-debian-clang 0.68-38 10.52 131.79 142.31 OK
r-devel-linux-x86_64-debian-gcc 0.68-38 10.48 134.05 144.52 OK
r-devel-linux-x86_64-fedora-clang 0.68-38 328.62 OK
r-devel-linux-x86_64-fedora-gcc 0.68-38 318.47 OK
r-devel-osx-x86_64-clang 0.68-38 167.32 OK
r-devel-osx-x86_64-gcc 0.68-38 ERROR
r-devel-windows-ix86+x86_64 0.68-38 27.00 179.00 206.00 OK
r-patched-linux-x86_64 0.68-35 10.05 126.42 136.48 OK
r-patched-solaris-sparc 0.68-38 1563.10 OK
r-patched-solaris-x86 0.68-38 333.60 OK
r-release-linux-ix86 0.68-35 15.00 191.00 206.00 OK
r-release-linux-x86_64 0.68-38 10.67 133.70 144.37 OK
r-release-osx-x86_64-mavericks 0.68-38 ERROR
r-release-osx-x86_64-snowleopard 0.68-38 OK
r-release-windows-ix86+x86_64 0.68-38 29.00 193.00 222.00 OK
r-oldrel-windows-ix86+x86_64 0.68-38 34.00 284.00 318.00 OK

Check Details

Version: 0.68-38
Check: package dependencies
Result: ERROR
    Package required but not available: ‘latticeExtra’
    
    See the information on DESCRIPTION files in the chapter ‘Creating R
    packages’ of the ‘Writing R Extensions’ manual.
Flavor: r-devel-osx-x86_64-gcc

Version: 0.68-38
Check: package dependencies
Result: ERROR
    Packages required but not available:
     ‘cairoDevice’ ‘gWidgetsRGtk2’ ‘RGtk2Extras’
    
    See the information on DESCRIPTION files in the chapter ‘Creating R
    packages’ of the ‘Writing R Extensions’ manual.
Flavor: r-release-osx-x86_64-mavericks