CRAN Package Check Results for Package R2STATS

Last updated on 2016-02-06 15:51:50.

Flavor Version Tinstall Tcheck Ttotal Status Flags
r-devel-linux-x86_64-debian-gcc 0.68-38 7.29 86.21 93.50 OK
r-devel-linux-x86_64-fedora-clang 0.68-38 185.01 OK
r-devel-linux-x86_64-fedora-gcc 0.68-38 174.69 OK
r-devel-osx-x86_64-clang 0.68-38 16.99 ERROR
r-devel-windows-ix86+x86_64 0.68-38 28.00 146.00 174.00 OK
r-patched-linux-x86_64 0.68-38 7.77 94.67 102.43 OK
r-patched-solaris-sparc 0.68-38 1118.60 OK
r-patched-solaris-x86 0.68-38 257.30 OK
r-release-linux-x86_64 0.68-38 7.71 95.68 103.40 OK
r-release-osx-x86_64-mavericks 0.68-38 OK
r-release-windows-ix86+x86_64 0.68-38 22.00 131.00 153.00 OK
r-oldrel-windows-ix86+x86_64 0.68-38 43.00 233.00 276.00 OK

Check Details

Version: 0.68-38
Check: whether package can be installed
Result: ERROR
    Installation failed.
Flavor: r-devel-osx-x86_64-clang