CRAN Package Check Results for Package R2STATS

Last updated on 2017-08-16 20:48:24.

Flavor Version Tinstall Tcheck Ttotal Status Flags
r-devel-linux-x86_64-debian-clang 0.68-38 8.60 98.41 107.02 OK
r-devel-linux-x86_64-debian-gcc 0.68-38 7.65 96.69 104.34 OK
r-devel-linux-x86_64-fedora-clang 0.68-38 219.96 OK
r-devel-linux-x86_64-fedora-gcc 0.68-38 224.55 OK
r-devel-windows-ix86+x86_64 0.68-38 24.00 167.00 191.00 OK
r-patched-linux-x86_64 0.68-38 8.66 104.84 113.50 OK
r-patched-solaris-x86 0.68-38 287.40 OK
r-release-linux-x86_64 0.68-38 8.05 105.48 113.53 OK
r-release-windows-ix86+x86_64 0.68-38 23.00 215.00 238.00 OK
r-release-osx-x86_64 0.68-38 ERROR
r-oldrel-windows-ix86+x86_64 0.68-38 19.00 134.00 153.00 OK
r-oldrel-osx-x86_64 0.68-38 ERROR

Check Details

Version: 0.68-38
Check: package dependencies
Result: ERROR
    Packages required but not available:
     ‘cairoDevice’ ‘gWidgetsRGtk2’ ‘RGtk2Extras’
    
    See section ‘The DESCRIPTION file’ in the ‘Writing R Extensions’
    manual.
Flavor: r-release-osx-x86_64

Version: 0.68-38
Check: whether package can be installed
Result: ERROR
    Installation failed.
Flavor: r-oldrel-osx-x86_64