CRAN Package Check Results for Package R2STATS

Last updated on 2017-04-28 21:47:32.

Flavor Version Tinstall Tcheck Ttotal Status Flags
r-devel-linux-x86_64-debian-clang 0.68-38 7.59 102.25 109.84 OK
r-devel-linux-x86_64-debian-gcc 0.68-38 8.19 102.82 111.00 OK
r-devel-linux-x86_64-fedora-clang 0.68-38 222.91 OK --no-stop-on-test-error
r-devel-linux-x86_64-fedora-gcc 0.68-38 216.73 OK --no-stop-on-test-error
r-devel-windows-ix86+x86_64 0.68-38 22.00 215.00 237.00 OK
r-patched-linux-x86_64 0.68-38 7.71 103.38 111.09 OK
r-patched-solaris-sparc 0.68-38 1232.30 OK
r-patched-solaris-x86 0.68-38 281.30 OK
r-release-linux-x86_64 0.68-38 7.61 108.82 116.43 OK
r-release-windows-ix86+x86_64 0.68-38 30.00 219.00 249.00 OK
r-release-osx-x86_64 0.68-38 ERROR
r-oldrel-windows-ix86+x86_64 0.68-38 26.00 140.00 166.00 OK
r-oldrel-osx-x86_64 0.68-38 ERROR

Check Details

Version: 0.68-38
Check: package dependencies
Result: ERROR
    Packages required but not available:
     ‘cairoDevice’ ‘gWidgetsRGtk2’ ‘RGtk2Extras’
    
    See section ‘The DESCRIPTION file’ in the ‘Writing R Extensions’
    manual.
Flavor: r-release-osx-x86_64

Version: 0.68-38
Check: whether package can be installed
Result: ERROR
    Installation failed.
Flavor: r-oldrel-osx-x86_64