CRAN Package Check Results for Package R2STATS

Last updated on 2016-12-06 16:50:59.

Flavor Version Tinstall Tcheck Ttotal Status Flags
r-devel-linux-x86_64-debian-clang 0.68-38 7.19 101.32 108.52 OK
r-devel-linux-x86_64-debian-gcc 0.68-38 7.57 101.81 109.39 OK
r-devel-linux-x86_64-fedora-clang 0.68-38 230.53 OK --no-stop-on-test-error
r-devel-linux-x86_64-fedora-gcc 0.68-38 220.33 OK --no-stop-on-test-error
r-devel-macos-x86_64-clang 0.68-38 14.45 ERROR
r-devel-windows-ix86+x86_64 0.68-38 25.00 152.00 177.00 OK
r-patched-linux-x86_64 0.68-38 6.85 84.61 91.46 OK
r-patched-solaris-sparc 0.68-38 1013.60 OK
r-patched-solaris-x86 0.68-38 240.30 OK
r-release-linux-x86_64 0.68-38 6.97 84.50 91.46 OK
r-release-osx-x86_64-mavericks 0.68-38 ERROR
r-release-windows-ix86+x86_64 0.68-38 20.00 130.00 150.00 OK
r-oldrel-windows-ix86+x86_64 0.68-38 28.00 148.00 176.00 OK

Check Details

Version: 0.68-38
Check: whether package can be installed
Result: ERROR
    Installation failed.
Flavors: r-devel-macos-x86_64-clang, r-release-osx-x86_64-mavericks