CRAN Package Check Results for Package R2STATS

Last updated on 2015-09-01 06:48:16.

Flavor Version Tinstall Tcheck Ttotal Status Flags
r-devel-linux-x86_64-debian-clang 0.68-38 6.82 85.94 92.76 OK
r-devel-linux-x86_64-debian-gcc 0.68-38 6.38 85.20 91.58 OK
r-devel-linux-x86_64-fedora-clang 0.68-38 178.01 OK
r-devel-linux-x86_64-fedora-gcc 0.68-38 182.34 OK
r-devel-osx-x86_64-clang 0.68-38 23.18 ERROR
r-devel-windows-ix86+x86_64 0.68-38 27.00 140.00 167.00 OK
r-patched-linux-x86_64 0.68-38 6.94 90.07 97.01 OK
r-patched-solaris-sparc 0.68-38 1196.70 OK
r-patched-solaris-x86 0.68-38 313.70 OK
r-release-linux-x86_64 0.68-38 7.64 93.44 101.08 OK
r-release-osx-x86_64-mavericks 0.68-38 OK
r-release-windows-ix86+x86_64 0.68-38 29.00 140.00 169.00 OK
r-oldrel-windows-ix86+x86_64 0.68-38 44.00 194.00 238.00 OK

Check Details

Version: 0.68-38
Check: whether package can be installed
Result: ERROR
    Installation failed.
Flavor: r-devel-osx-x86_64-clang