CRAN Package Check Results for Package R2STATS

Last updated on 2017-12-14 15:48:43 CET.

Flavor Version Tinstall Tcheck Ttotal Status Flags
r-devel-linux-x86_64-debian-clang 0.68-38 9.26 129.85 139.11 OK
r-devel-linux-x86_64-debian-gcc 0.68-38 9.72 118.59 128.31 OK
r-devel-linux-x86_64-fedora-clang 0.68-38 205.61 OK
r-devel-linux-x86_64-fedora-gcc 0.68-38 200.38 OK
r-devel-windows-ix86+x86_64 0.68-38 48.00 5.00 53.00 ERROR
r-patched-linux-x86_64 0.68-38 10.07 163.29 173.36 OK
r-patched-solaris-x86 0.68-38 284.90 OK
r-release-linux-x86_64 0.68-38 10.42 162.83 173.25 OK
r-release-windows-ix86+x86_64 0.68-38 24.00 4.00 28.00 ERROR
r-release-osx-x86_64 0.68-38 ERROR
r-oldrel-windows-ix86+x86_64 0.68-38 27.00 6.00 33.00 ERROR
r-oldrel-osx-x86_64 0.68-38 ERROR

Check Details

Version: 0.68-38
Check: whether package can be installed
Result: ERROR
    Installation failed.
Flavors: r-devel-windows-ix86+x86_64, r-release-windows-ix86+x86_64, r-oldrel-windows-ix86+x86_64, r-oldrel-osx-x86_64

Version: 0.68-38
Check: package dependencies
Result: ERROR
    Packages required but not available:
     ‘cairoDevice’ ‘gWidgetsRGtk2’ ‘RGtk2Extras’
    
    See section ‘The DESCRIPTION file’ in the ‘Writing R Extensions’
    manual.
Flavor: r-release-osx-x86_64