CRAN Package Check Results for Package R2STATS

Last updated on 2017-06-23 04:47:27.

Flavor Version Tinstall Tcheck Ttotal Status Flags
r-devel-linux-x86_64-debian-clang 0.68-38 9.91 109.37 119.28 OK
r-devel-linux-x86_64-debian-gcc 0.68-38 7.82 104.10 111.92 OK
r-devel-linux-x86_64-fedora-clang 0.68-38 228.01 OK
r-devel-linux-x86_64-fedora-gcc 0.68-38 220.34 OK
r-devel-windows-ix86+x86_64 0.68-38 31.00 211.00 242.00 OK
r-patched-linux-x86_64 0.68-38 8.47 106.24 114.70 OK
r-patched-solaris-sparc 0.68-38 1232.30 OK
r-patched-solaris-x86 0.68-38 287.10 OK
r-release-linux-x86_64 0.68-38 8.63 106.51 115.14 OK
r-release-windows-ix86+x86_64 0.68-38 33.00 253.00 286.00 OK
r-release-osx-x86_64 0.68-38 ERROR
r-oldrel-windows-ix86+x86_64 0.68-38 26.00 145.00 171.00 OK
r-oldrel-osx-x86_64 0.68-38 ERROR

Check Details

Version: 0.68-38
Check: package dependencies
Result: ERROR
    Packages required but not available:
     ‘cairoDevice’ ‘gWidgetsRGtk2’ ‘RGtk2Extras’
    
    See section ‘The DESCRIPTION file’ in the ‘Writing R Extensions’
    manual.
Flavor: r-release-osx-x86_64

Version: 0.68-38
Check: whether package can be installed
Result: ERROR
    Installation failed.
Flavor: r-oldrel-osx-x86_64