CRAN Package Check Results for Package R2STATS

Last updated on 2014-08-28 00:47:09.

Flavor Version Tinstall Tcheck Ttotal Status Flags
r-devel-linux-x86_64-debian-clang 0.68-38 9.24 115.79 125.02 OK
r-devel-linux-x86_64-debian-gcc 0.68-38 8.98 111.19 120.17 OK
r-devel-linux-x86_64-fedora-clang 0.68-38 309.11 OK
r-devel-linux-x86_64-fedora-gcc 0.68-38 289.61 OK
r-devel-osx-x86_64-clang 0.68-38 241.68 OK
r-devel-windows-ix86+x86_64 0.68-38 27.00 174.00 201.00 OK
r-patched-linux-x86_64 0.68-38 10.00 123.19 133.19 OK
r-patched-solaris-sparc 0.68-38 1662.10 OK
r-patched-solaris-x86 0.68-38 416.90 OK
r-release-linux-ix86 0.68-38 11.75 150.71 162.46 OK
r-release-linux-x86_64 0.68-38 10.29 125.20 135.49 OK
r-release-osx-x86_64-mavericks 0.68-38 ERROR
r-release-osx-x86_64-snowleopard 0.68-38 OK
r-release-windows-ix86+x86_64 0.68-38 31.00 189.00 220.00 OK
r-oldrel-windows-ix86+x86_64 0.68-38 30.00 186.00 216.00 OK

Check Details

Version: 0.68-38
Check: package dependencies
Result: ERROR
    Packages required but not available:
     ‘cairoDevice’ ‘gWidgetsRGtk2’ ‘RGtk2Extras’
    
    See the information on DESCRIPTION files in the chapter ‘Creating R
    packages’ of the ‘Writing R Extensions’ manual.
Flavor: r-release-osx-x86_64-mavericks