CRAN Package Check Results for Package R2STATS

Last updated on 2016-05-28 21:47:27.

Flavor Version Tinstall Tcheck Ttotal Status Flags
r-devel-linux-x86_64-debian-gcc 0.68-38 6.84 90.99 97.83 OK
r-devel-linux-x86_64-fedora-clang 0.68-38 177.27 OK
r-devel-linux-x86_64-fedora-gcc 0.68-38 173.40 OK
r-devel-osx-x86_64-clang 0.68-38 17.32 ERROR
r-devel-windows-ix86+x86_64 0.68-38 21.00 153.00 174.00 OK
r-patched-linux-x86_64 0.68-38 7.15 86.83 93.97 OK
r-patched-solaris-sparc 0.68-38 1078.40 OK
r-patched-solaris-x86 0.68-38 250.20 OK
r-release-linux-x86_64 0.68-38 7.02 86.87 93.88 OK
r-release-osx-x86_64-mavericks 0.68-38 ERROR
r-release-windows-ix86+x86_64 0.68-38 28.00 146.00 174.00 OK
r-oldrel-windows-ix86+x86_64 0.68-38 20.00 149.00 169.00 OK

Check Details

Version: 0.68-38
Check: whether package can be installed
Result: ERROR
    Installation failed.
Flavors: r-devel-osx-x86_64-clang, r-release-osx-x86_64-mavericks