CRAN Package Check Results for Package R2STATS

Last updated on 2018-04-21 09:50:12 CEST.

Flavor Version Tinstall Tcheck Ttotal Status Flags
r-devel-osx-x86_64 0.68-38 ERROR
r-release-osx-x86_64 0.68-38 ERROR

Check Details

Version: 0.68-38
Check: package dependencies
Result: ERROR
    Packages required but not available:
     ‘cairoDevice’ ‘gWidgetsRGtk2’ ‘RGtk2Extras’
    
    See section ‘The DESCRIPTION file’ in the ‘Writing R Extensions’
    manual.
Flavors: r-devel-osx-x86_64, r-release-osx-x86_64