CRAN Package Check Results for Package R2STATS

Last updated on 2016-06-25 16:48:00.

Flavor Version Tinstall Tcheck Ttotal Status Flags
r-devel-linux-x86_64-debian-gcc 0.68-38 8.29 91.81 100.11 OK
r-devel-linux-x86_64-fedora-clang 0.68-38 178.19 OK
r-devel-linux-x86_64-fedora-gcc 0.68-38 166.09 OK
r-devel-osx-x86_64-clang 0.68-38 12.27 ERROR
r-devel-windows-ix86+x86_64 0.68-38 25.00 140.00 165.00 OK
r-patched-linux-x86_64 0.68-38 8.07 100.35 108.42 OK
r-patched-solaris-sparc 0.68-38 1013.60 OK
r-patched-solaris-x86 0.68-38 243.70 OK
r-release-linux-x86_64 0.68-38 7.59 93.49 101.09 OK
r-release-osx-x86_64-mavericks 0.68-38 ERROR
r-release-windows-ix86+x86_64 0.68-38 27.00 142.00 169.00 OK
r-oldrel-windows-ix86+x86_64 0.68-38 30.00 155.00 185.00 OK

Check Details

Version: 0.68-38
Check: whether package can be installed
Result: ERROR
    Installation failed.
Flavors: r-devel-osx-x86_64-clang, r-release-osx-x86_64-mavericks